{"id":3356,"date":"2024-11-11T10:15:48","date_gmt":"2024-11-11T15:15:48","guid":{"rendered":"https:\/\/csdc-cecd.ca\/2024-05\/"},"modified":"2025-04-09T11:33:01","modified_gmt":"2025-04-09T15:33:01","slug":"2024-may","status":"publish","type":"page","link":"https:\/\/csdc-cecd.ca\/en\/2024-may\/","title":{"rendered":"2024-May"},"content":{"rendered":"<p>[et_pb_section fb_built=&#8221;1&#8243; _builder_version=&#8221;4.27.3&#8243; _module_preset=&#8221;default&#8221; global_colors_info=&#8221;{}&#8221;][et_pb_row _builder_version=&#8221;4.27.3&#8243; _module_preset=&#8221;default&#8221; global_colors_info=&#8221;{}&#8221;][et_pb_column type=&#8221;4_4&#8243; _builder_version=&#8221;4.27.3&#8243; _module_preset=&#8221;default&#8221; global_colors_info=&#8221;{}&#8221;][et_pb_heading title=&#8221;May 2024&#8243; _builder_version=&#8221;4.27.3&#8243; _module_preset=&#8221;default&#8221; global_colors_info=&#8221;{}&#8221;][\/et_pb_heading][\/et_pb_column][\/et_pb_row][et_pb_row _builder_version=&#8221;4.27.3&#8243; _module_preset=&#8221;default&#8221; global_colors_info=&#8221;{}&#8221;][et_pb_column type=&#8221;4_4&#8243; _builder_version=&#8221;4.27.3&#8243; _module_preset=&#8221;default&#8221; global_colors_info=&#8221;{}&#8221;][et_pb_toggle title=&#8221;Scientific Articles&#8221; _builder_version=&#8221;4.27.4&#8243; _module_preset=&#8221;default&#8221; hover_enabled=&#8221;0&#8243; global_colors_info=&#8221;{}&#8221; sticky_enabled=&#8221;0&#8243;]<\/p>\n<p>Bloemraad, I., A. Harell, N.A.R. Fraser<br \/><a href=\"https:\/\/www.cambridge.org\/core\/journals\/canadian-journal-of-political-science-revue-canadienne-de-science-politique\/article\/categorical-inequalities-and-canadian-attitudes-toward-positive-and-negative-rights\/BE178A56C420D381CE28F71A44C39784\">Categorical Inequalities and Canadian Attitudes toward Positive and Negative Rights<\/a><br \/>Canadian Journal of Political Science, 2024<\/p>\n<p>Foster, B., \u00a0J. Johnson, Z. M. Razeq<br \/><a href=\"https:\/\/www.tandfonline.com\/doi\/full\/10.1080\/14650045.2024.2355208\">\u00a0Territory, Place, Flow, and Scale: Spatial Analysis in the IPE of Trade<\/a><br \/>Geopolitics, 2024<\/p>\n<p>Jones, M., <strong>F. McKelvey<\/strong><br \/><a href=\"https:\/\/link.springer.com\/article\/10.1007\/s00146-024-01952-w\">Deconstructing public participation in the governance of facial recognition technologies in Canada<\/a><br \/>AI &amp; Society, 2024<\/p>\n<p>Rivard, A.B., <strong>M-A. Bodet, J-F. Godbout,<\/strong> \u00c9. Montigny<br \/><a href=\"https:\/\/www.cambridge.org\/core\/journals\/canadian-journal-of-political-science-revue-canadienne-de-science-politique\/article\/comprehensive-dataset-of-four-provincial-legislative-assembly-members\/06D055CB3CE768E6C6917BDDFD29BBE0\">A Comprehensive Dataset of Four Provincial Legislative Assembly Members<\/a><br \/>Canadian Journal of Political Science, 2024<\/p>\n<p>Shayegan, S.O., I. Nejadgholi, K. Pelrine, H. Yu, S. Levy, Z. Yang,<strong> J-F. Godbout,<\/strong> and <strong>R. Rabbany<\/strong><br \/><a href=\"chrome-extension:\/\/efaidnbmnnnibpcajpcglclefindmkaj\/https:\/\/aclanthology.org\/2024.eurali-1.8.pdf\">An Evaluation of Language Models for Hyperpartisan Ideology Detection in Persian Twitter.<\/a><br \/>2nd EURALI Workshop, 2024<\/p>\n<p>[\/et_pb_toggle][et_pb_toggle title=&#8221;Media&#8221; _builder_version=&#8221;4.27.3&#8243; _module_preset=&#8221;default&#8221; global_colors_info=&#8221;{}&#8221;]<\/p>\n<p>Marc-Andr\u00e9 Bodet \u00a0\u2013 iPolitics<span>\u00a0<\/span><span>\u2013\u00a0<\/span><span>2024|05|08<\/span><br \/><a href=\"https:\/\/www.ipolitics.ca\/news\/quebec-politics-in-upheaval-as-pq-jumps-ahead-in-polls-legaults-popularity-drops\">Quebec politics in upheaval as PQ jumps ahead in polls, Legault\u2019s popularity drops<\/a><\/p>\n<p>Emmanuel Choquette \u2013 La Tribune<span>\u00a0<\/span><span>\u2013\u00a0<\/span><span>2024|05|03<\/span><br \/><a href=\"https:\/\/www.latribune.ca\/actualites\/actualites-locales\/sherbrooke\/2024\/05\/03\/quitter-la-chefferie-de-sherbrooke-citoyen-une-bonne-decision-strategique-develyne-beaudin-YPRDSUB3O5DVRLX5AGMJLD3LUI\/\">Quitter la chefferie de Sherbrooke Citoyen, une \u00abbonne d\u00e9cision\u00bb strat\u00e9gique d\u2019\u00c9velyne Beaudin<\/a><\/p>\n<p>[\/et_pb_toggle][\/et_pb_column][\/et_pb_row][et_pb_row _builder_version=&#8221;4.27.3&#8243; _module_preset=&#8221;default&#8221; global_colors_info=&#8221;{}&#8221;][et_pb_column type=&#8221;4_4&#8243; _builder_version=&#8221;4.27.3&#8243; _module_preset=&#8221;default&#8221; global_colors_info=&#8221;{}&#8221;][et_pb_button button_url=&#8221;@ET-DC@eyJkeW5hbWljIjp0cnVlLCJjb250ZW50IjoicG9zdF9saW5rX3VybF9wYWdlIiwic2V0dGluZ3MiOnsicG9zdF9pZCI6IjMzMjIifX0=@&#8221; button_text=&#8221;Back&#8221; button_alignment=&#8221;center&#8221; _builder_version=&#8221;4.27.3&#8243; _dynamic_attributes=&#8221;button_url&#8221; _module_preset=&#8221;default&#8221; global_colors_info=&#8221;{}&#8221;][\/et_pb_button][\/et_pb_column][\/et_pb_row][\/et_pb_section]<\/p>\n","protected":false},"excerpt":{"rendered":"<p>Bloemraad, I., A. Harell, N.A.R. FraserCategorical Inequalities and Canadian Attitudes toward Positive and Negative RightsCanadian Journal of Political Science, 2024 Foster, B., \u00a0J. Johnson, Z. M. Razeq\u00a0Territory, Place, Flow, and Scale: Spatial Analysis in the IPE of TradeGeopolitics, 2024 Jones, M., F. McKelveyDeconstructing public participation in the governance of facial recognition technologies in CanadaAI &amp; [&hellip;]<\/p>\n","protected":false},"author":1,"featured_media":0,"parent":0,"menu_order":0,"comment_status":"closed","ping_status":"closed","template":"","meta":{"_et_pb_use_builder":"on","_et_pb_old_content":"","_et_gb_content_width":"","footnotes":""},"class_list":["post-3356","page","type-page","status-publish","hentry"],"yoast_head":"<!-- This site is optimized with the Yoast SEO plugin v27.4 - https:\/\/yoast.com\/product\/yoast-seo-wordpress\/ -->\n<title>2024-May - CECD - Centre pour l&#039;\u00e9tude de la citoyennet\u00e9 d\u00e9mocratique<\/title>\n<meta name=\"robots\" content=\"index, follow, max-snippet:-1, max-image-preview:large, max-video-preview:-1\" \/>\n<link rel=\"canonical\" href=\"https:\/\/csdc-cecd.ca\/2024-mai\/\" \/>\n<meta property=\"og:locale\" content=\"en_US\" \/>\n<meta property=\"og:type\" content=\"article\" \/>\n<meta property=\"og:title\" content=\"2024-May - CECD - Centre pour l&#039;\u00e9tude de la citoyennet\u00e9 d\u00e9mocratique\" \/>\n<meta property=\"og:description\" content=\"Bloemraad, I., A. Harell, N.A.R. FraserCategorical Inequalities and Canadian Attitudes toward Positive and Negative RightsCanadian Journal of Political Science, 2024 Foster, B., \u00a0J. Johnson, Z. M. Razeq\u00a0Territory, Place, Flow, and Scale: Spatial Analysis in the IPE of TradeGeopolitics, 2024 Jones, M., F. McKelveyDeconstructing public participation in the governance of facial recognition technologies in CanadaAI &amp; [&hellip;]\" \/>\n<meta property=\"og:url\" content=\"https:\/\/csdc-cecd.ca\/2024-mai\/\" \/>\n<meta property=\"og:site_name\" content=\"CECD - Centre pour l&#039;\u00e9tude de la citoyennet\u00e9 d\u00e9mocratique\" \/>\n<meta property=\"article:modified_time\" content=\"2025-04-09T15:33:01+00:00\" \/>\n<meta name=\"twitter:card\" content=\"summary_large_image\" \/>\n<meta name=\"twitter:label1\" content=\"Est. reading time\" \/>\n\t<meta name=\"twitter:data1\" content=\"1 minute\" \/>\n<script type=\"application\/ld+json\" class=\"yoast-schema-graph\">{\"@context\":\"https:\\\/\\\/schema.org\",\"@graph\":[{\"@type\":\"WebPage\",\"@id\":\"https:\\\/\\\/csdc-cecd.ca\\\/2024-mai\\\/\",\"url\":\"https:\\\/\\\/csdc-cecd.ca\\\/2024-mai\\\/\",\"name\":\"2024-May - CECD - Centre pour l&#039;\u00e9tude de la citoyennet\u00e9 d\u00e9mocratique\",\"isPartOf\":{\"@id\":\"https:\\\/\\\/csdc-cecd.ca\\\/#website\"},\"datePublished\":\"2024-11-11T15:15:48+00:00\",\"dateModified\":\"2025-04-09T15:33:01+00:00\",\"breadcrumb\":{\"@id\":\"https:\\\/\\\/csdc-cecd.ca\\\/2024-mai\\\/#breadcrumb\"},\"inLanguage\":\"en-US\",\"potentialAction\":[{\"@type\":\"ReadAction\",\"target\":[\"https:\\\/\\\/csdc-cecd.ca\\\/2024-mai\\\/\"]}]},{\"@type\":\"BreadcrumbList\",\"@id\":\"https:\\\/\\\/csdc-cecd.ca\\\/2024-mai\\\/#breadcrumb\",\"itemListElement\":[{\"@type\":\"ListItem\",\"position\":1,\"name\":\"Accueil\",\"item\":\"https:\\\/\\\/csdc-cecd.ca\\\/en\\\/\"},{\"@type\":\"ListItem\",\"position\":2,\"name\":\"2024-May\"}]},{\"@type\":\"WebSite\",\"@id\":\"https:\\\/\\\/csdc-cecd.ca\\\/#website\",\"url\":\"https:\\\/\\\/csdc-cecd.ca\\\/\",\"name\":\"CECD - Centre pour l&#039;\u00e9tude de la citoyennet\u00e9 d\u00e9mocratique\",\"description\":\"\",\"potentialAction\":[{\"@type\":\"SearchAction\",\"target\":{\"@type\":\"EntryPoint\",\"urlTemplate\":\"https:\\\/\\\/csdc-cecd.ca\\\/?s={search_term_string}\"},\"query-input\":{\"@type\":\"PropertyValueSpecification\",\"valueRequired\":true,\"valueName\":\"search_term_string\"}}],\"inLanguage\":\"en-US\"}]}<\/script>\n<!-- \/ Yoast SEO plugin. -->","yoast_head_json":{"title":"2024-May - CECD - Centre pour l&#039;\u00e9tude de la citoyennet\u00e9 d\u00e9mocratique","robots":{"index":"index","follow":"follow","max-snippet":"max-snippet:-1","max-image-preview":"max-image-preview:large","max-video-preview":"max-video-preview:-1"},"canonical":"https:\/\/csdc-cecd.ca\/2024-mai\/","og_locale":"en_US","og_type":"article","og_title":"2024-May - CECD - Centre pour l&#039;\u00e9tude de la citoyennet\u00e9 d\u00e9mocratique","og_description":"Bloemraad, I., A. Harell, N.A.R. FraserCategorical Inequalities and Canadian Attitudes toward Positive and Negative RightsCanadian Journal of Political Science, 2024 Foster, B., \u00a0J. Johnson, Z. M. Razeq\u00a0Territory, Place, Flow, and Scale: Spatial Analysis in the IPE of TradeGeopolitics, 2024 Jones, M., F. McKelveyDeconstructing public participation in the governance of facial recognition technologies in CanadaAI &amp; [&hellip;]","og_url":"https:\/\/csdc-cecd.ca\/2024-mai\/","og_site_name":"CECD - Centre pour l&#039;\u00e9tude de la citoyennet\u00e9 d\u00e9mocratique","article_modified_time":"2025-04-09T15:33:01+00:00","twitter_card":"summary_large_image","twitter_misc":{"Est. reading time":"1 minute"},"schema":{"@context":"https:\/\/schema.org","@graph":[{"@type":"WebPage","@id":"https:\/\/csdc-cecd.ca\/2024-mai\/","url":"https:\/\/csdc-cecd.ca\/2024-mai\/","name":"2024-May - CECD - Centre pour l&#039;\u00e9tude de la citoyennet\u00e9 d\u00e9mocratique","isPartOf":{"@id":"https:\/\/csdc-cecd.ca\/#website"},"datePublished":"2024-11-11T15:15:48+00:00","dateModified":"2025-04-09T15:33:01+00:00","breadcrumb":{"@id":"https:\/\/csdc-cecd.ca\/2024-mai\/#breadcrumb"},"inLanguage":"en-US","potentialAction":[{"@type":"ReadAction","target":["https:\/\/csdc-cecd.ca\/2024-mai\/"]}]},{"@type":"BreadcrumbList","@id":"https:\/\/csdc-cecd.ca\/2024-mai\/#breadcrumb","itemListElement":[{"@type":"ListItem","position":1,"name":"Accueil","item":"https:\/\/csdc-cecd.ca\/en\/"},{"@type":"ListItem","position":2,"name":"2024-May"}]},{"@type":"WebSite","@id":"https:\/\/csdc-cecd.ca\/#website","url":"https:\/\/csdc-cecd.ca\/","name":"CECD - Centre pour l&#039;\u00e9tude de la citoyennet\u00e9 d\u00e9mocratique","description":"","potentialAction":[{"@type":"SearchAction","target":{"@type":"EntryPoint","urlTemplate":"https:\/\/csdc-cecd.ca\/?s={search_term_string}"},"query-input":{"@type":"PropertyValueSpecification","valueRequired":true,"valueName":"search_term_string"}}],"inLanguage":"en-US"}]}},"_links":{"self":[{"href":"https:\/\/csdc-cecd.ca\/en\/wp-json\/wp\/v2\/pages\/3356","targetHints":{"allow":["GET"]}}],"collection":[{"href":"https:\/\/csdc-cecd.ca\/en\/wp-json\/wp\/v2\/pages"}],"about":[{"href":"https:\/\/csdc-cecd.ca\/en\/wp-json\/wp\/v2\/types\/page"}],"author":[{"embeddable":true,"href":"https:\/\/csdc-cecd.ca\/en\/wp-json\/wp\/v2\/users\/1"}],"replies":[{"embeddable":true,"href":"https:\/\/csdc-cecd.ca\/en\/wp-json\/wp\/v2\/comments?post=3356"}],"version-history":[{"count":11,"href":"https:\/\/csdc-cecd.ca\/en\/wp-json\/wp\/v2\/pages\/3356\/revisions"}],"predecessor-version":[{"id":4781,"href":"https:\/\/csdc-cecd.ca\/en\/wp-json\/wp\/v2\/pages\/3356\/revisions\/4781"}],"wp:attachment":[{"href":"https:\/\/csdc-cecd.ca\/en\/wp-json\/wp\/v2\/media?parent=3356"}],"curies":[{"name":"wp","href":"https:\/\/api.w.org\/{rel}","templated":true}]}}

<p>[et_pb_section fb_built=&#8221;1&#8243; _builder_version=&#8221;4.27.3&#8243; _module_preset=&#8221;default&#8221; global_colors_info=&#8221;{}&#8221;][et_pb_row _builder_version=&#8221;4.27.3&#8243; _module_preset=&#8221;default&#8221; global_colors_info=&#8221;{}&#8221;][et_pb_column type=&#8221;4_4&#8243; _builder_version=&#8221;4.27.3&#8243; _module_preset=&#8221;default&#8221; global_colors_info=&#8221;{}&#8221;][et_pb_heading title=&#8221;May 2024&#8243; _builder_version=&#8221;4.27.3&#8243; _module_preset=&#8221;default&#8221; global_colors_info=&#8221;{}&#8221;][/et_pb_heading][/et_pb_column][/et_pb_row][et_pb_row _builder_version=&#8221;4.27.3&#8243; _module_preset=&#8221;default&#8221; global_colors_info=&#8221;{}&#8221;][et_pb_column type=&#8221;4_4&#8243; _builder_version=&#8221;4.27.3&#8243; _module_preset=&#8221;default&#8221; global_colors_info=&#8221;{}&#8221;][et_pb_toggle title=&#8221;Scientific Articles&#8221; _builder_version=&#8221;4.27.4&#8243; _module_preset=&#8221;default&#8221; hover_enabled=&#8221;0&#8243; global_colors_info=&#8221;{}&#8221; sticky_enabled=&#8221;0&#8243;]</p>
<p>Bloemraad, I., A. Harell, N.A.R. Fraser<br /><a href="https://www.cambridge.org/core/journals/canadian-journal-of-political-science-revue-canadienne-de-science-politique/article/categorical-inequalities-and-canadian-attitudes-toward-positive-and-negative-rights/BE178A56C420D381CE28F71A44C39784">Categorical Inequalities and Canadian Attitudes toward Positive and Negative Rights</a><br />Canadian Journal of Political Science, 2024</p>
<p>Foster, B.,  J. Johnson, Z. M. Razeq<br /><a href="https://www.tandfonline.com/doi/full/10.1080/14650045.2024.2355208"> Territory, Place, Flow, and Scale: Spatial Analysis in the IPE of Trade</a><br />Geopolitics, 2024</p>
<p>Jones, M., <strong>F. McKelvey</strong><br /><a href="https://link.springer.com/article/10.1007/s00146-024-01952-w">Deconstructing public participation in the governance of facial recognition technologies in Canada</a><br />AI &amp; Society, 2024</p>
<p>Rivard, A.B., <strong>M-A. Bodet, J-F. Godbout,</strong> É. Montigny<br /><a href="https://www.cambridge.org/core/journals/canadian-journal-of-political-science-revue-canadienne-de-science-politique/article/comprehensive-dataset-of-four-provincial-legislative-assembly-members/06D055CB3CE768E6C6917BDDFD29BBE0">A Comprehensive Dataset of Four Provincial Legislative Assembly Members</a><br />Canadian Journal of Political Science, 2024</p>
<p>Shayegan, S.O., I. Nejadgholi, K. Pelrine, H. Yu, S. Levy, Z. Yang,<strong> J-F. Godbout,</strong> and <strong>R. Rabbany</strong><br /><a href="chrome-extension://efaidnbmnnnibpcajpcglclefindmkaj/https://aclanthology.org/2024.eurali-1.8.pdf">An Evaluation of Language Models for Hyperpartisan Ideology Detection in Persian Twitter.</a><br />2nd EURALI Workshop, 2024</p>
<p>[/et_pb_toggle][et_pb_toggle title=&#8221;Media&#8221; _builder_version=&#8221;4.27.3&#8243; _module_preset=&#8221;default&#8221; global_colors_info=&#8221;{}&#8221;]</p>
<p>Marc-André Bodet  – iPolitics<span> </span><span>– </span><span>2024|05|08</span><br /><a href="https://www.ipolitics.ca/news/quebec-politics-in-upheaval-as-pq-jumps-ahead-in-polls-legaults-popularity-drops">Quebec politics in upheaval as PQ jumps ahead in polls, Legault’s popularity drops</a></p>
<p>Emmanuel Choquette – La Tribune<span> </span><span>– </span><span>2024|05|03</span><br /><a href="https://www.latribune.ca/actualites/actualites-locales/sherbrooke/2024/05/03/quitter-la-chefferie-de-sherbrooke-citoyen-une-bonne-decision-strategique-develyne-beaudin-YPRDSUB3O5DVRLX5AGMJLD3LUI/">Quitter la chefferie de Sherbrooke Citoyen, une «bonne décision» stratégique d’Évelyne Beaudin</a></p>
<p>[/et_pb_toggle][/et_pb_column][/et_pb_row][et_pb_row _builder_version=&#8221;4.27.3&#8243; _module_preset=&#8221;default&#8221; global_colors_info=&#8221;{}&#8221;][et_pb_column type=&#8221;4_4&#8243; _builder_version=&#8221;4.27.3&#8243; _module_preset=&#8221;default&#8221; global_colors_info=&#8221;{}&#8221;][et_pb_button button_url=&#8221;@ET-DC@eyJkeW5hbWljIjp0cnVlLCJjb250ZW50IjoicG9zdF9saW5rX3VybF9wYWdlIiwic2V0dGluZ3MiOnsicG9zdF9pZCI6IjMzMjIifX0=@&#8221; button_text=&#8221;Back&#8221; button_alignment=&#8221;center&#8221; _builder_version=&#8221;4.27.3&#8243; _dynamic_attributes=&#8221;button_url&#8221; _module_preset=&#8221;default&#8221; global_colors_info=&#8221;{}&#8221;][/et_pb_button][/et_pb_column][/et_pb_row][/et_pb_section]</p>

<!-- This site is optimized with the Yoast SEO plugin v27.4 - https://yoast.com/product/yoast-seo-wordpress/ -->
<title>2024-May - CECD - Centre pour l&#039;étude de la citoyenneté démocratique</title>
<meta name="robots" content="index, follow, max-snippet:-1, max-image-preview:large, max-video-preview:-1" />
<link rel="canonical" href="https://csdc-cecd.ca/2024-mai/" />
<meta property="og:locale" content="en_US" />
<meta property="og:type" content="article" />
<meta property="og:title" content="2024-May - CECD - Centre pour l&#039;étude de la citoyenneté démocratique" />
<meta property="og:description" content="Bloemraad, I., A. Harell, N.A.R. FraserCategorical Inequalities and Canadian Attitudes toward Positive and Negative RightsCanadian Journal of Political Science, 2024 Foster, B.,  J. Johnson, Z. M. Razeq Territory, Place, Flow, and Scale: Spatial Analysis in the IPE of TradeGeopolitics, 2024 Jones, M., F. McKelveyDeconstructing public participation in the governance of facial recognition technologies in CanadaAI &amp; [&hellip;]" />
<meta property="og:url" content="https://csdc-cecd.ca/2024-mai/" />
<meta property="og:site_name" content="CECD - Centre pour l&#039;étude de la citoyenneté démocratique" />
<meta property="article:modified_time" content="2025-04-09T15:33:01+00:00" />
<meta name="twitter:card" content="summary_large_image" />
<meta name="twitter:label1" content="Est. reading time" />
	<meta name="twitter:data1" content="1 minute" />
<script type="application/ld+json" class="yoast-schema-graph">{"@context":"https:\/\/schema.org","@graph":[{"@type":"WebPage","@id":"https:\/\/csdc-cecd.ca\/2024-mai\/","url":"https:\/\/csdc-cecd.ca\/2024-mai\/","name":"2024-May - CECD - Centre pour l&#039;étude de la citoyenneté démocratique","isPartOf":{"@id":"https:\/\/csdc-cecd.ca\/#website"},"datePublished":"2024-11-11T15:15:48+00:00","dateModified":"2025-04-09T15:33:01+00:00","breadcrumb":{"@id":"https:\/\/csdc-cecd.ca\/2024-mai\/#breadcrumb"},"inLanguage":"en-US","potentialAction":[{"@type":"ReadAction","target":["https:\/\/csdc-cecd.ca\/2024-mai\/"]}]},{"@type":"BreadcrumbList","@id":"https:\/\/csdc-cecd.ca\/2024-mai\/#breadcrumb","itemListElement":[{"@type":"ListItem","position":1,"name":"Accueil","item":"https:\/\/csdc-cecd.ca\/en\/"},{"@type":"ListItem","position":2,"name":"2024-May"}]},{"@type":"WebSite","@id":"https:\/\/csdc-cecd.ca\/#website","url":"https:\/\/csdc-cecd.ca\/","name":"CECD - Centre pour l&#039;étude de la citoyenneté démocratique","description":"","potentialAction":[{"@type":"SearchAction","target":{"@type":"EntryPoint","urlTemplate":"https:\/\/csdc-cecd.ca\/?s={search_term_string}"},"query-input":{"@type":"PropertyValueSpecification","valueRequired":true,"valueName":"search_term_string"}}],"inLanguage":"en-US"}]}</script>
<!-- / Yoast SEO plugin. -->

2024-May - CECD - Centre pour l&#039;étude de la citoyenneté démocratique

CECD - Centre pour l&#039;étude de la citoyenneté démocratique
