{"id":3570,"date":"2024-11-12T11:49:49","date_gmt":"2024-11-12T16:49:49","guid":{"rendered":"https:\/\/csdc-cecd.ca\/?page_id=3570"},"modified":"2025-04-08T09:53:21","modified_gmt":"2025-04-08T13:53:21","slug":"2023-june","status":"publish","type":"page","link":"https:\/\/csdc-cecd.ca\/en\/2023-june\/","title":{"rendered":"2023 &#8211; June"},"content":{"rendered":"<p>[et_pb_section fb_built=&#8221;1&#8243; theme_builder_area=&#8221;post_content&#8221; _builder_version=&#8221;4.27.4&#8243; _module_preset=&#8221;default&#8221;][et_pb_row _builder_version=&#8221;4.27.4&#8243; _module_preset=&#8221;default&#8221; theme_builder_area=&#8221;post_content&#8221;][et_pb_column _builder_version=&#8221;4.27.4&#8243; _module_preset=&#8221;default&#8221; type=&#8221;4_4&#8243; theme_builder_area=&#8221;post_content&#8221;][et_pb_heading title=&#8221;2023 &#8211; Jun.&#8221; _builder_version=&#8221;4.27.4&#8243; _module_preset=&#8221;default&#8221; theme_builder_area=&#8221;post_content&#8221; hover_enabled=&#8221;0&#8243; sticky_enabled=&#8221;0&#8243;][\/et_pb_heading][\/et_pb_column][\/et_pb_row][et_pb_row _builder_version=&#8221;4.27.4&#8243; _module_preset=&#8221;default&#8221; theme_builder_area=&#8221;post_content&#8221;][et_pb_column _builder_version=&#8221;4.27.4&#8243; _module_preset=&#8221;default&#8221; type=&#8221;4_4&#8243; theme_builder_area=&#8221;post_content&#8221;][et_pb_toggle title=&#8221;Media&#8221; _builder_version=&#8221;4.27.4&#8243; _module_preset=&#8221;default&#8221; theme_builder_area=&#8221;post_content&#8221; hover_enabled=&#8221;0&#8243; sticky_enabled=&#8221;0&#8243;]<\/p>\n<p>Colette Brin \u2013 La Presse<span>\u00a0<\/span><span>\u2013\u00a0<\/span><span>2023|06|29<\/span><br \/><a href=\"https:\/\/www.lapresse.ca\/affaires\/medias\/2023-06-29\/loi-sur-les-nouvelles-en-ligne\/la-riposte-des-geants-numeriques-pourrait-faire-mal.php\">Loi sur les nouvelles en ligne | La riposte des g\u00e9ants num\u00e9riques pourrait faire mal<\/a><\/p>\n<p>Roxane de la Sablonni\u00e8re \u2013 Le Devoir<span>\u00a0<\/span><span>\u2013\u00a0<\/span><span>2023|06|23<\/span><br \/><a href=\"https:\/\/www.ledevoir.com\/societe\/793503\/l-identite-collective-somme-de-nos-appartenances-individuelles\">L\u2019identit\u00e9 collective, somme de nos appartenances individuelles<\/a><\/p>\n<p>Colette Brin \u2013 La Presse<span>\u00a0<\/span><span>\u2013\u00a0<\/span><span>2023|06|23<\/span><br \/><a href=\"https:\/\/www.lapresse.ca\/actualites\/2023-06-23\/reponse-de-meta-au-projet-de-loi-c-18\/quel-impact-pour-les-utilisateurs.php\">R\u00e9ponse de Meta au projet de loi C-18 | Quel impact pour les utilisateurs ?<\/a><\/p>\n<p>Colette Brin \u2013 The Conversation<span>\u00a0<\/span><span>\u2013\u00a0<\/span><span>2023|06|20<\/span><br \/><a href=\"https:\/\/theconversation.com\/canadians-are-losing-their-appetite-for-news-and-trusting-it-less-208158\">Canadians are losing their appetite for news \u2014 and trusting it less<\/a><\/p>\n<p>Thierry Giasson \u2013 CBC News<span>\u00a0<\/span><span>\u2013\u00a0<\/span><span>2023|06|19<\/span><br \/><a href=\"https:\/\/www.cbc.ca\/news\/canada\/montreal\/francois-legault-housing-comments-moving-day-1.6890482\">How Legault moves past his offhand comments on Quebec\u2019s housing crisis<\/a><\/p>\n<p>Colette Brin \u2013 True North<span>\u00a0<\/span><span>\u2013\u00a0<\/span><span>2023|06|19<\/span><br \/><a href=\"https:\/\/tnc.news\/2023\/06\/19\/dont-trust-media\/\">Only 40% of Canadians trust legacy media: study<\/a><\/p>\n<p>Colette Brin \u2013 La Presse<span>\u00a0<\/span><span>\u2013\u00a0<\/span><span>2023|06|13<\/span><br \/><a href=\"https:\/\/www.lapresse.ca\/affaires\/medias\/2023-06-13\/la-confiance-est-chancelante-envers-les-medias-d-information.php\">La confiance est chancelante envers les m\u00e9dias d\u2019information<\/a><\/p>\n<p>Laurie Beaudonnet \u2013 Udem Nouvelles<span>\u00a0<\/span><span>\u2013\u00a0<\/span><span>2023|06|13<\/span><br \/><a href=\"https:\/\/nouvelles.umontreal.ca\/article\/2023\/06\/13\/le-personnel-de-l-udem-celebre\/\">Le personnel de l\u2019UdeM c\u00e9l\u00e9br\u00e9<\/a><\/p>\n<p>[\/et_pb_toggle][\/et_pb_column][\/et_pb_row][\/et_pb_section]<\/p>\n","protected":false},"excerpt":{"rendered":"<p>Colette Brin \u2013 La Presse\u00a0\u2013\u00a02023|06|29Loi sur les nouvelles en ligne | La riposte des g\u00e9ants num\u00e9riques pourrait faire mal Roxane de la Sablonni\u00e8re \u2013 Le Devoir\u00a0\u2013\u00a02023|06|23L\u2019identit\u00e9 collective, somme de nos appartenances individuelles Colette Brin \u2013 La Presse\u00a0\u2013\u00a02023|06|23R\u00e9ponse de Meta au projet de loi C-18 | Quel impact pour les utilisateurs ? Colette Brin \u2013 The [&hellip;]<\/p>\n","protected":false},"author":1,"featured_media":0,"parent":0,"menu_order":0,"comment_status":"closed","ping_status":"closed","template":"","meta":{"_et_pb_use_builder":"on","_et_pb_old_content":"","_et_gb_content_width":"","footnotes":""},"class_list":["post-3570","page","type-page","status-publish","hentry"],"yoast_head":"<!-- This site is optimized with the Yoast SEO plugin v27.4 - https:\/\/yoast.com\/product\/yoast-seo-wordpress\/ -->\n<title>2023 - June - CECD - Centre pour l&#039;\u00e9tude de la citoyennet\u00e9 d\u00e9mocratique<\/title>\n<meta name=\"robots\" content=\"index, follow, max-snippet:-1, max-image-preview:large, max-video-preview:-1\" \/>\n<link rel=\"canonical\" href=\"https:\/\/csdc-cecd.ca\/en\/2023-june\/\" \/>\n<meta property=\"og:locale\" content=\"en_US\" \/>\n<meta property=\"og:type\" content=\"article\" \/>\n<meta property=\"og:title\" content=\"2023 - June - CECD - Centre pour l&#039;\u00e9tude de la citoyennet\u00e9 d\u00e9mocratique\" \/>\n<meta property=\"og:description\" content=\"Colette Brin \u2013 La Presse\u00a0\u2013\u00a02023|06|29Loi sur les nouvelles en ligne | La riposte des g\u00e9ants num\u00e9riques pourrait faire mal Roxane de la Sablonni\u00e8re \u2013 Le Devoir\u00a0\u2013\u00a02023|06|23L\u2019identit\u00e9 collective, somme de nos appartenances individuelles Colette Brin \u2013 La Presse\u00a0\u2013\u00a02023|06|23R\u00e9ponse de Meta au projet de loi C-18 | Quel impact pour les utilisateurs ? Colette Brin \u2013 The [&hellip;]\" \/>\n<meta property=\"og:url\" content=\"https:\/\/csdc-cecd.ca\/en\/2023-june\/\" \/>\n<meta property=\"og:site_name\" content=\"CECD - Centre pour l&#039;\u00e9tude de la citoyennet\u00e9 d\u00e9mocratique\" \/>\n<meta property=\"article:modified_time\" content=\"2025-04-08T13:53:21+00:00\" \/>\n<meta name=\"twitter:card\" content=\"summary_large_image\" \/>\n<script type=\"application\/ld+json\" class=\"yoast-schema-graph\">{\"@context\":\"https:\\\/\\\/schema.org\",\"@graph\":[{\"@type\":\"WebPage\",\"@id\":\"https:\\\/\\\/csdc-cecd.ca\\\/en\\\/2023-june\\\/\",\"url\":\"https:\\\/\\\/csdc-cecd.ca\\\/en\\\/2023-june\\\/\",\"name\":\"2023 - June - CECD - Centre pour l&#039;\u00e9tude de la citoyennet\u00e9 d\u00e9mocratique\",\"isPartOf\":{\"@id\":\"https:\\\/\\\/csdc-cecd.ca\\\/#website\"},\"datePublished\":\"2024-11-12T16:49:49+00:00\",\"dateModified\":\"2025-04-08T13:53:21+00:00\",\"breadcrumb\":{\"@id\":\"https:\\\/\\\/csdc-cecd.ca\\\/en\\\/2023-june\\\/#breadcrumb\"},\"inLanguage\":\"en-US\",\"potentialAction\":[{\"@type\":\"ReadAction\",\"target\":[\"https:\\\/\\\/csdc-cecd.ca\\\/en\\\/2023-june\\\/\"]}]},{\"@type\":\"BreadcrumbList\",\"@id\":\"https:\\\/\\\/csdc-cecd.ca\\\/en\\\/2023-june\\\/#breadcrumb\",\"itemListElement\":[{\"@type\":\"ListItem\",\"position\":1,\"name\":\"Accueil\",\"item\":\"https:\\\/\\\/csdc-cecd.ca\\\/en\\\/\"},{\"@type\":\"ListItem\",\"position\":2,\"name\":\"2023 &#8211; June\"}]},{\"@type\":\"WebSite\",\"@id\":\"https:\\\/\\\/csdc-cecd.ca\\\/#website\",\"url\":\"https:\\\/\\\/csdc-cecd.ca\\\/\",\"name\":\"CECD - Centre pour l&#039;\u00e9tude de la citoyennet\u00e9 d\u00e9mocratique\",\"description\":\"\",\"potentialAction\":[{\"@type\":\"SearchAction\",\"target\":{\"@type\":\"EntryPoint\",\"urlTemplate\":\"https:\\\/\\\/csdc-cecd.ca\\\/?s={search_term_string}\"},\"query-input\":{\"@type\":\"PropertyValueSpecification\",\"valueRequired\":true,\"valueName\":\"search_term_string\"}}],\"inLanguage\":\"en-US\"}]}<\/script>\n<!-- \/ Yoast SEO plugin. -->","yoast_head_json":{"title":"2023 - June - CECD - Centre pour l&#039;\u00e9tude de la citoyennet\u00e9 d\u00e9mocratique","robots":{"index":"index","follow":"follow","max-snippet":"max-snippet:-1","max-image-preview":"max-image-preview:large","max-video-preview":"max-video-preview:-1"},"canonical":"https:\/\/csdc-cecd.ca\/en\/2023-june\/","og_locale":"en_US","og_type":"article","og_title":"2023 - June - CECD - Centre pour l&#039;\u00e9tude de la citoyennet\u00e9 d\u00e9mocratique","og_description":"Colette Brin \u2013 La Presse\u00a0\u2013\u00a02023|06|29Loi sur les nouvelles en ligne | La riposte des g\u00e9ants num\u00e9riques pourrait faire mal Roxane de la Sablonni\u00e8re \u2013 Le Devoir\u00a0\u2013\u00a02023|06|23L\u2019identit\u00e9 collective, somme de nos appartenances individuelles Colette Brin \u2013 La Presse\u00a0\u2013\u00a02023|06|23R\u00e9ponse de Meta au projet de loi C-18 | Quel impact pour les utilisateurs ? Colette Brin \u2013 The [&hellip;]","og_url":"https:\/\/csdc-cecd.ca\/en\/2023-june\/","og_site_name":"CECD - Centre pour l&#039;\u00e9tude de la citoyennet\u00e9 d\u00e9mocratique","article_modified_time":"2025-04-08T13:53:21+00:00","twitter_card":"summary_large_image","schema":{"@context":"https:\/\/schema.org","@graph":[{"@type":"WebPage","@id":"https:\/\/csdc-cecd.ca\/en\/2023-june\/","url":"https:\/\/csdc-cecd.ca\/en\/2023-june\/","name":"2023 - June - CECD - Centre pour l&#039;\u00e9tude de la citoyennet\u00e9 d\u00e9mocratique","isPartOf":{"@id":"https:\/\/csdc-cecd.ca\/#website"},"datePublished":"2024-11-12T16:49:49+00:00","dateModified":"2025-04-08T13:53:21+00:00","breadcrumb":{"@id":"https:\/\/csdc-cecd.ca\/en\/2023-june\/#breadcrumb"},"inLanguage":"en-US","potentialAction":[{"@type":"ReadAction","target":["https:\/\/csdc-cecd.ca\/en\/2023-june\/"]}]},{"@type":"BreadcrumbList","@id":"https:\/\/csdc-cecd.ca\/en\/2023-june\/#breadcrumb","itemListElement":[{"@type":"ListItem","position":1,"name":"Accueil","item":"https:\/\/csdc-cecd.ca\/en\/"},{"@type":"ListItem","position":2,"name":"2023 &#8211; June"}]},{"@type":"WebSite","@id":"https:\/\/csdc-cecd.ca\/#website","url":"https:\/\/csdc-cecd.ca\/","name":"CECD - Centre pour l&#039;\u00e9tude de la citoyennet\u00e9 d\u00e9mocratique","description":"","potentialAction":[{"@type":"SearchAction","target":{"@type":"EntryPoint","urlTemplate":"https:\/\/csdc-cecd.ca\/?s={search_term_string}"},"query-input":{"@type":"PropertyValueSpecification","valueRequired":true,"valueName":"search_term_string"}}],"inLanguage":"en-US"}]}},"_links":{"self":[{"href":"https:\/\/csdc-cecd.ca\/en\/wp-json\/wp\/v2\/pages\/3570","targetHints":{"allow":["GET"]}}],"collection":[{"href":"https:\/\/csdc-cecd.ca\/en\/wp-json\/wp\/v2\/pages"}],"about":[{"href":"https:\/\/csdc-cecd.ca\/en\/wp-json\/wp\/v2\/types\/page"}],"author":[{"embeddable":true,"href":"https:\/\/csdc-cecd.ca\/en\/wp-json\/wp\/v2\/users\/1"}],"replies":[{"embeddable":true,"href":"https:\/\/csdc-cecd.ca\/en\/wp-json\/wp\/v2\/comments?post=3570"}],"version-history":[{"count":3,"href":"https:\/\/csdc-cecd.ca\/en\/wp-json\/wp\/v2\/pages\/3570\/revisions"}],"predecessor-version":[{"id":4695,"href":"https:\/\/csdc-cecd.ca\/en\/wp-json\/wp\/v2\/pages\/3570\/revisions\/4695"}],"wp:attachment":[{"href":"https:\/\/csdc-cecd.ca\/en\/wp-json\/wp\/v2\/media?parent=3570"}],"curies":[{"name":"wp","href":"https:\/\/api.w.org\/{rel}","templated":true}]}}

<p>[et_pb_section fb_built=&#8221;1&#8243; theme_builder_area=&#8221;post_content&#8221; _builder_version=&#8221;4.27.4&#8243; _module_preset=&#8221;default&#8221;][et_pb_row _builder_version=&#8221;4.27.4&#8243; _module_preset=&#8221;default&#8221; theme_builder_area=&#8221;post_content&#8221;][et_pb_column _builder_version=&#8221;4.27.4&#8243; _module_preset=&#8221;default&#8221; type=&#8221;4_4&#8243; theme_builder_area=&#8221;post_content&#8221;][et_pb_heading title=&#8221;2023 &#8211; Jun.&#8221; _builder_version=&#8221;4.27.4&#8243; _module_preset=&#8221;default&#8221; theme_builder_area=&#8221;post_content&#8221; hover_enabled=&#8221;0&#8243; sticky_enabled=&#8221;0&#8243;][/et_pb_heading][/et_pb_column][/et_pb_row][et_pb_row _builder_version=&#8221;4.27.4&#8243; _module_preset=&#8221;default&#8221; theme_builder_area=&#8221;post_content&#8221;][et_pb_column _builder_version=&#8221;4.27.4&#8243; _module_preset=&#8221;default&#8221; type=&#8221;4_4&#8243; theme_builder_area=&#8221;post_content&#8221;][et_pb_toggle title=&#8221;Media&#8221; _builder_version=&#8221;4.27.4&#8243; _module_preset=&#8221;default&#8221; theme_builder_area=&#8221;post_content&#8221; hover_enabled=&#8221;0&#8243; sticky_enabled=&#8221;0&#8243;]</p>
<p>Colette Brin – La Presse<span> </span><span>– </span><span>2023|06|29</span><br /><a href="https://www.lapresse.ca/affaires/medias/2023-06-29/loi-sur-les-nouvelles-en-ligne/la-riposte-des-geants-numeriques-pourrait-faire-mal.php">Loi sur les nouvelles en ligne | La riposte des géants numériques pourrait faire mal</a></p>
<p>Roxane de la Sablonnière – Le Devoir<span> </span><span>– </span><span>2023|06|23</span><br /><a href="https://www.ledevoir.com/societe/793503/l-identite-collective-somme-de-nos-appartenances-individuelles">L’identité collective, somme de nos appartenances individuelles</a></p>
<p>Colette Brin – La Presse<span> </span><span>– </span><span>2023|06|23</span><br /><a href="https://www.lapresse.ca/actualites/2023-06-23/reponse-de-meta-au-projet-de-loi-c-18/quel-impact-pour-les-utilisateurs.php">Réponse de Meta au projet de loi C-18 | Quel impact pour les utilisateurs ?</a></p>
<p>Colette Brin – The Conversation<span> </span><span>– </span><span>2023|06|20</span><br /><a href="https://theconversation.com/canadians-are-losing-their-appetite-for-news-and-trusting-it-less-208158">Canadians are losing their appetite for news — and trusting it less</a></p>
<p>Thierry Giasson – CBC News<span> </span><span>– </span><span>2023|06|19</span><br /><a href="https://www.cbc.ca/news/canada/montreal/francois-legault-housing-comments-moving-day-1.6890482">How Legault moves past his offhand comments on Quebec’s housing crisis</a></p>
<p>Colette Brin – True North<span> </span><span>– </span><span>2023|06|19</span><br /><a href="https://tnc.news/2023/06/19/dont-trust-media/">Only 40% of Canadians trust legacy media: study</a></p>
<p>Colette Brin – La Presse<span> </span><span>– </span><span>2023|06|13</span><br /><a href="https://www.lapresse.ca/affaires/medias/2023-06-13/la-confiance-est-chancelante-envers-les-medias-d-information.php">La confiance est chancelante envers les médias d’information</a></p>
<p>Laurie Beaudonnet – Udem Nouvelles<span> </span><span>– </span><span>2023|06|13</span><br /><a href="https://nouvelles.umontreal.ca/article/2023/06/13/le-personnel-de-l-udem-celebre/">Le personnel de l’UdeM célébré</a></p>
<p>[/et_pb_toggle][/et_pb_column][/et_pb_row][/et_pb_section]</p>

<p>Colette Brin – La Presse – 2023|06|29Loi sur les nouvelles en ligne | La riposte des géants numériques pourrait faire mal Roxane de la Sablonnière – Le Devoir – 2023|06|23L’identité collective, somme de nos appartenances individuelles Colette Brin – La Presse – 2023|06|23Réponse de Meta au projet de loi C-18 | Quel impact pour les utilisateurs ? Colette Brin – The [&hellip;]</p>

<!-- This site is optimized with the Yoast SEO plugin v27.4 - https://yoast.com/product/yoast-seo-wordpress/ -->
<title>2023 - June - CECD - Centre pour l&#039;étude de la citoyenneté démocratique</title>
<meta name="robots" content="index, follow, max-snippet:-1, max-image-preview:large, max-video-preview:-1" />
<link rel="canonical" href="https://csdc-cecd.ca/en/2023-june/" />
<meta property="og:locale" content="en_US" />
<meta property="og:type" content="article" />
<meta property="og:title" content="2023 - June - CECD - Centre pour l&#039;étude de la citoyenneté démocratique" />
<meta property="og:description" content="Colette Brin – La Presse – 2023|06|29Loi sur les nouvelles en ligne | La riposte des géants numériques pourrait faire mal Roxane de la Sablonnière – Le Devoir – 2023|06|23L’identité collective, somme de nos appartenances individuelles Colette Brin – La Presse – 2023|06|23Réponse de Meta au projet de loi C-18 | Quel impact pour les utilisateurs ? Colette Brin – The [&hellip;]" />
<meta property="og:url" content="https://csdc-cecd.ca/en/2023-june/" />
<meta property="og:site_name" content="CECD - Centre pour l&#039;étude de la citoyenneté démocratique" />
<meta property="article:modified_time" content="2025-04-08T13:53:21+00:00" />
<meta name="twitter:card" content="summary_large_image" />
<script type="application/ld+json" class="yoast-schema-graph">{"@context":"https:\/\/schema.org","@graph":[{"@type":"WebPage","@id":"https:\/\/csdc-cecd.ca\/en\/2023-june\/","url":"https:\/\/csdc-cecd.ca\/en\/2023-june\/","name":"2023 - June - CECD - Centre pour l&#039;étude de la citoyenneté démocratique","isPartOf":{"@id":"https:\/\/csdc-cecd.ca\/#website"},"datePublished":"2024-11-12T16:49:49+00:00","dateModified":"2025-04-08T13:53:21+00:00","breadcrumb":{"@id":"https:\/\/csdc-cecd.ca\/en\/2023-june\/#breadcrumb"},"inLanguage":"en-US","potentialAction":[{"@type":"ReadAction","target":["https:\/\/csdc-cecd.ca\/en\/2023-june\/"]}]},{"@type":"BreadcrumbList","@id":"https:\/\/csdc-cecd.ca\/en\/2023-june\/#breadcrumb","itemListElement":[{"@type":"ListItem","position":1,"name":"Accueil","item":"https:\/\/csdc-cecd.ca\/en\/"},{"@type":"ListItem","position":2,"name":"2023 &#8211; June"}]},{"@type":"WebSite","@id":"https:\/\/csdc-cecd.ca\/#website","url":"https:\/\/csdc-cecd.ca\/","name":"CECD - Centre pour l&#039;étude de la citoyenneté démocratique","description":"","potentialAction":[{"@type":"SearchAction","target":{"@type":"EntryPoint","urlTemplate":"https:\/\/csdc-cecd.ca\/?s={search_term_string}"},"query-input":{"@type":"PropertyValueSpecification","valueRequired":true,"valueName":"search_term_string"}}],"inLanguage":"en-US"}]}</script>
<!-- / Yoast SEO plugin. -->

2023 - June - CECD - Centre pour l&#039;étude de la citoyenneté démocratique

Colette Brin – La Presse – 2023|06|29Loi sur les nouvelles en ligne | La riposte des géants numériques pourrait faire mal Roxane de la Sablonnière – Le Devoir – 2023|06|23L’identité collective, somme de nos appartenances individuelles Colette Brin – La Presse – 2023|06|23Réponse de Meta au projet de loi C-18 | Quel impact pour les utilisateurs ? Colette Brin – The [&hellip;]

CECD - Centre pour l&#039;étude de la citoyenneté démocratique
