{"id":3577,"date":"2024-10-29T14:36:53","date_gmt":"2024-10-29T18:36:53","guid":{"rendered":"https:\/\/csdc-cecd.ca\/?page_id=3577"},"modified":"2025-04-08T10:27:50","modified_gmt":"2025-04-08T14:27:50","slug":"2023-september","status":"publish","type":"page","link":"https:\/\/csdc-cecd.ca\/en\/2023-september\/","title":{"rendered":"2023 &#8211; September"},"content":{"rendered":"<p>[et_pb_section fb_built=&#8221;1&#8243; theme_builder_area=&#8221;post_content&#8221; _builder_version=&#8221;4.27.4&#8243; _module_preset=&#8221;default&#8221;][et_pb_row _builder_version=&#8221;4.27.4&#8243; _module_preset=&#8221;default&#8221; theme_builder_area=&#8221;post_content&#8221;][et_pb_column _builder_version=&#8221;4.27.4&#8243; _module_preset=&#8221;default&#8221; type=&#8221;4_4&#8243; theme_builder_area=&#8221;post_content&#8221;][et_pb_heading title=&#8221;2023 &#8211; Sept.&#8221; _builder_version=&#8221;4.27.4&#8243; _module_preset=&#8221;default&#8221; theme_builder_area=&#8221;post_content&#8221; hover_enabled=&#8221;0&#8243; sticky_enabled=&#8221;0&#8243;][\/et_pb_heading][\/et_pb_column][\/et_pb_row][et_pb_row _builder_version=&#8221;4.27.4&#8243; _module_preset=&#8221;default&#8221; theme_builder_area=&#8221;post_content&#8221;][et_pb_column _builder_version=&#8221;4.27.4&#8243; _module_preset=&#8221;default&#8221; type=&#8221;4_4&#8243; theme_builder_area=&#8221;post_content&#8221;][et_pb_toggle title=&#8221;Media&#8221; _builder_version=&#8221;4.27.4&#8243; _module_preset=&#8221;default&#8221; theme_builder_area=&#8221;post_content&#8221; hover_enabled=&#8221;0&#8243; sticky_enabled=&#8221;0&#8243;]<\/p>\n<p>Fran\u00e7ois G\u00e9lineau \u2013 Le Devoir<span>\u00a0<\/span><span>\u2013\u00a0<\/span><span>2023|09|30<\/span><br \/><a href=\"https:\/\/www.ledevoir.com\/societe\/education\/798890\/universite-laval-re-engage-climat\">L\u2019Universit\u00e9 Laval se (r\u00e9)engage pour le climat<\/a><\/p>\n<p>Colette Brin \u2013 La Presse<span>\u00a0<\/span><span>\u2013\u00a0<\/span><span>2023|09|28<\/span><br \/><a href=\"https:\/\/www.lapresse.ca\/actualites\/2023-09-28\/blocage-des-nouvelles-par-meta\/les-18-34-ans-continuent-de-s-informer-sur-facebook.php\">Blocage des nouvelles par Meta | Les 18-34 ans continuent de s\u2019informer sur Facebook<\/a><\/p>\n<p>Thierry Giasson \u2013 CBC News<span>\u00a0<\/span><span>\u2013\u00a0<\/span><span>2023|09|24<\/span><br \/><a href=\"https:\/\/www.cbc.ca\/news\/politics\/political-advertising-parties-meta-1.6972446\">Some parties have cut back on Meta advertising \u2014 but experts say it\u2019s a hard habit to kick<\/a><\/p>\n<p>Joanie Bouchard \u2013 CBC News<span>\u00a0<\/span><span>\u2013\u00a0<\/span><span>2023|09|15<\/span><br \/><a href=\"https:\/\/www.cbc.ca\/news\/canada\/manitoba\/election-sexism-racism-heather-stefanson-wab-kinew-1.6967223\">With Manitoba poised to make election history, front-runners contend with sexism, racism<\/a><\/p>\n<p>Mireille Lalancette \u2013 La Presse<span>\u00a0<\/span><span>\u2013\u00a0<\/span><span>2023|09|15<\/span><br \/><a href=\"https:\/\/www.lapresse.ca\/dialogue\/chroniques\/2023-09-15\/grosse-semaine-pour-justin-trudeau.php\">Grosse semaine pour\u2026 Justin Trudeau<\/a><\/p>\n<p>Eric Hehman \u2013 CBC News<span>\u00a0<\/span><span>\u2013\u00a0<\/span><span>2023|09|05<\/span><br \/><a href=\"https:\/\/www.cbc.ca\/news\/canada\/edmonton\/edmonton-police-discrimination-human-rights-1.6956576\">Edmonton Police Service racially discriminated against 2 Black men, human rights tribunal finds<\/a><\/p>\n<p>Emmanuel Choquette \u2013 Le Journal de Montr\u00e9al<span>\u00a0<\/span><span>\u2013\u00a0<\/span><span>2023|09|02<\/span><br \/><a href=\"https:\/\/www.journaldemontreal.com\/2023\/09\/02\/politique-quebecoise--les-pires-gaffes-de-nos-politiciens-sur-les-reseaux-sociaux\">Les politiciens \u00e0 risque sur les r\u00e9seaux sociaux<\/a><\/p>\n<p>Aaron Erlich \u2013 CBC News<span>\u00a0<\/span><span>\u2013\u00a0<\/span><span>2023|09|02<\/span><br \/><a href=\"https:\/\/www.cbc.ca\/news\/politics\/csis-disinformation-ads-soviet-imagery-1.6955717\">A new CSIS ad campaign is using Soviet-style imagery to warn Canadians about disinformation<\/a>\u00a0<\/p>\n<p>[\/et_pb_toggle][\/et_pb_column][\/et_pb_row][\/et_pb_section]<\/p>\n","protected":false},"excerpt":{"rendered":"<p>Fran\u00e7ois G\u00e9lineau \u2013 Le Devoir\u00a0\u2013\u00a02023|09|30L\u2019Universit\u00e9 Laval se (r\u00e9)engage pour le climat Colette Brin \u2013 La Presse\u00a0\u2013\u00a02023|09|28Blocage des nouvelles par Meta | Les 18-34 ans continuent de s\u2019informer sur Facebook Thierry Giasson \u2013 CBC News\u00a0\u2013\u00a02023|09|24Some parties have cut back on Meta advertising \u2014 but experts say it\u2019s a hard habit to kick Joanie Bouchard \u2013 CBC [&hellip;]<\/p>\n","protected":false},"author":1,"featured_media":0,"parent":0,"menu_order":0,"comment_status":"closed","ping_status":"closed","template":"","meta":{"_et_pb_use_builder":"on","_et_pb_old_content":"","_et_gb_content_width":"","footnotes":""},"class_list":["post-3577","page","type-page","status-publish","hentry"],"yoast_head":"<!-- This site is optimized with the Yoast SEO plugin v27.4 - https:\/\/yoast.com\/product\/yoast-seo-wordpress\/ -->\n<title>2023 - September - CECD - Centre pour l&#039;\u00e9tude de la citoyennet\u00e9 d\u00e9mocratique<\/title>\n<meta name=\"robots\" content=\"index, follow, max-snippet:-1, max-image-preview:large, max-video-preview:-1\" \/>\n<link rel=\"canonical\" href=\"https:\/\/csdc-cecd.ca\/en\/2023-september\/\" \/>\n<meta property=\"og:locale\" content=\"en_US\" \/>\n<meta property=\"og:type\" content=\"article\" \/>\n<meta property=\"og:title\" content=\"2023 - September - CECD - Centre pour l&#039;\u00e9tude de la citoyennet\u00e9 d\u00e9mocratique\" \/>\n<meta property=\"og:description\" content=\"Fran\u00e7ois G\u00e9lineau \u2013 Le Devoir\u00a0\u2013\u00a02023|09|30L\u2019Universit\u00e9 Laval se (r\u00e9)engage pour le climat Colette Brin \u2013 La Presse\u00a0\u2013\u00a02023|09|28Blocage des nouvelles par Meta | Les 18-34 ans continuent de s\u2019informer sur Facebook Thierry Giasson \u2013 CBC News\u00a0\u2013\u00a02023|09|24Some parties have cut back on Meta advertising \u2014 but experts say it\u2019s a hard habit to kick Joanie Bouchard \u2013 CBC [&hellip;]\" \/>\n<meta property=\"og:url\" content=\"https:\/\/csdc-cecd.ca\/en\/2023-september\/\" \/>\n<meta property=\"og:site_name\" content=\"CECD - Centre pour l&#039;\u00e9tude de la citoyennet\u00e9 d\u00e9mocratique\" \/>\n<meta property=\"article:modified_time\" content=\"2025-04-08T14:27:50+00:00\" \/>\n<meta name=\"twitter:card\" content=\"summary_large_image\" \/>\n<script type=\"application\/ld+json\" class=\"yoast-schema-graph\">{\"@context\":\"https:\\\/\\\/schema.org\",\"@graph\":[{\"@type\":\"WebPage\",\"@id\":\"https:\\\/\\\/csdc-cecd.ca\\\/en\\\/2023-september\\\/\",\"url\":\"https:\\\/\\\/csdc-cecd.ca\\\/en\\\/2023-september\\\/\",\"name\":\"2023 - September - CECD - Centre pour l&#039;\u00e9tude de la citoyennet\u00e9 d\u00e9mocratique\",\"isPartOf\":{\"@id\":\"https:\\\/\\\/csdc-cecd.ca\\\/#website\"},\"datePublished\":\"2024-10-29T18:36:53+00:00\",\"dateModified\":\"2025-04-08T14:27:50+00:00\",\"breadcrumb\":{\"@id\":\"https:\\\/\\\/csdc-cecd.ca\\\/en\\\/2023-september\\\/#breadcrumb\"},\"inLanguage\":\"en-US\",\"potentialAction\":[{\"@type\":\"ReadAction\",\"target\":[\"https:\\\/\\\/csdc-cecd.ca\\\/en\\\/2023-september\\\/\"]}]},{\"@type\":\"BreadcrumbList\",\"@id\":\"https:\\\/\\\/csdc-cecd.ca\\\/en\\\/2023-september\\\/#breadcrumb\",\"itemListElement\":[{\"@type\":\"ListItem\",\"position\":1,\"name\":\"Accueil\",\"item\":\"https:\\\/\\\/csdc-cecd.ca\\\/en\\\/\"},{\"@type\":\"ListItem\",\"position\":2,\"name\":\"2023 &#8211; September\"}]},{\"@type\":\"WebSite\",\"@id\":\"https:\\\/\\\/csdc-cecd.ca\\\/#website\",\"url\":\"https:\\\/\\\/csdc-cecd.ca\\\/\",\"name\":\"CECD - Centre pour l&#039;\u00e9tude de la citoyennet\u00e9 d\u00e9mocratique\",\"description\":\"\",\"potentialAction\":[{\"@type\":\"SearchAction\",\"target\":{\"@type\":\"EntryPoint\",\"urlTemplate\":\"https:\\\/\\\/csdc-cecd.ca\\\/?s={search_term_string}\"},\"query-input\":{\"@type\":\"PropertyValueSpecification\",\"valueRequired\":true,\"valueName\":\"search_term_string\"}}],\"inLanguage\":\"en-US\"}]}<\/script>\n<!-- \/ Yoast SEO plugin. -->","yoast_head_json":{"title":"2023 - September - CECD - Centre pour l&#039;\u00e9tude de la citoyennet\u00e9 d\u00e9mocratique","robots":{"index":"index","follow":"follow","max-snippet":"max-snippet:-1","max-image-preview":"max-image-preview:large","max-video-preview":"max-video-preview:-1"},"canonical":"https:\/\/csdc-cecd.ca\/en\/2023-september\/","og_locale":"en_US","og_type":"article","og_title":"2023 - September - CECD - Centre pour l&#039;\u00e9tude de la citoyennet\u00e9 d\u00e9mocratique","og_description":"Fran\u00e7ois G\u00e9lineau \u2013 Le Devoir\u00a0\u2013\u00a02023|09|30L\u2019Universit\u00e9 Laval se (r\u00e9)engage pour le climat Colette Brin \u2013 La Presse\u00a0\u2013\u00a02023|09|28Blocage des nouvelles par Meta | Les 18-34 ans continuent de s\u2019informer sur Facebook Thierry Giasson \u2013 CBC News\u00a0\u2013\u00a02023|09|24Some parties have cut back on Meta advertising \u2014 but experts say it\u2019s a hard habit to kick Joanie Bouchard \u2013 CBC [&hellip;]","og_url":"https:\/\/csdc-cecd.ca\/en\/2023-september\/","og_site_name":"CECD - Centre pour l&#039;\u00e9tude de la citoyennet\u00e9 d\u00e9mocratique","article_modified_time":"2025-04-08T14:27:50+00:00","twitter_card":"summary_large_image","schema":{"@context":"https:\/\/schema.org","@graph":[{"@type":"WebPage","@id":"https:\/\/csdc-cecd.ca\/en\/2023-september\/","url":"https:\/\/csdc-cecd.ca\/en\/2023-september\/","name":"2023 - September - CECD - Centre pour l&#039;\u00e9tude de la citoyennet\u00e9 d\u00e9mocratique","isPartOf":{"@id":"https:\/\/csdc-cecd.ca\/#website"},"datePublished":"2024-10-29T18:36:53+00:00","dateModified":"2025-04-08T14:27:50+00:00","breadcrumb":{"@id":"https:\/\/csdc-cecd.ca\/en\/2023-september\/#breadcrumb"},"inLanguage":"en-US","potentialAction":[{"@type":"ReadAction","target":["https:\/\/csdc-cecd.ca\/en\/2023-september\/"]}]},{"@type":"BreadcrumbList","@id":"https:\/\/csdc-cecd.ca\/en\/2023-september\/#breadcrumb","itemListElement":[{"@type":"ListItem","position":1,"name":"Accueil","item":"https:\/\/csdc-cecd.ca\/en\/"},{"@type":"ListItem","position":2,"name":"2023 &#8211; September"}]},{"@type":"WebSite","@id":"https:\/\/csdc-cecd.ca\/#website","url":"https:\/\/csdc-cecd.ca\/","name":"CECD - Centre pour l&#039;\u00e9tude de la citoyennet\u00e9 d\u00e9mocratique","description":"","potentialAction":[{"@type":"SearchAction","target":{"@type":"EntryPoint","urlTemplate":"https:\/\/csdc-cecd.ca\/?s={search_term_string}"},"query-input":{"@type":"PropertyValueSpecification","valueRequired":true,"valueName":"search_term_string"}}],"inLanguage":"en-US"}]}},"_links":{"self":[{"href":"https:\/\/csdc-cecd.ca\/en\/wp-json\/wp\/v2\/pages\/3577","targetHints":{"allow":["GET"]}}],"collection":[{"href":"https:\/\/csdc-cecd.ca\/en\/wp-json\/wp\/v2\/pages"}],"about":[{"href":"https:\/\/csdc-cecd.ca\/en\/wp-json\/wp\/v2\/types\/page"}],"author":[{"embeddable":true,"href":"https:\/\/csdc-cecd.ca\/en\/wp-json\/wp\/v2\/users\/1"}],"replies":[{"embeddable":true,"href":"https:\/\/csdc-cecd.ca\/en\/wp-json\/wp\/v2\/comments?post=3577"}],"version-history":[{"count":3,"href":"https:\/\/csdc-cecd.ca\/en\/wp-json\/wp\/v2\/pages\/3577\/revisions"}],"predecessor-version":[{"id":4719,"href":"https:\/\/csdc-cecd.ca\/en\/wp-json\/wp\/v2\/pages\/3577\/revisions\/4719"}],"wp:attachment":[{"href":"https:\/\/csdc-cecd.ca\/en\/wp-json\/wp\/v2\/media?parent=3577"}],"curies":[{"name":"wp","href":"https:\/\/api.w.org\/{rel}","templated":true}]}}

<p>[et_pb_section fb_built=&#8221;1&#8243; theme_builder_area=&#8221;post_content&#8221; _builder_version=&#8221;4.27.4&#8243; _module_preset=&#8221;default&#8221;][et_pb_row _builder_version=&#8221;4.27.4&#8243; _module_preset=&#8221;default&#8221; theme_builder_area=&#8221;post_content&#8221;][et_pb_column _builder_version=&#8221;4.27.4&#8243; _module_preset=&#8221;default&#8221; type=&#8221;4_4&#8243; theme_builder_area=&#8221;post_content&#8221;][et_pb_heading title=&#8221;2023 &#8211; Sept.&#8221; _builder_version=&#8221;4.27.4&#8243; _module_preset=&#8221;default&#8221; theme_builder_area=&#8221;post_content&#8221; hover_enabled=&#8221;0&#8243; sticky_enabled=&#8221;0&#8243;][/et_pb_heading][/et_pb_column][/et_pb_row][et_pb_row _builder_version=&#8221;4.27.4&#8243; _module_preset=&#8221;default&#8221; theme_builder_area=&#8221;post_content&#8221;][et_pb_column _builder_version=&#8221;4.27.4&#8243; _module_preset=&#8221;default&#8221; type=&#8221;4_4&#8243; theme_builder_area=&#8221;post_content&#8221;][et_pb_toggle title=&#8221;Media&#8221; _builder_version=&#8221;4.27.4&#8243; _module_preset=&#8221;default&#8221; theme_builder_area=&#8221;post_content&#8221; hover_enabled=&#8221;0&#8243; sticky_enabled=&#8221;0&#8243;]</p>
<p>François Gélineau – Le Devoir<span> </span><span>– </span><span>2023|09|30</span><br /><a href="https://www.ledevoir.com/societe/education/798890/universite-laval-re-engage-climat">L’Université Laval se (ré)engage pour le climat</a></p>
<p>Colette Brin – La Presse<span> </span><span>– </span><span>2023|09|28</span><br /><a href="https://www.lapresse.ca/actualites/2023-09-28/blocage-des-nouvelles-par-meta/les-18-34-ans-continuent-de-s-informer-sur-facebook.php">Blocage des nouvelles par Meta | Les 18-34 ans continuent de s’informer sur Facebook</a></p>
<p>Thierry Giasson – CBC News<span> </span><span>– </span><span>2023|09|24</span><br /><a href="https://www.cbc.ca/news/politics/political-advertising-parties-meta-1.6972446">Some parties have cut back on Meta advertising — but experts say it’s a hard habit to kick</a></p>
<p>Joanie Bouchard – CBC News<span> </span><span>– </span><span>2023|09|15</span><br /><a href="https://www.cbc.ca/news/canada/manitoba/election-sexism-racism-heather-stefanson-wab-kinew-1.6967223">With Manitoba poised to make election history, front-runners contend with sexism, racism</a></p>
<p>Mireille Lalancette – La Presse<span> </span><span>– </span><span>2023|09|15</span><br /><a href="https://www.lapresse.ca/dialogue/chroniques/2023-09-15/grosse-semaine-pour-justin-trudeau.php">Grosse semaine pour… Justin Trudeau</a></p>
<p>Eric Hehman – CBC News<span> </span><span>– </span><span>2023|09|05</span><br /><a href="https://www.cbc.ca/news/canada/edmonton/edmonton-police-discrimination-human-rights-1.6956576">Edmonton Police Service racially discriminated against 2 Black men, human rights tribunal finds</a></p>
<p>Emmanuel Choquette – Le Journal de Montréal<span> </span><span>– </span><span>2023|09|02</span><br /><a href="https://www.journaldemontreal.com/2023/09/02/politique-quebecoise--les-pires-gaffes-de-nos-politiciens-sur-les-reseaux-sociaux">Les politiciens à risque sur les réseaux sociaux</a></p>
<p>Aaron Erlich – CBC News<span> </span><span>– </span><span>2023|09|02</span><br /><a href="https://www.cbc.ca/news/politics/csis-disinformation-ads-soviet-imagery-1.6955717">A new CSIS ad campaign is using Soviet-style imagery to warn Canadians about disinformation</a> </p>
<p>[/et_pb_toggle][/et_pb_column][/et_pb_row][/et_pb_section]</p>

<p>François Gélineau – Le Devoir – 2023|09|30L’Université Laval se (ré)engage pour le climat Colette Brin – La Presse – 2023|09|28Blocage des nouvelles par Meta | Les 18-34 ans continuent de s’informer sur Facebook Thierry Giasson – CBC News – 2023|09|24Some parties have cut back on Meta advertising — but experts say it’s a hard habit to kick Joanie Bouchard – CBC [&hellip;]</p>

<!-- This site is optimized with the Yoast SEO plugin v27.4 - https://yoast.com/product/yoast-seo-wordpress/ -->
<title>2023 - September - CECD - Centre pour l&#039;étude de la citoyenneté démocratique</title>
<meta name="robots" content="index, follow, max-snippet:-1, max-image-preview:large, max-video-preview:-1" />
<link rel="canonical" href="https://csdc-cecd.ca/en/2023-september/" />
<meta property="og:locale" content="en_US" />
<meta property="og:type" content="article" />
<meta property="og:title" content="2023 - September - CECD - Centre pour l&#039;étude de la citoyenneté démocratique" />
<meta property="og:description" content="François Gélineau – Le Devoir – 2023|09|30L’Université Laval se (ré)engage pour le climat Colette Brin – La Presse – 2023|09|28Blocage des nouvelles par Meta | Les 18-34 ans continuent de s’informer sur Facebook Thierry Giasson – CBC News – 2023|09|24Some parties have cut back on Meta advertising — but experts say it’s a hard habit to kick Joanie Bouchard – CBC [&hellip;]" />
<meta property="og:url" content="https://csdc-cecd.ca/en/2023-september/" />
<meta property="og:site_name" content="CECD - Centre pour l&#039;étude de la citoyenneté démocratique" />
<meta property="article:modified_time" content="2025-04-08T14:27:50+00:00" />
<meta name="twitter:card" content="summary_large_image" />
<script type="application/ld+json" class="yoast-schema-graph">{"@context":"https:\/\/schema.org","@graph":[{"@type":"WebPage","@id":"https:\/\/csdc-cecd.ca\/en\/2023-september\/","url":"https:\/\/csdc-cecd.ca\/en\/2023-september\/","name":"2023 - September - CECD - Centre pour l&#039;étude de la citoyenneté démocratique","isPartOf":{"@id":"https:\/\/csdc-cecd.ca\/#website"},"datePublished":"2024-10-29T18:36:53+00:00","dateModified":"2025-04-08T14:27:50+00:00","breadcrumb":{"@id":"https:\/\/csdc-cecd.ca\/en\/2023-september\/#breadcrumb"},"inLanguage":"en-US","potentialAction":[{"@type":"ReadAction","target":["https:\/\/csdc-cecd.ca\/en\/2023-september\/"]}]},{"@type":"BreadcrumbList","@id":"https:\/\/csdc-cecd.ca\/en\/2023-september\/#breadcrumb","itemListElement":[{"@type":"ListItem","position":1,"name":"Accueil","item":"https:\/\/csdc-cecd.ca\/en\/"},{"@type":"ListItem","position":2,"name":"2023 &#8211; September"}]},{"@type":"WebSite","@id":"https:\/\/csdc-cecd.ca\/#website","url":"https:\/\/csdc-cecd.ca\/","name":"CECD - Centre pour l&#039;étude de la citoyenneté démocratique","description":"","potentialAction":[{"@type":"SearchAction","target":{"@type":"EntryPoint","urlTemplate":"https:\/\/csdc-cecd.ca\/?s={search_term_string}"},"query-input":{"@type":"PropertyValueSpecification","valueRequired":true,"valueName":"search_term_string"}}],"inLanguage":"en-US"}]}</script>
<!-- / Yoast SEO plugin. -->

2023 - September - CECD - Centre pour l&#039;étude de la citoyenneté démocratique

François Gélineau – Le Devoir – 2023|09|30L’Université Laval se (ré)engage pour le climat Colette Brin – La Presse – 2023|09|28Blocage des nouvelles par Meta | Les 18-34 ans continuent de s’informer sur Facebook Thierry Giasson – CBC News – 2023|09|24Some parties have cut back on Meta advertising — but experts say it’s a hard habit to kick Joanie Bouchard – CBC [&hellip;]

CECD - Centre pour l&#039;étude de la citoyenneté démocratique
