{"id":3579,"date":"2024-10-29T14:40:29","date_gmt":"2024-10-29T18:40:29","guid":{"rendered":"https:\/\/csdc-cecd.ca\/?page_id=3579"},"modified":"2025-04-08T10:38:36","modified_gmt":"2025-04-08T14:38:36","slug":"2023-october","status":"publish","type":"page","link":"https:\/\/csdc-cecd.ca\/en\/2023-october\/","title":{"rendered":"2023 &#8211; October"},"content":{"rendered":"\n[et_pb_section fb_built=&#8221;1&#8243; theme_builder_area=&#8221;post_content&#8221; _builder_version=&#8221;4.27.4&#8243; _module_preset=&#8221;default&#8221;][et_pb_row _builder_version=&#8221;4.27.4&#8243; _module_preset=&#8221;default&#8221; theme_builder_area=&#8221;post_content&#8221;][et_pb_column _builder_version=&#8221;4.27.4&#8243; _module_preset=&#8221;default&#8221; type=&#8221;4_4&#8243; theme_builder_area=&#8221;post_content&#8221;][et_pb_heading title=&#8221;2023 &#8211; Oct.&#8221; _builder_version=&#8221;4.27.4&#8243; _module_preset=&#8221;default&#8221; theme_builder_area=&#8221;post_content&#8221; hover_enabled=&#8221;0&#8243; sticky_enabled=&#8221;0&#8243;][\/et_pb_heading][\/et_pb_column][\/et_pb_row][et_pb_row _builder_version=&#8221;4.27.4&#8243; _module_preset=&#8221;default&#8221; theme_builder_area=&#8221;post_content&#8221;][et_pb_column _builder_version=&#8221;4.27.4&#8243; _module_preset=&#8221;default&#8221; type=&#8221;4_4&#8243; theme_builder_area=&#8221;post_content&#8221;][et_pb_toggle title=&#8221;Media&#8221; _builder_version=&#8221;4.27.4&#8243; _module_preset=&#8221;default&#8221; theme_builder_area=&#8221;post_content&#8221; hover_enabled=&#8221;0&#8243; sticky_enabled=&#8221;0&#8243;]<p>\u00c9ric B\u00e9langer \u2013 La Presse \u2013 2023|10|29\u00a0<br \/><a href=\"https:\/\/www.lapresse.ca\/contexte\/nos-services-publics-sont-ils-casses\/2023-10-29\/mauvais-services-confiance-a-la-baisse.php\" target=\"_blank\" rel=\"noopener\">Mauvais services = confiance \u00e0 la baisse<\/a><\/p>\n<p>Joanie Bouchard \u2013 La Tribune \u2013 2023|10|28<br \/><a href=\"https:\/\/www.latribune.ca\/actualites\/actualites-locales\/estrie-et-regions\/2023\/10\/28\/combien-de-fois-votre-depute-sest-il-leve-a-lassemblee-nationale-BG2I3S5KXZDQLPJE4TAA3CBCGA\/\" target=\"_blank\" rel=\"noopener\">Combien de fois votre d\u00e9put\u00e9 s\u2019est-il lev\u00e9 \u00e0 l\u2019Assembl\u00e9e nationale?<\/a><\/p>\n<p>Lisa Maureen Birsch \u2013 Le Journal de Qu\u00e9bec \u2013 2023|10|27<br \/><a href=\"https:\/\/www.journaldequebec.com\/2023\/10\/27\/polimetre-trudeau-30-presque-la-moitie-des-promesses-seraient-tenues\" target=\"_blank\" rel=\"noopener\">Polim\u00e8tre Trudeau 3.0: presque la moiti\u00e9 des promesses seraient tenues<\/a><\/p>\n<p>Colette Brin \u2013 Presse-toi \u00e0 gauche \u2013 2023|10|24<br \/><a href=\"https:\/\/www.pressegauche.org\/La-CSQ-cesse-ses-investissements-publicitaires-sur-Meta\">La CSQ cesse ses investissements publicitaires sur Meta<\/a><\/p>\n<p>Normand Landry \u2013 Journal de Montr\u00e9al \u2013 2023|10|18<br \/><a href=\"https:\/\/www.journaldemontreal.com\/2023\/10\/18\/6-jeunes-sur-10-ne-font-pas-confiance-aux-medias\" target=\"_blank\" rel=\"noopener\">Six jeunes Qu\u00e9b\u00e9cois sur dix ne font pas confiance aux m\u00e9dias<\/a><\/p>\n<p>Andr\u00e9 Blais, Ruth Dassonneville, Patrick Fournier \u2013 Policy opinions \u2013 2023|10|19<br \/><a href=\"https:\/\/policyoptions.irpp.org\/fr\/magazines\/october-2023\/assemblee-citoyenne-democratie-longueuil\/\">R\u00e9cit d\u2019une assembl\u00e9e citoyenne \u00e0 Longueuil<\/a><\/p>\n<p>Ruth Dassonneville \u2013 LSE Blogs\u00a0 \u2013 2023|10|12<br \/><a href=\"https:\/\/blogs.lse.ac.uk\/europpblog\/2023\/10\/12\/a-political-economy-model-forecast-of-the-2023-dutch-election\/\">A political economy model forecast of the 2023 Dutch election<\/a><\/p>[\/et_pb_toggle][\/et_pb_column][\/et_pb_row][\/et_pb_section]\n","protected":false},"excerpt":{"rendered":"<p>\u00c9ric B\u00e9langer \u2013 La Presse \u2013 2023|10|29\u00a0Mauvais services = confiance \u00e0 la baisse Joanie Bouchard \u2013 La Tribune \u2013 2023|10|28Combien de fois votre d\u00e9put\u00e9 s\u2019est-il lev\u00e9 \u00e0 l\u2019Assembl\u00e9e nationale? Lisa Maureen Birsch \u2013 Le Journal de Qu\u00e9bec \u2013 2023|10|27Polim\u00e8tre Trudeau 3.0: presque la moiti\u00e9 des promesses seraient tenues Colette Brin \u2013 Presse-toi \u00e0 gauche \u2013 [&hellip;]<\/p>\n","protected":false},"author":1,"featured_media":0,"parent":0,"menu_order":0,"comment_status":"closed","ping_status":"closed","template":"","meta":{"_et_pb_use_builder":"on","_et_pb_old_content":"","_et_gb_content_width":"","footnotes":""},"class_list":["post-3579","page","type-page","status-publish","hentry"],"yoast_head":"<!-- This site is optimized with the Yoast SEO plugin v27.4 - https:\/\/yoast.com\/product\/yoast-seo-wordpress\/ -->\n<title>2023 - October - CECD - Centre pour l&#039;\u00e9tude de la citoyennet\u00e9 d\u00e9mocratique<\/title>\n<meta name=\"robots\" content=\"index, follow, max-snippet:-1, max-image-preview:large, max-video-preview:-1\" \/>\n<link rel=\"canonical\" href=\"https:\/\/csdc-cecd.ca\/en\/2023-october\/\" \/>\n<meta property=\"og:locale\" content=\"en_US\" \/>\n<meta property=\"og:type\" content=\"article\" \/>\n<meta property=\"og:title\" content=\"2023 - October - CECD - Centre pour l&#039;\u00e9tude de la citoyennet\u00e9 d\u00e9mocratique\" \/>\n<meta property=\"og:description\" content=\"\u00c9ric B\u00e9langer \u2013 La Presse \u2013 2023|10|29\u00a0Mauvais services = confiance \u00e0 la baisse Joanie Bouchard \u2013 La Tribune \u2013 2023|10|28Combien de fois votre d\u00e9put\u00e9 s\u2019est-il lev\u00e9 \u00e0 l\u2019Assembl\u00e9e nationale? Lisa Maureen Birsch \u2013 Le Journal de Qu\u00e9bec \u2013 2023|10|27Polim\u00e8tre Trudeau 3.0: presque la moiti\u00e9 des promesses seraient tenues Colette Brin \u2013 Presse-toi \u00e0 gauche \u2013 [&hellip;]\" \/>\n<meta property=\"og:url\" content=\"https:\/\/csdc-cecd.ca\/en\/2023-october\/\" \/>\n<meta property=\"og:site_name\" content=\"CECD - Centre pour l&#039;\u00e9tude de la citoyennet\u00e9 d\u00e9mocratique\" \/>\n<meta property=\"article:modified_time\" content=\"2025-04-08T14:38:36+00:00\" \/>\n<meta name=\"twitter:card\" content=\"summary_large_image\" \/>\n<meta name=\"twitter:label1\" content=\"Est. reading time\" \/>\n\t<meta name=\"twitter:data1\" content=\"1 minute\" \/>\n<script type=\"application\/ld+json\" class=\"yoast-schema-graph\">{\"@context\":\"https:\\\/\\\/schema.org\",\"@graph\":[{\"@type\":\"WebPage\",\"@id\":\"https:\\\/\\\/csdc-cecd.ca\\\/en\\\/2023-october\\\/\",\"url\":\"https:\\\/\\\/csdc-cecd.ca\\\/en\\\/2023-october\\\/\",\"name\":\"2023 - October - CECD - Centre pour l&#039;\u00e9tude de la citoyennet\u00e9 d\u00e9mocratique\",\"isPartOf\":{\"@id\":\"https:\\\/\\\/csdc-cecd.ca\\\/#website\"},\"datePublished\":\"2024-10-29T18:40:29+00:00\",\"dateModified\":\"2025-04-08T14:38:36+00:00\",\"breadcrumb\":{\"@id\":\"https:\\\/\\\/csdc-cecd.ca\\\/en\\\/2023-october\\\/#breadcrumb\"},\"inLanguage\":\"en-US\",\"potentialAction\":[{\"@type\":\"ReadAction\",\"target\":[\"https:\\\/\\\/csdc-cecd.ca\\\/en\\\/2023-october\\\/\"]}]},{\"@type\":\"BreadcrumbList\",\"@id\":\"https:\\\/\\\/csdc-cecd.ca\\\/en\\\/2023-october\\\/#breadcrumb\",\"itemListElement\":[{\"@type\":\"ListItem\",\"position\":1,\"name\":\"Accueil\",\"item\":\"https:\\\/\\\/csdc-cecd.ca\\\/en\\\/\"},{\"@type\":\"ListItem\",\"position\":2,\"name\":\"2023 &#8211; October\"}]},{\"@type\":\"WebSite\",\"@id\":\"https:\\\/\\\/csdc-cecd.ca\\\/#website\",\"url\":\"https:\\\/\\\/csdc-cecd.ca\\\/\",\"name\":\"CECD - Centre pour l&#039;\u00e9tude de la citoyennet\u00e9 d\u00e9mocratique\",\"description\":\"\",\"potentialAction\":[{\"@type\":\"SearchAction\",\"target\":{\"@type\":\"EntryPoint\",\"urlTemplate\":\"https:\\\/\\\/csdc-cecd.ca\\\/?s={search_term_string}\"},\"query-input\":{\"@type\":\"PropertyValueSpecification\",\"valueRequired\":true,\"valueName\":\"search_term_string\"}}],\"inLanguage\":\"en-US\"}]}<\/script>\n<!-- \/ Yoast SEO plugin. -->","yoast_head_json":{"title":"2023 - October - CECD - Centre pour l&#039;\u00e9tude de la citoyennet\u00e9 d\u00e9mocratique","robots":{"index":"index","follow":"follow","max-snippet":"max-snippet:-1","max-image-preview":"max-image-preview:large","max-video-preview":"max-video-preview:-1"},"canonical":"https:\/\/csdc-cecd.ca\/en\/2023-october\/","og_locale":"en_US","og_type":"article","og_title":"2023 - October - CECD - Centre pour l&#039;\u00e9tude de la citoyennet\u00e9 d\u00e9mocratique","og_description":"\u00c9ric B\u00e9langer \u2013 La Presse \u2013 2023|10|29\u00a0Mauvais services = confiance \u00e0 la baisse Joanie Bouchard \u2013 La Tribune \u2013 2023|10|28Combien de fois votre d\u00e9put\u00e9 s\u2019est-il lev\u00e9 \u00e0 l\u2019Assembl\u00e9e nationale? Lisa Maureen Birsch \u2013 Le Journal de Qu\u00e9bec \u2013 2023|10|27Polim\u00e8tre Trudeau 3.0: presque la moiti\u00e9 des promesses seraient tenues Colette Brin \u2013 Presse-toi \u00e0 gauche \u2013 [&hellip;]","og_url":"https:\/\/csdc-cecd.ca\/en\/2023-october\/","og_site_name":"CECD - Centre pour l&#039;\u00e9tude de la citoyennet\u00e9 d\u00e9mocratique","article_modified_time":"2025-04-08T14:38:36+00:00","twitter_card":"summary_large_image","twitter_misc":{"Est. reading time":"1 minute"},"schema":{"@context":"https:\/\/schema.org","@graph":[{"@type":"WebPage","@id":"https:\/\/csdc-cecd.ca\/en\/2023-october\/","url":"https:\/\/csdc-cecd.ca\/en\/2023-october\/","name":"2023 - October - CECD - Centre pour l&#039;\u00e9tude de la citoyennet\u00e9 d\u00e9mocratique","isPartOf":{"@id":"https:\/\/csdc-cecd.ca\/#website"},"datePublished":"2024-10-29T18:40:29+00:00","dateModified":"2025-04-08T14:38:36+00:00","breadcrumb":{"@id":"https:\/\/csdc-cecd.ca\/en\/2023-october\/#breadcrumb"},"inLanguage":"en-US","potentialAction":[{"@type":"ReadAction","target":["https:\/\/csdc-cecd.ca\/en\/2023-october\/"]}]},{"@type":"BreadcrumbList","@id":"https:\/\/csdc-cecd.ca\/en\/2023-october\/#breadcrumb","itemListElement":[{"@type":"ListItem","position":1,"name":"Accueil","item":"https:\/\/csdc-cecd.ca\/en\/"},{"@type":"ListItem","position":2,"name":"2023 &#8211; October"}]},{"@type":"WebSite","@id":"https:\/\/csdc-cecd.ca\/#website","url":"https:\/\/csdc-cecd.ca\/","name":"CECD - Centre pour l&#039;\u00e9tude de la citoyennet\u00e9 d\u00e9mocratique","description":"","potentialAction":[{"@type":"SearchAction","target":{"@type":"EntryPoint","urlTemplate":"https:\/\/csdc-cecd.ca\/?s={search_term_string}"},"query-input":{"@type":"PropertyValueSpecification","valueRequired":true,"valueName":"search_term_string"}}],"inLanguage":"en-US"}]}},"_links":{"self":[{"href":"https:\/\/csdc-cecd.ca\/en\/wp-json\/wp\/v2\/pages\/3579","targetHints":{"allow":["GET"]}}],"collection":[{"href":"https:\/\/csdc-cecd.ca\/en\/wp-json\/wp\/v2\/pages"}],"about":[{"href":"https:\/\/csdc-cecd.ca\/en\/wp-json\/wp\/v2\/types\/page"}],"author":[{"embeddable":true,"href":"https:\/\/csdc-cecd.ca\/en\/wp-json\/wp\/v2\/users\/1"}],"replies":[{"embeddable":true,"href":"https:\/\/csdc-cecd.ca\/en\/wp-json\/wp\/v2\/comments?post=3579"}],"version-history":[{"count":4,"href":"https:\/\/csdc-cecd.ca\/en\/wp-json\/wp\/v2\/pages\/3579\/revisions"}],"predecessor-version":[{"id":4727,"href":"https:\/\/csdc-cecd.ca\/en\/wp-json\/wp\/v2\/pages\/3579\/revisions\/4727"}],"wp:attachment":[{"href":"https:\/\/csdc-cecd.ca\/en\/wp-json\/wp\/v2\/media?parent=3579"}],"curies":[{"name":"wp","href":"https:\/\/api.w.org\/{rel}","templated":true}]}}

[et_pb_section fb_built=&#8221;1&#8243; theme_builder_area=&#8221;post_content&#8221; _builder_version=&#8221;4.27.4&#8243; _module_preset=&#8221;default&#8221;][et_pb_row _builder_version=&#8221;4.27.4&#8243; _module_preset=&#8221;default&#8221; theme_builder_area=&#8221;post_content&#8221;][et_pb_column _builder_version=&#8221;4.27.4&#8243; _module_preset=&#8221;default&#8221; type=&#8221;4_4&#8243; theme_builder_area=&#8221;post_content&#8221;][et_pb_heading title=&#8221;2023 &#8211; Oct.&#8221; _builder_version=&#8221;4.27.4&#8243; _module_preset=&#8221;default&#8221; theme_builder_area=&#8221;post_content&#8221; hover_enabled=&#8221;0&#8243; sticky_enabled=&#8221;0&#8243;][/et_pb_heading][/et_pb_column][/et_pb_row][et_pb_row _builder_version=&#8221;4.27.4&#8243; _module_preset=&#8221;default&#8221; theme_builder_area=&#8221;post_content&#8221;][et_pb_column _builder_version=&#8221;4.27.4&#8243; _module_preset=&#8221;default&#8221; type=&#8221;4_4&#8243; theme_builder_area=&#8221;post_content&#8221;][et_pb_toggle title=&#8221;Media&#8221; _builder_version=&#8221;4.27.4&#8243; _module_preset=&#8221;default&#8221; theme_builder_area=&#8221;post_content&#8221; hover_enabled=&#8221;0&#8243; sticky_enabled=&#8221;0&#8243;]<p>Éric Bélanger – La Presse – 2023|10|29 <br /><a href="https://www.lapresse.ca/contexte/nos-services-publics-sont-ils-casses/2023-10-29/mauvais-services-confiance-a-la-baisse.php" target="_blank" rel="noopener">Mauvais services = confiance à la baisse</a></p>
<p>Joanie Bouchard – La Tribune – 2023|10|28<br /><a href="https://www.latribune.ca/actualites/actualites-locales/estrie-et-regions/2023/10/28/combien-de-fois-votre-depute-sest-il-leve-a-lassemblee-nationale-BG2I3S5KXZDQLPJE4TAA3CBCGA/" target="_blank" rel="noopener">Combien de fois votre député s’est-il levé à l’Assemblée nationale?</a></p>
<p>Lisa Maureen Birsch – Le Journal de Québec – 2023|10|27<br /><a href="https://www.journaldequebec.com/2023/10/27/polimetre-trudeau-30-presque-la-moitie-des-promesses-seraient-tenues" target="_blank" rel="noopener">Polimètre Trudeau 3.0: presque la moitié des promesses seraient tenues</a></p>
<p>Colette Brin – Presse-toi à gauche – 2023|10|24<br /><a href="https://www.pressegauche.org/La-CSQ-cesse-ses-investissements-publicitaires-sur-Meta">La CSQ cesse ses investissements publicitaires sur Meta</a></p>
<p>Normand Landry – Journal de Montréal – 2023|10|18<br /><a href="https://www.journaldemontreal.com/2023/10/18/6-jeunes-sur-10-ne-font-pas-confiance-aux-medias" target="_blank" rel="noopener">Six jeunes Québécois sur dix ne font pas confiance aux médias</a></p>
<p>André Blais, Ruth Dassonneville, Patrick Fournier – Policy opinions – 2023|10|19<br /><a href="https://policyoptions.irpp.org/fr/magazines/october-2023/assemblee-citoyenne-democratie-longueuil/">Récit d’une assemblée citoyenne à Longueuil</a></p>
<p>Ruth Dassonneville – LSE Blogs  – 2023|10|12<br /><a href="https://blogs.lse.ac.uk/europpblog/2023/10/12/a-political-economy-model-forecast-of-the-2023-dutch-election/">A political economy model forecast of the 2023 Dutch election</a></p>[/et_pb_toggle][/et_pb_column][/et_pb_row][/et_pb_section]

<p>Éric Bélanger – La Presse – 2023|10|29 Mauvais services = confiance à la baisse Joanie Bouchard – La Tribune – 2023|10|28Combien de fois votre député s’est-il levé à l’Assemblée nationale? Lisa Maureen Birsch – Le Journal de Québec – 2023|10|27Polimètre Trudeau 3.0: presque la moitié des promesses seraient tenues Colette Brin – Presse-toi à gauche – [&hellip;]</p>

<!-- This site is optimized with the Yoast SEO plugin v27.4 - https://yoast.com/product/yoast-seo-wordpress/ -->
<title>2023 - October - CECD - Centre pour l&#039;étude de la citoyenneté démocratique</title>
<meta name="robots" content="index, follow, max-snippet:-1, max-image-preview:large, max-video-preview:-1" />
<link rel="canonical" href="https://csdc-cecd.ca/en/2023-october/" />
<meta property="og:locale" content="en_US" />
<meta property="og:type" content="article" />
<meta property="og:title" content="2023 - October - CECD - Centre pour l&#039;étude de la citoyenneté démocratique" />
<meta property="og:description" content="Éric Bélanger – La Presse – 2023|10|29 Mauvais services = confiance à la baisse Joanie Bouchard – La Tribune – 2023|10|28Combien de fois votre député s’est-il levé à l’Assemblée nationale? Lisa Maureen Birsch – Le Journal de Québec – 2023|10|27Polimètre Trudeau 3.0: presque la moitié des promesses seraient tenues Colette Brin – Presse-toi à gauche – [&hellip;]" />
<meta property="og:url" content="https://csdc-cecd.ca/en/2023-october/" />
<meta property="og:site_name" content="CECD - Centre pour l&#039;étude de la citoyenneté démocratique" />
<meta property="article:modified_time" content="2025-04-08T14:38:36+00:00" />
<meta name="twitter:card" content="summary_large_image" />
<meta name="twitter:label1" content="Est. reading time" />
	<meta name="twitter:data1" content="1 minute" />
<script type="application/ld+json" class="yoast-schema-graph">{"@context":"https:\/\/schema.org","@graph":[{"@type":"WebPage","@id":"https:\/\/csdc-cecd.ca\/en\/2023-october\/","url":"https:\/\/csdc-cecd.ca\/en\/2023-october\/","name":"2023 - October - CECD - Centre pour l&#039;étude de la citoyenneté démocratique","isPartOf":{"@id":"https:\/\/csdc-cecd.ca\/#website"},"datePublished":"2024-10-29T18:40:29+00:00","dateModified":"2025-04-08T14:38:36+00:00","breadcrumb":{"@id":"https:\/\/csdc-cecd.ca\/en\/2023-october\/#breadcrumb"},"inLanguage":"en-US","potentialAction":[{"@type":"ReadAction","target":["https:\/\/csdc-cecd.ca\/en\/2023-october\/"]}]},{"@type":"BreadcrumbList","@id":"https:\/\/csdc-cecd.ca\/en\/2023-october\/#breadcrumb","itemListElement":[{"@type":"ListItem","position":1,"name":"Accueil","item":"https:\/\/csdc-cecd.ca\/en\/"},{"@type":"ListItem","position":2,"name":"2023 &#8211; October"}]},{"@type":"WebSite","@id":"https:\/\/csdc-cecd.ca\/#website","url":"https:\/\/csdc-cecd.ca\/","name":"CECD - Centre pour l&#039;étude de la citoyenneté démocratique","description":"","potentialAction":[{"@type":"SearchAction","target":{"@type":"EntryPoint","urlTemplate":"https:\/\/csdc-cecd.ca\/?s={search_term_string}"},"query-input":{"@type":"PropertyValueSpecification","valueRequired":true,"valueName":"search_term_string"}}],"inLanguage":"en-US"}]}</script>
<!-- / Yoast SEO plugin. -->

2023 - October - CECD - Centre pour l&#039;étude de la citoyenneté démocratique

Éric Bélanger – La Presse – 2023|10|29 Mauvais services = confiance à la baisse Joanie Bouchard – La Tribune – 2023|10|28Combien de fois votre député s’est-il levé à l’Assemblée nationale? Lisa Maureen Birsch – Le Journal de Québec – 2023|10|27Polimètre Trudeau 3.0: presque la moitié des promesses seraient tenues Colette Brin – Presse-toi à gauche – [&hellip;]

CECD - Centre pour l&#039;étude de la citoyenneté démocratique
