{"id":3581,"date":"2024-10-29T14:49:11","date_gmt":"2024-10-29T18:49:11","guid":{"rendered":"https:\/\/csdc-cecd.ca\/?page_id=3581"},"modified":"2025-04-08T10:47:05","modified_gmt":"2025-04-08T14:47:05","slug":"2023-november","status":"publish","type":"page","link":"https:\/\/csdc-cecd.ca\/en\/2023-november\/","title":{"rendered":"2023 &#8211; November"},"content":{"rendered":"\n[et_pb_section fb_built=&#8221;1&#8243; theme_builder_area=&#8221;post_content&#8221; _builder_version=&#8221;4.27.4&#8243; _module_preset=&#8221;default&#8221;][et_pb_row _builder_version=&#8221;4.27.4&#8243; _module_preset=&#8221;default&#8221; theme_builder_area=&#8221;post_content&#8221;][et_pb_column _builder_version=&#8221;4.27.4&#8243; _module_preset=&#8221;default&#8221; type=&#8221;4_4&#8243; theme_builder_area=&#8221;post_content&#8221;][et_pb_heading title=&#8221;2023 &#8211; Nov.&#8221; _builder_version=&#8221;4.27.4&#8243; _module_preset=&#8221;default&#8221; theme_builder_area=&#8221;post_content&#8221; hover_enabled=&#8221;0&#8243; sticky_enabled=&#8221;0&#8243;][\/et_pb_heading][\/et_pb_column][\/et_pb_row][et_pb_row _builder_version=&#8221;4.27.4&#8243; _module_preset=&#8221;default&#8221; theme_builder_area=&#8221;post_content&#8221;][et_pb_column _builder_version=&#8221;4.27.4&#8243; _module_preset=&#8221;default&#8221; type=&#8221;4_4&#8243; theme_builder_area=&#8221;post_content&#8221;][et_pb_toggle title=&#8221;Media&#8221; _builder_version=&#8221;4.27.4&#8243; _module_preset=&#8221;default&#8221; theme_builder_area=&#8221;post_content&#8221; hover_enabled=&#8221;0&#8243; sticky_enabled=&#8221;0&#8243;]<p>Thierry Giasson \u2013 La Presse \u2013 2023|11|29<br \/><a href=\"https:\/\/www.lapresse.ca\/actualites\/2023-11-28\/negos-du-secteur-public\/j-entends-votre-colere.php\">N\u00e9gos du secteur public | \u00ab J\u2019entends votre col\u00e8re \u00bb<\/a><\/p>\n<p>Joanie Bouchard \u2013 CBC News \u2013 2023|11|28<br \/><a href=\"https:\/\/www.cbc.ca\/news\/canada\/montreal\/quebec-solidaire-gender-parity-olivier-bolduc-1.7042896\">Qu\u00e9bec Solidaire candidate drops party over new policy on gender parity<\/a><\/p>\n<p>Ruth Dassonneville \u2013 LSE Blogs \u2013 2023|11|27<br \/><a href=\"https:\/\/blogs.lse.ac.uk\/europpblog\/2023\/11\/27\/why-the-netherlands-looks-set-for-a-period-of-political-uncertainty\/\">Why the Netherlands looks set for a period of political uncertainty<\/a><\/p>\n<p>Eric Hehman \u2013 Aeon \u2013 2023|11|27<br \/><a href=\"https:\/\/aeon.co\/essays\/the-implicit-bias-problem-wont-be-solved-by-training-alone\">The implicit bias problem won\u2019t be solved by training alone<\/a><\/p>\n<p>Andr\u00e9 Blais, Jean-Fran\u00e7ois Daoust, Marc Andr\u00e9 Bodet \u2013 Le Devoir \u2013 2023|11|20<br \/><a href=\"https:\/\/www.ledevoir.com\/politique\/quebec\/802332\/mode-scrutin-proportionnel-mixte-deja-depasse\" target=\"_blank\" rel=\"noopener\">Le mode de scrutin proportionnel mixte, d\u00e9j\u00e0 d\u00e9pass\u00e9?<\/a><\/p>\n<p>Colette Brin \u2013 Pivot Qu\u00e9bec \u2013 2023|11|19<br \/><a href=\"https:\/\/pivot.quebec\/2023\/11\/19\/comment-expliquer-le-manque-de-confiance-des-jeunes-envers-les-medias\/\">Comment expliquer le manque de confiance des jeunes envers les m\u00e9dias?<\/a><\/p>\n<p>Mireille Lalancette \u2013 Le Journal de Qu\u00e9bec \u2013 2023|11|18<br \/><a href=\"https:\/\/www.journaldequebec.com\/2023\/11\/18\/violence-sur-les-reseaux-sociaux-quest-ce-quon-attend\">Violence sur les r\u00e9seaux sociaux, qu\u2019est-ce qu\u2019on attend?<\/a><\/p>\n<p>Thierry Giasson \u2013 Le Journal de Qu\u00e9bec \u2013 2023|11|14<br \/><a href=\"https:\/\/www.journaldequebec.com\/2023\/11\/14\/une-greve-des-profs-historique-qui-pourrait-etre-longue\">Une gr\u00e8ve des profs \u00abhistorique\u00bb qui pourrait \u00eatre longue<\/a><\/p>\n<p>Leonardo Baccini \u2013 Manufacturing \u2013 2023|11|10.<br \/><a href=\"https:\/\/www.manufacturing.net\/labor\/blog\/22879058\/the-abandonment-of-cities-and-towns-in-the-heartland\" target=\"_blank\" rel=\"noopener\">The Abandonment of Cities and Towns in the Heartland<\/a><\/p>\n<p>Antoine Bilodeau \u2013 Le Devoir \u2013 2023|11|03<br \/><a href=\"https:\/\/www.ledevoir.com\/societe\/801259\/immigration-vision-canadiens-est-elle-train-changer\" target=\"_blank\" rel=\"noopener\">La vision de l\u2019immigration des Canadiens est-elle en train de changer?<\/a><\/p>\n<p>Jeremy Clark \u2013 CBC News \u2013 2023|11|03<br \/><a href=\"https:\/\/www.cbc.ca\/news\/politics\/cryptocurrency-political-conversation-waning-1.7011672\">Two years after peak crypto, Bitcoin has faded from the political conversation<\/a><\/p>\n<p>Colette Brin \u2013 TVA Nouvelles \u2013 2023|11|02<br \/><a href=\"https:\/\/www.tvanouvelles.ca\/2023\/11\/02\/coupes-chez-tva-linformation-regionale-toujours-plus-malmenee\" target=\"_blank\" rel=\"noopener\">Coupes chez TVA: l\u2019information r\u00e9gionale toujours plus malmen\u00e9e<\/a><\/p>\n<p>Colette Brin \u2013 Le Devoir \u2013 2023|11|01<br \/><a href=\"https:\/\/www.ledevoir.com\/culture\/medias\/801091\/125-travailleurs-coops-information-ont-opte-depart-volontaire\">125 travailleurs des Coops de l\u2019information ont opt\u00e9 pour un d\u00e9part volontaire<\/a><\/p>[\/et_pb_toggle][\/et_pb_column][\/et_pb_row][\/et_pb_section]\n","protected":false},"excerpt":{"rendered":"<p>Thierry Giasson \u2013 La Presse \u2013 2023|11|29N\u00e9gos du secteur public | \u00ab J\u2019entends votre col\u00e8re \u00bb Joanie Bouchard \u2013 CBC News \u2013 2023|11|28Qu\u00e9bec Solidaire candidate drops party over new policy on gender parity Ruth Dassonneville \u2013 LSE Blogs \u2013 2023|11|27Why the Netherlands looks set for a period of political uncertainty Eric Hehman \u2013 Aeon \u2013 [&hellip;]<\/p>\n","protected":false},"author":1,"featured_media":0,"parent":0,"menu_order":0,"comment_status":"closed","ping_status":"closed","template":"","meta":{"_et_pb_use_builder":"on","_et_pb_old_content":"","_et_gb_content_width":"","footnotes":""},"class_list":["post-3581","page","type-page","status-publish","hentry"],"yoast_head":"<!-- This site is optimized with the Yoast SEO plugin v27.4 - https:\/\/yoast.com\/product\/yoast-seo-wordpress\/ -->\n<title>2023 - November - CECD - Centre pour l&#039;\u00e9tude de la citoyennet\u00e9 d\u00e9mocratique<\/title>\n<meta name=\"robots\" content=\"index, follow, max-snippet:-1, max-image-preview:large, max-video-preview:-1\" \/>\n<link rel=\"canonical\" href=\"https:\/\/csdc-cecd.ca\/en\/2023-november\/\" \/>\n<meta property=\"og:locale\" content=\"en_US\" \/>\n<meta property=\"og:type\" content=\"article\" \/>\n<meta property=\"og:title\" content=\"2023 - November - CECD - Centre pour l&#039;\u00e9tude de la citoyennet\u00e9 d\u00e9mocratique\" \/>\n<meta property=\"og:description\" content=\"Thierry Giasson \u2013 La Presse \u2013 2023|11|29N\u00e9gos du secteur public | \u00ab J\u2019entends votre col\u00e8re \u00bb Joanie Bouchard \u2013 CBC News \u2013 2023|11|28Qu\u00e9bec Solidaire candidate drops party over new policy on gender parity Ruth Dassonneville \u2013 LSE Blogs \u2013 2023|11|27Why the Netherlands looks set for a period of political uncertainty Eric Hehman \u2013 Aeon \u2013 [&hellip;]\" \/>\n<meta property=\"og:url\" content=\"https:\/\/csdc-cecd.ca\/en\/2023-november\/\" \/>\n<meta property=\"og:site_name\" content=\"CECD - Centre pour l&#039;\u00e9tude de la citoyennet\u00e9 d\u00e9mocratique\" \/>\n<meta property=\"article:modified_time\" content=\"2025-04-08T14:47:05+00:00\" \/>\n<meta name=\"twitter:card\" content=\"summary_large_image\" \/>\n<meta name=\"twitter:label1\" content=\"Est. reading time\" \/>\n\t<meta name=\"twitter:data1\" content=\"2 minutes\" \/>\n<script type=\"application\/ld+json\" class=\"yoast-schema-graph\">{\"@context\":\"https:\\\/\\\/schema.org\",\"@graph\":[{\"@type\":\"WebPage\",\"@id\":\"https:\\\/\\\/csdc-cecd.ca\\\/en\\\/2023-november\\\/\",\"url\":\"https:\\\/\\\/csdc-cecd.ca\\\/en\\\/2023-november\\\/\",\"name\":\"2023 - November - CECD - Centre pour l&#039;\u00e9tude de la citoyennet\u00e9 d\u00e9mocratique\",\"isPartOf\":{\"@id\":\"https:\\\/\\\/csdc-cecd.ca\\\/#website\"},\"datePublished\":\"2024-10-29T18:49:11+00:00\",\"dateModified\":\"2025-04-08T14:47:05+00:00\",\"breadcrumb\":{\"@id\":\"https:\\\/\\\/csdc-cecd.ca\\\/en\\\/2023-november\\\/#breadcrumb\"},\"inLanguage\":\"en-US\",\"potentialAction\":[{\"@type\":\"ReadAction\",\"target\":[\"https:\\\/\\\/csdc-cecd.ca\\\/en\\\/2023-november\\\/\"]}]},{\"@type\":\"BreadcrumbList\",\"@id\":\"https:\\\/\\\/csdc-cecd.ca\\\/en\\\/2023-november\\\/#breadcrumb\",\"itemListElement\":[{\"@type\":\"ListItem\",\"position\":1,\"name\":\"Accueil\",\"item\":\"https:\\\/\\\/csdc-cecd.ca\\\/en\\\/\"},{\"@type\":\"ListItem\",\"position\":2,\"name\":\"2023 &#8211; November\"}]},{\"@type\":\"WebSite\",\"@id\":\"https:\\\/\\\/csdc-cecd.ca\\\/#website\",\"url\":\"https:\\\/\\\/csdc-cecd.ca\\\/\",\"name\":\"CECD - Centre pour l&#039;\u00e9tude de la citoyennet\u00e9 d\u00e9mocratique\",\"description\":\"\",\"potentialAction\":[{\"@type\":\"SearchAction\",\"target\":{\"@type\":\"EntryPoint\",\"urlTemplate\":\"https:\\\/\\\/csdc-cecd.ca\\\/?s={search_term_string}\"},\"query-input\":{\"@type\":\"PropertyValueSpecification\",\"valueRequired\":true,\"valueName\":\"search_term_string\"}}],\"inLanguage\":\"en-US\"}]}<\/script>\n<!-- \/ Yoast SEO plugin. -->","yoast_head_json":{"title":"2023 - November - CECD - Centre pour l&#039;\u00e9tude de la citoyennet\u00e9 d\u00e9mocratique","robots":{"index":"index","follow":"follow","max-snippet":"max-snippet:-1","max-image-preview":"max-image-preview:large","max-video-preview":"max-video-preview:-1"},"canonical":"https:\/\/csdc-cecd.ca\/en\/2023-november\/","og_locale":"en_US","og_type":"article","og_title":"2023 - November - CECD - Centre pour l&#039;\u00e9tude de la citoyennet\u00e9 d\u00e9mocratique","og_description":"Thierry Giasson \u2013 La Presse \u2013 2023|11|29N\u00e9gos du secteur public | \u00ab J\u2019entends votre col\u00e8re \u00bb Joanie Bouchard \u2013 CBC News \u2013 2023|11|28Qu\u00e9bec Solidaire candidate drops party over new policy on gender parity Ruth Dassonneville \u2013 LSE Blogs \u2013 2023|11|27Why the Netherlands looks set for a period of political uncertainty Eric Hehman \u2013 Aeon \u2013 [&hellip;]","og_url":"https:\/\/csdc-cecd.ca\/en\/2023-november\/","og_site_name":"CECD - Centre pour l&#039;\u00e9tude de la citoyennet\u00e9 d\u00e9mocratique","article_modified_time":"2025-04-08T14:47:05+00:00","twitter_card":"summary_large_image","twitter_misc":{"Est. reading time":"2 minutes"},"schema":{"@context":"https:\/\/schema.org","@graph":[{"@type":"WebPage","@id":"https:\/\/csdc-cecd.ca\/en\/2023-november\/","url":"https:\/\/csdc-cecd.ca\/en\/2023-november\/","name":"2023 - November - CECD - Centre pour l&#039;\u00e9tude de la citoyennet\u00e9 d\u00e9mocratique","isPartOf":{"@id":"https:\/\/csdc-cecd.ca\/#website"},"datePublished":"2024-10-29T18:49:11+00:00","dateModified":"2025-04-08T14:47:05+00:00","breadcrumb":{"@id":"https:\/\/csdc-cecd.ca\/en\/2023-november\/#breadcrumb"},"inLanguage":"en-US","potentialAction":[{"@type":"ReadAction","target":["https:\/\/csdc-cecd.ca\/en\/2023-november\/"]}]},{"@type":"BreadcrumbList","@id":"https:\/\/csdc-cecd.ca\/en\/2023-november\/#breadcrumb","itemListElement":[{"@type":"ListItem","position":1,"name":"Accueil","item":"https:\/\/csdc-cecd.ca\/en\/"},{"@type":"ListItem","position":2,"name":"2023 &#8211; November"}]},{"@type":"WebSite","@id":"https:\/\/csdc-cecd.ca\/#website","url":"https:\/\/csdc-cecd.ca\/","name":"CECD - Centre pour l&#039;\u00e9tude de la citoyennet\u00e9 d\u00e9mocratique","description":"","potentialAction":[{"@type":"SearchAction","target":{"@type":"EntryPoint","urlTemplate":"https:\/\/csdc-cecd.ca\/?s={search_term_string}"},"query-input":{"@type":"PropertyValueSpecification","valueRequired":true,"valueName":"search_term_string"}}],"inLanguage":"en-US"}]}},"_links":{"self":[{"href":"https:\/\/csdc-cecd.ca\/en\/wp-json\/wp\/v2\/pages\/3581","targetHints":{"allow":["GET"]}}],"collection":[{"href":"https:\/\/csdc-cecd.ca\/en\/wp-json\/wp\/v2\/pages"}],"about":[{"href":"https:\/\/csdc-cecd.ca\/en\/wp-json\/wp\/v2\/types\/page"}],"author":[{"embeddable":true,"href":"https:\/\/csdc-cecd.ca\/en\/wp-json\/wp\/v2\/users\/1"}],"replies":[{"embeddable":true,"href":"https:\/\/csdc-cecd.ca\/en\/wp-json\/wp\/v2\/comments?post=3581"}],"version-history":[{"count":4,"href":"https:\/\/csdc-cecd.ca\/en\/wp-json\/wp\/v2\/pages\/3581\/revisions"}],"predecessor-version":[{"id":4735,"href":"https:\/\/csdc-cecd.ca\/en\/wp-json\/wp\/v2\/pages\/3581\/revisions\/4735"}],"wp:attachment":[{"href":"https:\/\/csdc-cecd.ca\/en\/wp-json\/wp\/v2\/media?parent=3581"}],"curies":[{"name":"wp","href":"https:\/\/api.w.org\/{rel}","templated":true}]}}

[et_pb_section fb_built=&#8221;1&#8243; theme_builder_area=&#8221;post_content&#8221; _builder_version=&#8221;4.27.4&#8243; _module_preset=&#8221;default&#8221;][et_pb_row _builder_version=&#8221;4.27.4&#8243; _module_preset=&#8221;default&#8221; theme_builder_area=&#8221;post_content&#8221;][et_pb_column _builder_version=&#8221;4.27.4&#8243; _module_preset=&#8221;default&#8221; type=&#8221;4_4&#8243; theme_builder_area=&#8221;post_content&#8221;][et_pb_heading title=&#8221;2023 &#8211; Nov.&#8221; _builder_version=&#8221;4.27.4&#8243; _module_preset=&#8221;default&#8221; theme_builder_area=&#8221;post_content&#8221; hover_enabled=&#8221;0&#8243; sticky_enabled=&#8221;0&#8243;][/et_pb_heading][/et_pb_column][/et_pb_row][et_pb_row _builder_version=&#8221;4.27.4&#8243; _module_preset=&#8221;default&#8221; theme_builder_area=&#8221;post_content&#8221;][et_pb_column _builder_version=&#8221;4.27.4&#8243; _module_preset=&#8221;default&#8221; type=&#8221;4_4&#8243; theme_builder_area=&#8221;post_content&#8221;][et_pb_toggle title=&#8221;Media&#8221; _builder_version=&#8221;4.27.4&#8243; _module_preset=&#8221;default&#8221; theme_builder_area=&#8221;post_content&#8221; hover_enabled=&#8221;0&#8243; sticky_enabled=&#8221;0&#8243;]<p>Thierry Giasson – La Presse – 2023|11|29<br /><a href="https://www.lapresse.ca/actualites/2023-11-28/negos-du-secteur-public/j-entends-votre-colere.php">Négos du secteur public | « J’entends votre colère »</a></p>
<p>Joanie Bouchard – CBC News – 2023|11|28<br /><a href="https://www.cbc.ca/news/canada/montreal/quebec-solidaire-gender-parity-olivier-bolduc-1.7042896">Québec Solidaire candidate drops party over new policy on gender parity</a></p>
<p>Ruth Dassonneville – LSE Blogs – 2023|11|27<br /><a href="https://blogs.lse.ac.uk/europpblog/2023/11/27/why-the-netherlands-looks-set-for-a-period-of-political-uncertainty/">Why the Netherlands looks set for a period of political uncertainty</a></p>
<p>Eric Hehman – Aeon – 2023|11|27<br /><a href="https://aeon.co/essays/the-implicit-bias-problem-wont-be-solved-by-training-alone">The implicit bias problem won’t be solved by training alone</a></p>
<p>André Blais, Jean-François Daoust, Marc André Bodet – Le Devoir – 2023|11|20<br /><a href="https://www.ledevoir.com/politique/quebec/802332/mode-scrutin-proportionnel-mixte-deja-depasse" target="_blank" rel="noopener">Le mode de scrutin proportionnel mixte, déjà dépassé?</a></p>
<p>Colette Brin – Pivot Québec – 2023|11|19<br /><a href="https://pivot.quebec/2023/11/19/comment-expliquer-le-manque-de-confiance-des-jeunes-envers-les-medias/">Comment expliquer le manque de confiance des jeunes envers les médias?</a></p>
<p>Mireille Lalancette – Le Journal de Québec – 2023|11|18<br /><a href="https://www.journaldequebec.com/2023/11/18/violence-sur-les-reseaux-sociaux-quest-ce-quon-attend">Violence sur les réseaux sociaux, qu’est-ce qu’on attend?</a></p>
<p>Thierry Giasson – Le Journal de Québec – 2023|11|14<br /><a href="https://www.journaldequebec.com/2023/11/14/une-greve-des-profs-historique-qui-pourrait-etre-longue">Une grève des profs «historique» qui pourrait être longue</a></p>
<p>Leonardo Baccini – Manufacturing – 2023|11|10.<br /><a href="https://www.manufacturing.net/labor/blog/22879058/the-abandonment-of-cities-and-towns-in-the-heartland" target="_blank" rel="noopener">The Abandonment of Cities and Towns in the Heartland</a></p>
<p>Antoine Bilodeau – Le Devoir – 2023|11|03<br /><a href="https://www.ledevoir.com/societe/801259/immigration-vision-canadiens-est-elle-train-changer" target="_blank" rel="noopener">La vision de l’immigration des Canadiens est-elle en train de changer?</a></p>
<p>Jeremy Clark – CBC News – 2023|11|03<br /><a href="https://www.cbc.ca/news/politics/cryptocurrency-political-conversation-waning-1.7011672">Two years after peak crypto, Bitcoin has faded from the political conversation</a></p>
<p>Colette Brin – TVA Nouvelles – 2023|11|02<br /><a href="https://www.tvanouvelles.ca/2023/11/02/coupes-chez-tva-linformation-regionale-toujours-plus-malmenee" target="_blank" rel="noopener">Coupes chez TVA: l’information régionale toujours plus malmenée</a></p>
<p>Colette Brin – Le Devoir – 2023|11|01<br /><a href="https://www.ledevoir.com/culture/medias/801091/125-travailleurs-coops-information-ont-opte-depart-volontaire">125 travailleurs des Coops de l’information ont opté pour un départ volontaire</a></p>[/et_pb_toggle][/et_pb_column][/et_pb_row][/et_pb_section]

<p>Thierry Giasson – La Presse – 2023|11|29Négos du secteur public | « J’entends votre colère » Joanie Bouchard – CBC News – 2023|11|28Québec Solidaire candidate drops party over new policy on gender parity Ruth Dassonneville – LSE Blogs – 2023|11|27Why the Netherlands looks set for a period of political uncertainty Eric Hehman – Aeon – [&hellip;]</p>

<!-- This site is optimized with the Yoast SEO plugin v27.4 - https://yoast.com/product/yoast-seo-wordpress/ -->
<title>2023 - November - CECD - Centre pour l&#039;étude de la citoyenneté démocratique</title>
<meta name="robots" content="index, follow, max-snippet:-1, max-image-preview:large, max-video-preview:-1" />
<link rel="canonical" href="https://csdc-cecd.ca/en/2023-november/" />
<meta property="og:locale" content="en_US" />
<meta property="og:type" content="article" />
<meta property="og:title" content="2023 - November - CECD - Centre pour l&#039;étude de la citoyenneté démocratique" />
<meta property="og:description" content="Thierry Giasson – La Presse – 2023|11|29Négos du secteur public | « J’entends votre colère » Joanie Bouchard – CBC News – 2023|11|28Québec Solidaire candidate drops party over new policy on gender parity Ruth Dassonneville – LSE Blogs – 2023|11|27Why the Netherlands looks set for a period of political uncertainty Eric Hehman – Aeon – [&hellip;]" />
<meta property="og:url" content="https://csdc-cecd.ca/en/2023-november/" />
<meta property="og:site_name" content="CECD - Centre pour l&#039;étude de la citoyenneté démocratique" />
<meta property="article:modified_time" content="2025-04-08T14:47:05+00:00" />
<meta name="twitter:card" content="summary_large_image" />
<meta name="twitter:label1" content="Est. reading time" />
	<meta name="twitter:data1" content="2 minutes" />
<script type="application/ld+json" class="yoast-schema-graph">{"@context":"https:\/\/schema.org","@graph":[{"@type":"WebPage","@id":"https:\/\/csdc-cecd.ca\/en\/2023-november\/","url":"https:\/\/csdc-cecd.ca\/en\/2023-november\/","name":"2023 - November - CECD - Centre pour l&#039;étude de la citoyenneté démocratique","isPartOf":{"@id":"https:\/\/csdc-cecd.ca\/#website"},"datePublished":"2024-10-29T18:49:11+00:00","dateModified":"2025-04-08T14:47:05+00:00","breadcrumb":{"@id":"https:\/\/csdc-cecd.ca\/en\/2023-november\/#breadcrumb"},"inLanguage":"en-US","potentialAction":[{"@type":"ReadAction","target":["https:\/\/csdc-cecd.ca\/en\/2023-november\/"]}]},{"@type":"BreadcrumbList","@id":"https:\/\/csdc-cecd.ca\/en\/2023-november\/#breadcrumb","itemListElement":[{"@type":"ListItem","position":1,"name":"Accueil","item":"https:\/\/csdc-cecd.ca\/en\/"},{"@type":"ListItem","position":2,"name":"2023 &#8211; November"}]},{"@type":"WebSite","@id":"https:\/\/csdc-cecd.ca\/#website","url":"https:\/\/csdc-cecd.ca\/","name":"CECD - Centre pour l&#039;étude de la citoyenneté démocratique","description":"","potentialAction":[{"@type":"SearchAction","target":{"@type":"EntryPoint","urlTemplate":"https:\/\/csdc-cecd.ca\/?s={search_term_string}"},"query-input":{"@type":"PropertyValueSpecification","valueRequired":true,"valueName":"search_term_string"}}],"inLanguage":"en-US"}]}</script>
<!-- / Yoast SEO plugin. -->

2023 - November - CECD - Centre pour l&#039;étude de la citoyenneté démocratique

Thierry Giasson – La Presse – 2023|11|29Négos du secteur public | « J’entends votre colère » Joanie Bouchard – CBC News – 2023|11|28Québec Solidaire candidate drops party over new policy on gender parity Ruth Dassonneville – LSE Blogs – 2023|11|27Why the Netherlands looks set for a period of political uncertainty Eric Hehman – Aeon – [&hellip;]

CECD - Centre pour l&#039;étude de la citoyenneté démocratique
