{"id":3706,"date":"2024-11-21T10:10:08","date_gmt":"2024-11-21T15:10:08","guid":{"rendered":"https:\/\/csdc-cecd.ca\/presentation-interregional-a-blais\/"},"modified":"2024-11-21T10:26:11","modified_gmt":"2024-11-21T15:26:11","slug":"presentation-interregional-a-blais","status":"publish","type":"page","link":"https:\/\/csdc-cecd.ca\/en\/presentation-interregional-a-blais\/","title":{"rendered":"Interregional presentatin A. Blais"},"content":{"rendered":"<p>[et_pb_section fb_built=&#8221;1&#8243; _builder_version=&#8221;4.27.3&#8243; _module_preset=&#8221;default&#8221; global_colors_info=&#8221;{}&#8221;][et_pb_row column_structure=&#8221;2_5,3_5&#8243; _builder_version=&#8221;4.27.3&#8243; _module_preset=&#8221;default&#8221; global_colors_info=&#8221;{}&#8221;][et_pb_column type=&#8221;2_5&#8243; _builder_version=&#8221;4.27.3&#8243; _module_preset=&#8221;default&#8221; global_colors_info=&#8221;{}&#8221;][et_pb_image src=&#8221;https:\/\/csdc-cecd.ca\/wp-content\/uploads\/2024\/11\/Affiche-A-Blais.png&#8221; title_text=&#8221;Affiche A Blais&#8221; _builder_version=&#8221;4.27.3&#8243; _module_preset=&#8221;default&#8221; global_colors_info=&#8221;{}&#8221;][\/et_pb_image][\/et_pb_column][et_pb_column type=&#8221;3_5&#8243; _builder_version=&#8221;4.27.3&#8243; _module_preset=&#8221;default&#8221; global_colors_info=&#8221;{}&#8221;][et_pb_text _builder_version=&#8221;4.27.3&#8243; _module_preset=&#8221;default&#8221; hover_enabled=&#8221;0&#8243; sticky_enabled=&#8221;0&#8243;]<\/p>\n<p><span>La Chaire de recherche sur la d\u00e9mocratie et les institutions parlementaires and the Centre for the Study of Democratic Citizenship present :<\/span><\/p>\n<h4><strong>Les d\u00e9mocrates sont-ils plus disposes \u00e0 accepter la d\u00e9faite \u00e9lectorale ?<\/strong><\/h4>\n<p>Pr\u00e9sentateur : Andr\u00e9 Blais,<span>\u00a0<\/span><span>Department of science politique de l&#8217;Universit\u00e9 de Montr\u00e9al<\/span><\/p>\n<p>When: Thursday 2November 21, 11:45 a.m. &#8211; 1 p.m<br \/>Where: Universit\u00e9 Laval, DKN-3470, Qu\u00e9bec<\/p>\n<p>La l\u00e9gitimit\u00e9 et la survie d&#8217;un r\u00e9gime d\u00e9pendent du consentement des citoyens aux r\u00e9sultats des \u00e9lections, m\u00eame lorsque ces r\u00e9sultats sont d\u00e9favorables. Alors que les th\u00e9ories postulent que les individus ayant des attitudes pro-d\u00e9mocratiques acceptent mieux les pertes \u00e9lectorales, nous testons cette hypoth\u00e8se en analysant la relation empirique entre le soutien aux principes d\u00e9mocratiques, tels que le suffrage universel, et le consentement \u00e9lectoral \u00e0 des r\u00e9sultats \u00e9lectoraux hypoth\u00e9tiques mais plausibles, g\u00e9n\u00e9r\u00e9s de mani\u00e8re al\u00e9atoire. En utilisant les donn\u00e9es d&#8217;un \u00e9chantillon repr\u00e9sentatif d&#8217;Allemands, nous trouvons une relation n\u00e9gative entre les deux facteurs. En outre, les personnes ayant les convictions d\u00e9mocratiques les plus fortes sont celles qui sont le plus influenc\u00e9es dans leur consentement par des pr\u00e9f\u00e9rences partisanes. Nous constatons donc que l&#8217;esprit partisan l&#8217;emporte sur le principe d\u00e9mocratique du consentement des perdants.<\/p>\n<p>[\/et_pb_text][et_pb_text _builder_version=&#8221;4.27.3&#8243; _module_preset=&#8221;default&#8221; hover_enabled=&#8221;0&#8243; sticky_enabled=&#8221;0&#8243;]<\/p>\n<p><span>The Centre for the Study of Democratic Citizenship, which is funded by the <\/span><a href=\"https:\/\/frq.gouv.qc.ca\/en\/?_gl=1*o5ed60*_up*MQ..&amp;gclid=Cj0KCQjwz7C2BhDkARIsAA_SZKZZF5jB-6FsIs95vigEAG-xhoJ5O0HSQFDdNdEUSTzR3BuQU4vBJr8aAi69EALw_wcB\">Fonds de recherche du Qu\u00e9bec \u2013 Soci\u00e9t\u00e9 et culture (FRQSC)<\/a><span>.<\/span><\/p>\n<p>[\/et_pb_text][\/et_pb_column][\/et_pb_row][\/et_pb_section]<\/p>\n","protected":false},"excerpt":{"rendered":"<p>La Chaire de recherche sur la d\u00e9mocratie et les institutions parlementaires and the Centre for the Study of Democratic Citizenship present : Les d\u00e9mocrates sont-ils plus disposes \u00e0 accepter la d\u00e9faite \u00e9lectorale ? Pr\u00e9sentateur : Andr\u00e9 Blais,\u00a0Department of science politique de l&#8217;Universit\u00e9 de Montr\u00e9al When: Thursday 2November 21, 11:45 a.m. &#8211; 1 p.mWhere: Universit\u00e9 Laval, [&hellip;]<\/p>\n","protected":false},"author":1,"featured_media":0,"parent":0,"menu_order":0,"comment_status":"closed","ping_status":"closed","template":"","meta":{"_et_pb_use_builder":"on","_et_pb_old_content":"","_et_gb_content_width":"","footnotes":""},"class_list":["post-3706","page","type-page","status-publish","hentry"],"yoast_head":"<!-- This site is optimized with the Yoast SEO plugin v27.4 - https:\/\/yoast.com\/product\/yoast-seo-wordpress\/ -->\n<title>Interregional presentatin A. Blais - CECD - Centre pour l&#039;\u00e9tude de la citoyennet\u00e9 d\u00e9mocratique<\/title>\n<meta name=\"robots\" content=\"index, follow, max-snippet:-1, max-image-preview:large, max-video-preview:-1\" \/>\n<link rel=\"canonical\" href=\"https:\/\/csdc-cecd.ca\/en\/presentation-interregional-a-blais\/\" \/>\n<meta property=\"og:locale\" content=\"en_US\" \/>\n<meta property=\"og:type\" content=\"article\" \/>\n<meta property=\"og:title\" content=\"Interregional presentatin A. Blais - CECD - Centre pour l&#039;\u00e9tude de la citoyennet\u00e9 d\u00e9mocratique\" \/>\n<meta property=\"og:description\" content=\"La Chaire de recherche sur la d\u00e9mocratie et les institutions parlementaires and the Centre for the Study of Democratic Citizenship present : Les d\u00e9mocrates sont-ils plus disposes \u00e0 accepter la d\u00e9faite \u00e9lectorale ? Pr\u00e9sentateur : Andr\u00e9 Blais,\u00a0Department of science politique de l&#039;Universit\u00e9 de Montr\u00e9al When: Thursday 2November 21, 11:45 a.m. - 1 p.mWhere: Universit\u00e9 Laval, [&hellip;]\" \/>\n<meta property=\"og:url\" content=\"https:\/\/csdc-cecd.ca\/en\/presentation-interregional-a-blais\/\" \/>\n<meta property=\"og:site_name\" content=\"CECD - Centre pour l&#039;\u00e9tude de la citoyennet\u00e9 d\u00e9mocratique\" \/>\n<meta property=\"article:modified_time\" content=\"2024-11-21T15:26:11+00:00\" \/>\n<meta name=\"twitter:card\" content=\"summary_large_image\" \/>\n<meta name=\"twitter:label1\" content=\"Est. reading time\" \/>\n\t<meta name=\"twitter:data1\" content=\"2 minutes\" \/>\n<script type=\"application\/ld+json\" class=\"yoast-schema-graph\">{\"@context\":\"https:\\\/\\\/schema.org\",\"@graph\":[{\"@type\":\"WebPage\",\"@id\":\"https:\\\/\\\/csdc-cecd.ca\\\/en\\\/presentation-interregional-a-blais\\\/\",\"url\":\"https:\\\/\\\/csdc-cecd.ca\\\/en\\\/presentation-interregional-a-blais\\\/\",\"name\":\"Interregional presentatin A. Blais - CECD - Centre pour l&#039;\u00e9tude de la citoyennet\u00e9 d\u00e9mocratique\",\"isPartOf\":{\"@id\":\"https:\\\/\\\/csdc-cecd.ca\\\/#website\"},\"datePublished\":\"2024-11-21T15:10:08+00:00\",\"dateModified\":\"2024-11-21T15:26:11+00:00\",\"breadcrumb\":{\"@id\":\"https:\\\/\\\/csdc-cecd.ca\\\/en\\\/presentation-interregional-a-blais\\\/#breadcrumb\"},\"inLanguage\":\"en-US\",\"potentialAction\":[{\"@type\":\"ReadAction\",\"target\":[\"https:\\\/\\\/csdc-cecd.ca\\\/en\\\/presentation-interregional-a-blais\\\/\"]}]},{\"@type\":\"BreadcrumbList\",\"@id\":\"https:\\\/\\\/csdc-cecd.ca\\\/en\\\/presentation-interregional-a-blais\\\/#breadcrumb\",\"itemListElement\":[{\"@type\":\"ListItem\",\"position\":1,\"name\":\"Accueil\",\"item\":\"https:\\\/\\\/csdc-cecd.ca\\\/en\\\/\"},{\"@type\":\"ListItem\",\"position\":2,\"name\":\"Interregional presentatin A. Blais\"}]},{\"@type\":\"WebSite\",\"@id\":\"https:\\\/\\\/csdc-cecd.ca\\\/#website\",\"url\":\"https:\\\/\\\/csdc-cecd.ca\\\/\",\"name\":\"CECD - Centre pour l&#039;\u00e9tude de la citoyennet\u00e9 d\u00e9mocratique\",\"description\":\"\",\"potentialAction\":[{\"@type\":\"SearchAction\",\"target\":{\"@type\":\"EntryPoint\",\"urlTemplate\":\"https:\\\/\\\/csdc-cecd.ca\\\/?s={search_term_string}\"},\"query-input\":{\"@type\":\"PropertyValueSpecification\",\"valueRequired\":true,\"valueName\":\"search_term_string\"}}],\"inLanguage\":\"en-US\"}]}<\/script>\n<!-- \/ Yoast SEO plugin. -->","yoast_head_json":{"title":"Interregional presentatin A. Blais - CECD - Centre pour l&#039;\u00e9tude de la citoyennet\u00e9 d\u00e9mocratique","robots":{"index":"index","follow":"follow","max-snippet":"max-snippet:-1","max-image-preview":"max-image-preview:large","max-video-preview":"max-video-preview:-1"},"canonical":"https:\/\/csdc-cecd.ca\/en\/presentation-interregional-a-blais\/","og_locale":"en_US","og_type":"article","og_title":"Interregional presentatin A. Blais - CECD - Centre pour l&#039;\u00e9tude de la citoyennet\u00e9 d\u00e9mocratique","og_description":"La Chaire de recherche sur la d\u00e9mocratie et les institutions parlementaires and the Centre for the Study of Democratic Citizenship present : Les d\u00e9mocrates sont-ils plus disposes \u00e0 accepter la d\u00e9faite \u00e9lectorale ? Pr\u00e9sentateur : Andr\u00e9 Blais,\u00a0Department of science politique de l'Universit\u00e9 de Montr\u00e9al When: Thursday 2November 21, 11:45 a.m. - 1 p.mWhere: Universit\u00e9 Laval, [&hellip;]","og_url":"https:\/\/csdc-cecd.ca\/en\/presentation-interregional-a-blais\/","og_site_name":"CECD - Centre pour l&#039;\u00e9tude de la citoyennet\u00e9 d\u00e9mocratique","article_modified_time":"2024-11-21T15:26:11+00:00","twitter_card":"summary_large_image","twitter_misc":{"Est. reading time":"2 minutes"},"schema":{"@context":"https:\/\/schema.org","@graph":[{"@type":"WebPage","@id":"https:\/\/csdc-cecd.ca\/en\/presentation-interregional-a-blais\/","url":"https:\/\/csdc-cecd.ca\/en\/presentation-interregional-a-blais\/","name":"Interregional presentatin A. Blais - CECD - Centre pour l&#039;\u00e9tude de la citoyennet\u00e9 d\u00e9mocratique","isPartOf":{"@id":"https:\/\/csdc-cecd.ca\/#website"},"datePublished":"2024-11-21T15:10:08+00:00","dateModified":"2024-11-21T15:26:11+00:00","breadcrumb":{"@id":"https:\/\/csdc-cecd.ca\/en\/presentation-interregional-a-blais\/#breadcrumb"},"inLanguage":"en-US","potentialAction":[{"@type":"ReadAction","target":["https:\/\/csdc-cecd.ca\/en\/presentation-interregional-a-blais\/"]}]},{"@type":"BreadcrumbList","@id":"https:\/\/csdc-cecd.ca\/en\/presentation-interregional-a-blais\/#breadcrumb","itemListElement":[{"@type":"ListItem","position":1,"name":"Accueil","item":"https:\/\/csdc-cecd.ca\/en\/"},{"@type":"ListItem","position":2,"name":"Interregional presentatin A. Blais"}]},{"@type":"WebSite","@id":"https:\/\/csdc-cecd.ca\/#website","url":"https:\/\/csdc-cecd.ca\/","name":"CECD - Centre pour l&#039;\u00e9tude de la citoyennet\u00e9 d\u00e9mocratique","description":"","potentialAction":[{"@type":"SearchAction","target":{"@type":"EntryPoint","urlTemplate":"https:\/\/csdc-cecd.ca\/?s={search_term_string}"},"query-input":{"@type":"PropertyValueSpecification","valueRequired":true,"valueName":"search_term_string"}}],"inLanguage":"en-US"}]}},"_links":{"self":[{"href":"https:\/\/csdc-cecd.ca\/en\/wp-json\/wp\/v2\/pages\/3706","targetHints":{"allow":["GET"]}}],"collection":[{"href":"https:\/\/csdc-cecd.ca\/en\/wp-json\/wp\/v2\/pages"}],"about":[{"href":"https:\/\/csdc-cecd.ca\/en\/wp-json\/wp\/v2\/types\/page"}],"author":[{"embeddable":true,"href":"https:\/\/csdc-cecd.ca\/en\/wp-json\/wp\/v2\/users\/1"}],"replies":[{"embeddable":true,"href":"https:\/\/csdc-cecd.ca\/en\/wp-json\/wp\/v2\/comments?post=3706"}],"version-history":[{"count":3,"href":"https:\/\/csdc-cecd.ca\/en\/wp-json\/wp\/v2\/pages\/3706\/revisions"}],"predecessor-version":[{"id":3709,"href":"https:\/\/csdc-cecd.ca\/en\/wp-json\/wp\/v2\/pages\/3706\/revisions\/3709"}],"wp:attachment":[{"href":"https:\/\/csdc-cecd.ca\/en\/wp-json\/wp\/v2\/media?parent=3706"}],"curies":[{"name":"wp","href":"https:\/\/api.w.org\/{rel}","templated":true}]}}

<p>[et_pb_section fb_built=&#8221;1&#8243; _builder_version=&#8221;4.27.3&#8243; _module_preset=&#8221;default&#8221; global_colors_info=&#8221;{}&#8221;][et_pb_row column_structure=&#8221;2_5,3_5&#8243; _builder_version=&#8221;4.27.3&#8243; _module_preset=&#8221;default&#8221; global_colors_info=&#8221;{}&#8221;][et_pb_column type=&#8221;2_5&#8243; _builder_version=&#8221;4.27.3&#8243; _module_preset=&#8221;default&#8221; global_colors_info=&#8221;{}&#8221;][et_pb_image src=&#8221;https://csdc-cecd.ca/wp-content/uploads/2024/11/Affiche-A-Blais.png&#8221; title_text=&#8221;Affiche A Blais&#8221; _builder_version=&#8221;4.27.3&#8243; _module_preset=&#8221;default&#8221; global_colors_info=&#8221;{}&#8221;][/et_pb_image][/et_pb_column][et_pb_column type=&#8221;3_5&#8243; _builder_version=&#8221;4.27.3&#8243; _module_preset=&#8221;default&#8221; global_colors_info=&#8221;{}&#8221;][et_pb_text _builder_version=&#8221;4.27.3&#8243; _module_preset=&#8221;default&#8221; hover_enabled=&#8221;0&#8243; sticky_enabled=&#8221;0&#8243;]</p>
<p><span>La Chaire de recherche sur la démocratie et les institutions parlementaires and the Centre for the Study of Democratic Citizenship present :</span></p>
<h4><strong>Les démocrates sont-ils plus disposes à accepter la défaite électorale ?</strong></h4>
<p>Présentateur : André Blais,<span> </span><span>Department of science politique de l&#8217;Université de Montréal</span></p>
<p>When: Thursday 2November 21, 11:45 a.m. &#8211; 1 p.m<br />Where: Université Laval, DKN-3470, Québec</p>
<p>La légitimité et la survie d&#8217;un régime dépendent du consentement des citoyens aux résultats des élections, même lorsque ces résultats sont défavorables. Alors que les théories postulent que les individus ayant des attitudes pro-démocratiques acceptent mieux les pertes électorales, nous testons cette hypothèse en analysant la relation empirique entre le soutien aux principes démocratiques, tels que le suffrage universel, et le consentement électoral à des résultats électoraux hypothétiques mais plausibles, générés de manière aléatoire. En utilisant les données d&#8217;un échantillon représentatif d&#8217;Allemands, nous trouvons une relation négative entre les deux facteurs. En outre, les personnes ayant les convictions démocratiques les plus fortes sont celles qui sont le plus influencées dans leur consentement par des préférences partisanes. Nous constatons donc que l&#8217;esprit partisan l&#8217;emporte sur le principe démocratique du consentement des perdants.</p>
<p>[/et_pb_text][et_pb_text _builder_version=&#8221;4.27.3&#8243; _module_preset=&#8221;default&#8221; hover_enabled=&#8221;0&#8243; sticky_enabled=&#8221;0&#8243;]</p>
<p><span>The Centre for the Study of Democratic Citizenship, which is funded by the </span><a href="https://frq.gouv.qc.ca/en/?_gl=1*o5ed60*_up*MQ..&amp;gclid=Cj0KCQjwz7C2BhDkARIsAA_SZKZZF5jB-6FsIs95vigEAG-xhoJ5O0HSQFDdNdEUSTzR3BuQU4vBJr8aAi69EALw_wcB">Fonds de recherche du Québec – Société et culture (FRQSC)</a><span>.</span></p>
<p>[/et_pb_text][/et_pb_column][/et_pb_row][/et_pb_section]</p>

<p>La Chaire de recherche sur la démocratie et les institutions parlementaires and the Centre for the Study of Democratic Citizenship present : Les démocrates sont-ils plus disposes à accepter la défaite électorale ? Présentateur : André Blais, Department of science politique de l&#8217;Université de Montréal When: Thursday 2November 21, 11:45 a.m. &#8211; 1 p.mWhere: Université Laval, [&hellip;]</p>

<!-- This site is optimized with the Yoast SEO plugin v27.4 - https://yoast.com/product/yoast-seo-wordpress/ -->
<title>Interregional presentatin A. Blais - CECD - Centre pour l&#039;étude de la citoyenneté démocratique</title>
<meta name="robots" content="index, follow, max-snippet:-1, max-image-preview:large, max-video-preview:-1" />
<link rel="canonical" href="https://csdc-cecd.ca/en/presentation-interregional-a-blais/" />
<meta property="og:locale" content="en_US" />
<meta property="og:type" content="article" />
<meta property="og:title" content="Interregional presentatin A. Blais - CECD - Centre pour l&#039;étude de la citoyenneté démocratique" />
<meta property="og:description" content="La Chaire de recherche sur la démocratie et les institutions parlementaires and the Centre for the Study of Democratic Citizenship present : Les démocrates sont-ils plus disposes à accepter la défaite électorale ? Présentateur : André Blais, Department of science politique de l&#039;Université de Montréal When: Thursday 2November 21, 11:45 a.m. - 1 p.mWhere: Université Laval, [&hellip;]" />
<meta property="og:url" content="https://csdc-cecd.ca/en/presentation-interregional-a-blais/" />
<meta property="og:site_name" content="CECD - Centre pour l&#039;étude de la citoyenneté démocratique" />
<meta property="article:modified_time" content="2024-11-21T15:26:11+00:00" />
<meta name="twitter:card" content="summary_large_image" />
<meta name="twitter:label1" content="Est. reading time" />
	<meta name="twitter:data1" content="2 minutes" />
<script type="application/ld+json" class="yoast-schema-graph">{"@context":"https:\/\/schema.org","@graph":[{"@type":"WebPage","@id":"https:\/\/csdc-cecd.ca\/en\/presentation-interregional-a-blais\/","url":"https:\/\/csdc-cecd.ca\/en\/presentation-interregional-a-blais\/","name":"Interregional presentatin A. Blais - CECD - Centre pour l&#039;étude de la citoyenneté démocratique","isPartOf":{"@id":"https:\/\/csdc-cecd.ca\/#website"},"datePublished":"2024-11-21T15:10:08+00:00","dateModified":"2024-11-21T15:26:11+00:00","breadcrumb":{"@id":"https:\/\/csdc-cecd.ca\/en\/presentation-interregional-a-blais\/#breadcrumb"},"inLanguage":"en-US","potentialAction":[{"@type":"ReadAction","target":["https:\/\/csdc-cecd.ca\/en\/presentation-interregional-a-blais\/"]}]},{"@type":"BreadcrumbList","@id":"https:\/\/csdc-cecd.ca\/en\/presentation-interregional-a-blais\/#breadcrumb","itemListElement":[{"@type":"ListItem","position":1,"name":"Accueil","item":"https:\/\/csdc-cecd.ca\/en\/"},{"@type":"ListItem","position":2,"name":"Interregional presentatin A. Blais"}]},{"@type":"WebSite","@id":"https:\/\/csdc-cecd.ca\/#website","url":"https:\/\/csdc-cecd.ca\/","name":"CECD - Centre pour l&#039;étude de la citoyenneté démocratique","description":"","potentialAction":[{"@type":"SearchAction","target":{"@type":"EntryPoint","urlTemplate":"https:\/\/csdc-cecd.ca\/?s={search_term_string}"},"query-input":{"@type":"PropertyValueSpecification","valueRequired":true,"valueName":"search_term_string"}}],"inLanguage":"en-US"}]}</script>
<!-- / Yoast SEO plugin. -->

Interregional presentatin A. Blais - CECD - Centre pour l&#039;étude de la citoyenneté démocratique

La Chaire de recherche sur la démocratie et les institutions parlementaires and the Centre for the Study of Democratic Citizenship present : Les démocrates sont-ils plus disposes à accepter la défaite électorale ? Présentateur : André Blais, Department of science politique de l'Université de Montréal When: Thursday 2November 21, 11:45 a.m. - 1 p.mWhere: Université Laval, [&hellip;]

CECD - Centre pour l&#039;étude de la citoyenneté démocratique
