{"id":3819,"date":"2024-12-18T07:42:28","date_gmt":"2024-12-18T12:42:28","guid":{"rendered":"https:\/\/csdc-cecd.ca\/debats-a-lassemblee-nationale-la-pauvrete\/"},"modified":"2025-03-11T14:07:54","modified_gmt":"2025-03-11T18:07:54","slug":"debats-a-lassemblee-nationale-la-pauvrete","status":"publish","type":"page","link":"https:\/\/csdc-cecd.ca\/en\/debats-a-lassemblee-nationale-la-pauvrete\/","title":{"rendered":"L\u2019analyse des repr\u00e9sentations de la pauvret\u00e9 au Qu\u00e9bec : un levier essentiel \u00e0 la r\u00e9vision des politiques publiques"},"content":{"rendered":"<p>[et_pb_section fb_built=&#8221;1&#8243; _builder_version=&#8221;4.27.4&#8243; _module_preset=&#8221;default&#8221; global_colors_info=&#8221;{}&#8221;][et_pb_row column_structure=&#8221;1_4,3_4&#8243; _builder_version=&#8221;4.27.4&#8243; _module_preset=&#8221;default&#8221; global_colors_info=&#8221;{}&#8221;][et_pb_column type=&#8221;1_4&#8243; _builder_version=&#8221;4.27.4&#8243; _module_preset=&#8221;default&#8221; global_colors_info=&#8221;{}&#8221;][et_pb_image src=&#8221;https:\/\/csdc-cecd.ca\/wp-content\/uploads\/2025\/03\/RDV-Landry.png&#8221; title_text=&#8221;RDV &#8211; Landry&#8221; _builder_version=&#8221;4.27.4&#8243; _module_preset=&#8221;default&#8221; global_colors_info=&#8221;{}&#8221;][\/et_pb_image][\/et_pb_column][et_pb_column type=&#8221;3_4&#8243; _builder_version=&#8221;4.27.4&#8243; _module_preset=&#8221;default&#8221; global_colors_info=&#8221;{}&#8221;][et_pb_text _builder_version=&#8221;4.27.4&#8243; _module_preset=&#8221;default&#8221; hover_enabled=&#8221;0&#8243; sticky_enabled=&#8221;0&#8243;]<\/p>\n<p><span>La Chaire de recherche sur la d\u00e9mocratie et les institutions parlementaires amd the Centre for the Study of democratic Citizenship present :<\/span><\/p>\n<p><strong>L\u2019analyse des repr\u00e9sentations de la pauvret\u00e9 au Qu\u00e9bec : un levier essentiel \u00e0 la r\u00e9vision des politiques publiques<\/strong><br \/>Presenter : <a href=\"https:\/\/www.teluq.ca\/siteweb\/univ\/nlandry.html\">Normand Landry<\/a>, D\u00e9partement Sciences humaines, Lettres et Communication de l&#8217;Universit\u00e9 T\u00c9LUQ<strong><\/strong><strong><\/strong><\/p>\n<p><span>When:\u00a0 Thursday March 20, 2025, 12 &#8211; 1:15 p.m.<\/span><br \/><span>Where : Universit\u00e9 Laval, Pavillon Charles-De Koninck, room 3470, Quebec City<\/span><\/p>\n<p><span>ZOOM: <a href=\"https:\/\/ulaval.zoom.us\/j\/65807784518?pwd=VCBNLa8UapR6vjeaavOOkC1G83rDV0.1\">https:\/\/ulaval.zoom.us\/j\/65807784518?pwd=VCBNLa8UapR6vjeaavOOkC1G83rDV0.1<\/a>\u00a0<\/span><\/p>\n<p style=\"font-weight: 400;\">Au Qu\u00e9bec, plus de 686\u00a0000\u00a0personnes n\u2019arrivent pas \u00e0 couvrir leurs besoins de base (Statistique Canada, 2024). Une personne sur dix a<strong>\u00a0<\/strong>recours aux services d\u2019une banque alimentaire (BAQ, 2024) et une personne sur cinq vit dans un logement non abordable, de taille ou de qualit\u00e9 non convenable (ISQ, 2023).\u00a0La condition sociale est un motif d\u00e9cisif de discrimination et les personnes et groupes sociaux en situation de pauvret\u00e9 font l\u2019objet de repr\u00e9sentations durablement n\u00e9gatives\u00a0(Noreau et al., 2016; Landry et al., 2022). Pourtant, les travaux qui s\u2019int\u00e9ressent \u00e0 ces repr\u00e9sentations sont lacunaires. Cette question est n\u00e9glig\u00e9e \u00e0 la fois dans les travaux universitaires et dans l\u2019espace public qu\u00e9b\u00e9cois.<\/p>\n<p style=\"font-weight: 400;\">Cette communication pr\u00e9sentera des conclusions tir\u00e9es deux \u00e9tudes sur les repr\u00e9sentations de la pauvret\u00e9 v\u00e9hicul\u00e9es par des m\u00e9dias d\u2019information, les responsables politiques, l\u2019opinion publique, les organismes communautaires, et par des personnes en situation de pauvret\u00e9. Elle rendra compte de la construction sociale de la pauvret\u00e9 en contexte qu\u00e9b\u00e9cois. Ce faisant, elle \u00e9tablira les caract\u00e9ristiques et les traits attribu\u00e9s aux personnes en situation de pauvret\u00e9 par les diff\u00e9rents acteurs, et elle rendra compte avec pr\u00e9cision de l\u2019importance accord\u00e9e par ces acteurs \u00e0 la question de la pauvret\u00e9. Elle exposera \u00e9galement les attitudes pr\u00e9pond\u00e9rantes \u00e0 l\u2019\u00e9gard d\u2019actions publiques de rem\u00e9diation ou d\u2019att\u00e9nuation de la pauvret\u00e9.<\/p>\n<h4><strong><\/strong><\/h4>\n<p>[\/et_pb_text][\/et_pb_column][\/et_pb_row][et_pb_row _builder_version=&#8221;4.27.4&#8243; _module_preset=&#8221;default&#8221; global_colors_info=&#8221;{}&#8221;][et_pb_column type=&#8221;4_4&#8243; _builder_version=&#8221;4.27.4&#8243; _module_preset=&#8221;default&#8221; global_colors_info=&#8221;{}&#8221;][et_pb_text _builder_version=&#8221;4.27.4&#8243; _module_preset=&#8221;default&#8221;]<\/p>\n<p><span>The <\/span><span>Centre for the Study of Democratic Citizenship <\/span><span>is funded by the\u00a0<a href=\"https:\/\/frq.gouv.qc.ca\/\">Fonds de recherche du Qu\u00e9bec \u2013 Soci\u00e9t\u00e9 et culture (FRQSC)<\/a>.<\/span><\/p>\n<h4><strong><\/strong><\/h4>\n<p>[\/et_pb_text][\/et_pb_column][\/et_pb_row][\/et_pb_section]<\/p>\n","protected":false},"excerpt":{"rendered":"<p>La Chaire de recherche sur la d\u00e9mocratie et les institutions parlementaires amd the Centre for the Study of democratic Citizenship present : L\u2019analyse des repr\u00e9sentations de la pauvret\u00e9 au Qu\u00e9bec : un levier essentiel \u00e0 la r\u00e9vision des politiques publiquesPresenter : Normand Landry, D\u00e9partement Sciences humaines, Lettres et Communication de l&#8217;Universit\u00e9 T\u00c9LUQ When:\u00a0 Thursday March [&hellip;]<\/p>\n","protected":false},"author":1,"featured_media":0,"parent":0,"menu_order":0,"comment_status":"closed","ping_status":"closed","template":"","meta":{"_et_pb_use_builder":"on","_et_pb_old_content":"","_et_gb_content_width":"","footnotes":""},"class_list":["post-3819","page","type-page","status-publish","hentry"],"yoast_head":"<!-- This site is optimized with the Yoast SEO plugin v27.4 - https:\/\/yoast.com\/product\/yoast-seo-wordpress\/ -->\n<title>L\u2019analyse des repr\u00e9sentations de la pauvret\u00e9 au Qu\u00e9bec : un levier essentiel \u00e0 la r\u00e9vision des politiques publiques - CECD - Centre pour l&#039;\u00e9tude de la citoyennet\u00e9 d\u00e9mocratique<\/title>\n<meta name=\"robots\" content=\"index, follow, max-snippet:-1, max-image-preview:large, max-video-preview:-1\" \/>\n<link rel=\"canonical\" href=\"https:\/\/csdc-cecd.ca\/debats-a-lassemblee-nationale-la-pauvrete\/\" \/>\n<meta property=\"og:locale\" content=\"en_US\" \/>\n<meta property=\"og:type\" content=\"article\" \/>\n<meta property=\"og:title\" content=\"L\u2019analyse des repr\u00e9sentations de la pauvret\u00e9 au Qu\u00e9bec : un levier essentiel \u00e0 la r\u00e9vision des politiques publiques - CECD - Centre pour l&#039;\u00e9tude de la citoyennet\u00e9 d\u00e9mocratique\" \/>\n<meta property=\"og:description\" content=\"La Chaire de recherche sur la d\u00e9mocratie et les institutions parlementaires amd the Centre for the Study of democratic Citizenship present : L\u2019analyse des repr\u00e9sentations de la pauvret\u00e9 au Qu\u00e9bec : un levier essentiel \u00e0 la r\u00e9vision des politiques publiquesPresenter : Normand Landry, D\u00e9partement Sciences humaines, Lettres et Communication de l&#039;Universit\u00e9 T\u00c9LUQ When:\u00a0 Thursday March [&hellip;]\" \/>\n<meta property=\"og:url\" content=\"https:\/\/csdc-cecd.ca\/debats-a-lassemblee-nationale-la-pauvrete\/\" \/>\n<meta property=\"og:site_name\" content=\"CECD - Centre pour l&#039;\u00e9tude de la citoyennet\u00e9 d\u00e9mocratique\" \/>\n<meta property=\"article:modified_time\" content=\"2025-03-11T18:07:54+00:00\" \/>\n<meta name=\"twitter:card\" content=\"summary_large_image\" \/>\n<meta name=\"twitter:label1\" content=\"Est. reading time\" \/>\n\t<meta name=\"twitter:data1\" content=\"1 minute\" \/>\n<script type=\"application\/ld+json\" class=\"yoast-schema-graph\">{\"@context\":\"https:\\\/\\\/schema.org\",\"@graph\":[{\"@type\":\"WebPage\",\"@id\":\"https:\\\/\\\/csdc-cecd.ca\\\/debats-a-lassemblee-nationale-la-pauvrete\\\/\",\"url\":\"https:\\\/\\\/csdc-cecd.ca\\\/debats-a-lassemblee-nationale-la-pauvrete\\\/\",\"name\":\"L\u2019analyse des repr\u00e9sentations de la pauvret\u00e9 au Qu\u00e9bec : un levier essentiel \u00e0 la r\u00e9vision des politiques publiques - CECD - Centre pour l&#039;\u00e9tude de la citoyennet\u00e9 d\u00e9mocratique\",\"isPartOf\":{\"@id\":\"https:\\\/\\\/csdc-cecd.ca\\\/#website\"},\"datePublished\":\"2024-12-18T12:42:28+00:00\",\"dateModified\":\"2025-03-11T18:07:54+00:00\",\"breadcrumb\":{\"@id\":\"https:\\\/\\\/csdc-cecd.ca\\\/debats-a-lassemblee-nationale-la-pauvrete\\\/#breadcrumb\"},\"inLanguage\":\"en-US\",\"potentialAction\":[{\"@type\":\"ReadAction\",\"target\":[\"https:\\\/\\\/csdc-cecd.ca\\\/debats-a-lassemblee-nationale-la-pauvrete\\\/\"]}]},{\"@type\":\"BreadcrumbList\",\"@id\":\"https:\\\/\\\/csdc-cecd.ca\\\/debats-a-lassemblee-nationale-la-pauvrete\\\/#breadcrumb\",\"itemListElement\":[{\"@type\":\"ListItem\",\"position\":1,\"name\":\"Accueil\",\"item\":\"https:\\\/\\\/csdc-cecd.ca\\\/en\\\/\"},{\"@type\":\"ListItem\",\"position\":2,\"name\":\"L\u2019analyse des repr\u00e9sentations de la pauvret\u00e9 au Qu\u00e9bec : un levier essentiel \u00e0 la r\u00e9vision des politiques publiques\"}]},{\"@type\":\"WebSite\",\"@id\":\"https:\\\/\\\/csdc-cecd.ca\\\/#website\",\"url\":\"https:\\\/\\\/csdc-cecd.ca\\\/\",\"name\":\"CECD - Centre pour l&#039;\u00e9tude de la citoyennet\u00e9 d\u00e9mocratique\",\"description\":\"\",\"potentialAction\":[{\"@type\":\"SearchAction\",\"target\":{\"@type\":\"EntryPoint\",\"urlTemplate\":\"https:\\\/\\\/csdc-cecd.ca\\\/?s={search_term_string}\"},\"query-input\":{\"@type\":\"PropertyValueSpecification\",\"valueRequired\":true,\"valueName\":\"search_term_string\"}}],\"inLanguage\":\"en-US\"}]}<\/script>\n<!-- \/ Yoast SEO plugin. -->","yoast_head_json":{"title":"L\u2019analyse des repr\u00e9sentations de la pauvret\u00e9 au Qu\u00e9bec : un levier essentiel \u00e0 la r\u00e9vision des politiques publiques - CECD - Centre pour l&#039;\u00e9tude de la citoyennet\u00e9 d\u00e9mocratique","robots":{"index":"index","follow":"follow","max-snippet":"max-snippet:-1","max-image-preview":"max-image-preview:large","max-video-preview":"max-video-preview:-1"},"canonical":"https:\/\/csdc-cecd.ca\/debats-a-lassemblee-nationale-la-pauvrete\/","og_locale":"en_US","og_type":"article","og_title":"L\u2019analyse des repr\u00e9sentations de la pauvret\u00e9 au Qu\u00e9bec : un levier essentiel \u00e0 la r\u00e9vision des politiques publiques - CECD - Centre pour l&#039;\u00e9tude de la citoyennet\u00e9 d\u00e9mocratique","og_description":"La Chaire de recherche sur la d\u00e9mocratie et les institutions parlementaires amd the Centre for the Study of democratic Citizenship present : L\u2019analyse des repr\u00e9sentations de la pauvret\u00e9 au Qu\u00e9bec : un levier essentiel \u00e0 la r\u00e9vision des politiques publiquesPresenter : Normand Landry, D\u00e9partement Sciences humaines, Lettres et Communication de l'Universit\u00e9 T\u00c9LUQ When:\u00a0 Thursday March [&hellip;]","og_url":"https:\/\/csdc-cecd.ca\/debats-a-lassemblee-nationale-la-pauvrete\/","og_site_name":"CECD - Centre pour l&#039;\u00e9tude de la citoyennet\u00e9 d\u00e9mocratique","article_modified_time":"2025-03-11T18:07:54+00:00","twitter_card":"summary_large_image","twitter_misc":{"Est. reading time":"1 minute"},"schema":{"@context":"https:\/\/schema.org","@graph":[{"@type":"WebPage","@id":"https:\/\/csdc-cecd.ca\/debats-a-lassemblee-nationale-la-pauvrete\/","url":"https:\/\/csdc-cecd.ca\/debats-a-lassemblee-nationale-la-pauvrete\/","name":"L\u2019analyse des repr\u00e9sentations de la pauvret\u00e9 au Qu\u00e9bec : un levier essentiel \u00e0 la r\u00e9vision des politiques publiques - CECD - Centre pour l&#039;\u00e9tude de la citoyennet\u00e9 d\u00e9mocratique","isPartOf":{"@id":"https:\/\/csdc-cecd.ca\/#website"},"datePublished":"2024-12-18T12:42:28+00:00","dateModified":"2025-03-11T18:07:54+00:00","breadcrumb":{"@id":"https:\/\/csdc-cecd.ca\/debats-a-lassemblee-nationale-la-pauvrete\/#breadcrumb"},"inLanguage":"en-US","potentialAction":[{"@type":"ReadAction","target":["https:\/\/csdc-cecd.ca\/debats-a-lassemblee-nationale-la-pauvrete\/"]}]},{"@type":"BreadcrumbList","@id":"https:\/\/csdc-cecd.ca\/debats-a-lassemblee-nationale-la-pauvrete\/#breadcrumb","itemListElement":[{"@type":"ListItem","position":1,"name":"Accueil","item":"https:\/\/csdc-cecd.ca\/en\/"},{"@type":"ListItem","position":2,"name":"L\u2019analyse des repr\u00e9sentations de la pauvret\u00e9 au Qu\u00e9bec : un levier essentiel \u00e0 la r\u00e9vision des politiques publiques"}]},{"@type":"WebSite","@id":"https:\/\/csdc-cecd.ca\/#website","url":"https:\/\/csdc-cecd.ca\/","name":"CECD - Centre pour l&#039;\u00e9tude de la citoyennet\u00e9 d\u00e9mocratique","description":"","potentialAction":[{"@type":"SearchAction","target":{"@type":"EntryPoint","urlTemplate":"https:\/\/csdc-cecd.ca\/?s={search_term_string}"},"query-input":{"@type":"PropertyValueSpecification","valueRequired":true,"valueName":"search_term_string"}}],"inLanguage":"en-US"}]}},"_links":{"self":[{"href":"https:\/\/csdc-cecd.ca\/en\/wp-json\/wp\/v2\/pages\/3819","targetHints":{"allow":["GET"]}}],"collection":[{"href":"https:\/\/csdc-cecd.ca\/en\/wp-json\/wp\/v2\/pages"}],"about":[{"href":"https:\/\/csdc-cecd.ca\/en\/wp-json\/wp\/v2\/types\/page"}],"author":[{"embeddable":true,"href":"https:\/\/csdc-cecd.ca\/en\/wp-json\/wp\/v2\/users\/1"}],"replies":[{"embeddable":true,"href":"https:\/\/csdc-cecd.ca\/en\/wp-json\/wp\/v2\/comments?post=3819"}],"version-history":[{"count":9,"href":"https:\/\/csdc-cecd.ca\/en\/wp-json\/wp\/v2\/pages\/3819\/revisions"}],"predecessor-version":[{"id":4298,"href":"https:\/\/csdc-cecd.ca\/en\/wp-json\/wp\/v2\/pages\/3819\/revisions\/4298"}],"wp:attachment":[{"href":"https:\/\/csdc-cecd.ca\/en\/wp-json\/wp\/v2\/media?parent=3819"}],"curies":[{"name":"wp","href":"https:\/\/api.w.org\/{rel}","templated":true}]}}

L’analyse des représentations de la pauvreté au Québec : un levier essentiel à la révision des politiques publiques

<p>[et_pb_section fb_built=&#8221;1&#8243; _builder_version=&#8221;4.27.4&#8243; _module_preset=&#8221;default&#8221; global_colors_info=&#8221;{}&#8221;][et_pb_row column_structure=&#8221;1_4,3_4&#8243; _builder_version=&#8221;4.27.4&#8243; _module_preset=&#8221;default&#8221; global_colors_info=&#8221;{}&#8221;][et_pb_column type=&#8221;1_4&#8243; _builder_version=&#8221;4.27.4&#8243; _module_preset=&#8221;default&#8221; global_colors_info=&#8221;{}&#8221;][et_pb_image src=&#8221;https://csdc-cecd.ca/wp-content/uploads/2025/03/RDV-Landry.png&#8221; title_text=&#8221;RDV &#8211; Landry&#8221; _builder_version=&#8221;4.27.4&#8243; _module_preset=&#8221;default&#8221; global_colors_info=&#8221;{}&#8221;][/et_pb_image][/et_pb_column][et_pb_column type=&#8221;3_4&#8243; _builder_version=&#8221;4.27.4&#8243; _module_preset=&#8221;default&#8221; global_colors_info=&#8221;{}&#8221;][et_pb_text _builder_version=&#8221;4.27.4&#8243; _module_preset=&#8221;default&#8221; hover_enabled=&#8221;0&#8243; sticky_enabled=&#8221;0&#8243;]</p>
<p><span>La Chaire de recherche sur la démocratie et les institutions parlementaires amd the Centre for the Study of democratic Citizenship present :</span></p>
<p><strong>L’analyse des représentations de la pauvreté au Québec : un levier essentiel à la révision des politiques publiques</strong><br />Presenter : <a href="https://www.teluq.ca/siteweb/univ/nlandry.html">Normand Landry</a>, Département Sciences humaines, Lettres et Communication de l&#8217;Université TÉLUQ<strong></strong><strong></strong></p>
<p><span>When:  Thursday March 20, 2025, 12 &#8211; 1:15 p.m.</span><br /><span>Where : Université Laval, Pavillon Charles-De Koninck, room 3470, Quebec City</span></p>
<p><span>ZOOM: <a href="https://ulaval.zoom.us/j/65807784518?pwd=VCBNLa8UapR6vjeaavOOkC1G83rDV0.1">https://ulaval.zoom.us/j/65807784518?pwd=VCBNLa8UapR6vjeaavOOkC1G83rDV0.1</a> </span></p>
<p style="font-weight: 400;">Au Québec, plus de 686 000 personnes n’arrivent pas à couvrir leurs besoins de base (Statistique Canada, 2024). Une personne sur dix a<strong> </strong>recours aux services d’une banque alimentaire (BAQ, 2024) et une personne sur cinq vit dans un logement non abordable, de taille ou de qualité non convenable (ISQ, 2023). La condition sociale est un motif décisif de discrimination et les personnes et groupes sociaux en situation de pauvreté font l’objet de représentations durablement négatives (Noreau et al., 2016; Landry et al., 2022). Pourtant, les travaux qui s’intéressent à ces représentations sont lacunaires. Cette question est négligée à la fois dans les travaux universitaires et dans l’espace public québécois.</p>
<p style="font-weight: 400;">Cette communication présentera des conclusions tirées deux études sur les représentations de la pauvreté véhiculées par des médias d’information, les responsables politiques, l’opinion publique, les organismes communautaires, et par des personnes en situation de pauvreté. Elle rendra compte de la construction sociale de la pauvreté en contexte québécois. Ce faisant, elle établira les caractéristiques et les traits attribués aux personnes en situation de pauvreté par les différents acteurs, et elle rendra compte avec précision de l’importance accordée par ces acteurs à la question de la pauvreté. Elle exposera également les attitudes prépondérantes à l’égard d’actions publiques de remédiation ou d’atténuation de la pauvreté.</p>
<h4><strong></strong></h4>
<p>[/et_pb_text][/et_pb_column][/et_pb_row][et_pb_row _builder_version=&#8221;4.27.4&#8243; _module_preset=&#8221;default&#8221; global_colors_info=&#8221;{}&#8221;][et_pb_column type=&#8221;4_4&#8243; _builder_version=&#8221;4.27.4&#8243; _module_preset=&#8221;default&#8221; global_colors_info=&#8221;{}&#8221;][et_pb_text _builder_version=&#8221;4.27.4&#8243; _module_preset=&#8221;default&#8221;]</p>
<p><span>The </span><span>Centre for the Study of Democratic Citizenship </span><span>is funded by the <a href="https://frq.gouv.qc.ca/">Fonds de recherche du Québec – Société et culture (FRQSC)</a>.</span></p>
<h4><strong></strong></h4>
<p>[/et_pb_text][/et_pb_column][/et_pb_row][/et_pb_section]</p>

<p>La Chaire de recherche sur la démocratie et les institutions parlementaires amd the Centre for the Study of democratic Citizenship present : L’analyse des représentations de la pauvreté au Québec : un levier essentiel à la révision des politiques publiquesPresenter : Normand Landry, Département Sciences humaines, Lettres et Communication de l&#8217;Université TÉLUQ When:  Thursday March [&hellip;]</p>

<!-- This site is optimized with the Yoast SEO plugin v27.4 - https://yoast.com/product/yoast-seo-wordpress/ -->
<title>L’analyse des représentations de la pauvreté au Québec : un levier essentiel à la révision des politiques publiques - CECD - Centre pour l&#039;étude de la citoyenneté démocratique</title>
<meta name="robots" content="index, follow, max-snippet:-1, max-image-preview:large, max-video-preview:-1" />
<link rel="canonical" href="https://csdc-cecd.ca/debats-a-lassemblee-nationale-la-pauvrete/" />
<meta property="og:locale" content="en_US" />
<meta property="og:type" content="article" />
<meta property="og:title" content="L’analyse des représentations de la pauvreté au Québec : un levier essentiel à la révision des politiques publiques - CECD - Centre pour l&#039;étude de la citoyenneté démocratique" />
<meta property="og:description" content="La Chaire de recherche sur la démocratie et les institutions parlementaires amd the Centre for the Study of democratic Citizenship present : L’analyse des représentations de la pauvreté au Québec : un levier essentiel à la révision des politiques publiquesPresenter : Normand Landry, Département Sciences humaines, Lettres et Communication de l&#039;Université TÉLUQ When:  Thursday March [&hellip;]" />
<meta property="og:url" content="https://csdc-cecd.ca/debats-a-lassemblee-nationale-la-pauvrete/" />
<meta property="og:site_name" content="CECD - Centre pour l&#039;étude de la citoyenneté démocratique" />
<meta property="article:modified_time" content="2025-03-11T18:07:54+00:00" />
<meta name="twitter:card" content="summary_large_image" />
<meta name="twitter:label1" content="Est. reading time" />
	<meta name="twitter:data1" content="1 minute" />
<script type="application/ld+json" class="yoast-schema-graph">{"@context":"https:\/\/schema.org","@graph":[{"@type":"WebPage","@id":"https:\/\/csdc-cecd.ca\/debats-a-lassemblee-nationale-la-pauvrete\/","url":"https:\/\/csdc-cecd.ca\/debats-a-lassemblee-nationale-la-pauvrete\/","name":"L’analyse des représentations de la pauvreté au Québec : un levier essentiel à la révision des politiques publiques - CECD - Centre pour l&#039;étude de la citoyenneté démocratique","isPartOf":{"@id":"https:\/\/csdc-cecd.ca\/#website"},"datePublished":"2024-12-18T12:42:28+00:00","dateModified":"2025-03-11T18:07:54+00:00","breadcrumb":{"@id":"https:\/\/csdc-cecd.ca\/debats-a-lassemblee-nationale-la-pauvrete\/#breadcrumb"},"inLanguage":"en-US","potentialAction":[{"@type":"ReadAction","target":["https:\/\/csdc-cecd.ca\/debats-a-lassemblee-nationale-la-pauvrete\/"]}]},{"@type":"BreadcrumbList","@id":"https:\/\/csdc-cecd.ca\/debats-a-lassemblee-nationale-la-pauvrete\/#breadcrumb","itemListElement":[{"@type":"ListItem","position":1,"name":"Accueil","item":"https:\/\/csdc-cecd.ca\/en\/"},{"@type":"ListItem","position":2,"name":"L’analyse des représentations de la pauvreté au Québec : un levier essentiel à la révision des politiques publiques"}]},{"@type":"WebSite","@id":"https:\/\/csdc-cecd.ca\/#website","url":"https:\/\/csdc-cecd.ca\/","name":"CECD - Centre pour l&#039;étude de la citoyenneté démocratique","description":"","potentialAction":[{"@type":"SearchAction","target":{"@type":"EntryPoint","urlTemplate":"https:\/\/csdc-cecd.ca\/?s={search_term_string}"},"query-input":{"@type":"PropertyValueSpecification","valueRequired":true,"valueName":"search_term_string"}}],"inLanguage":"en-US"}]}</script>
<!-- / Yoast SEO plugin. -->

L’analyse des représentations de la pauvreté au Québec : un levier essentiel à la révision des politiques publiques - CECD - Centre pour l&#039;étude de la citoyenneté démocratique

La Chaire de recherche sur la démocratie et les institutions parlementaires amd the Centre for the Study of democratic Citizenship present : L’analyse des représentations de la pauvreté au Québec : un levier essentiel à la révision des politiques publiquesPresenter : Normand Landry, Département Sciences humaines, Lettres et Communication de l'Université TÉLUQ When:  Thursday March [&hellip;]

CECD - Centre pour l&#039;étude de la citoyenneté démocratique
