{"id":5066,"date":"2025-06-03T12:21:24","date_gmt":"2025-06-03T16:21:24","guid":{"rendered":"https:\/\/csdc-cecd.ca\/radar\/"},"modified":"2025-06-04T09:19:42","modified_gmt":"2025-06-04T13:19:42","slug":"radar","status":"publish","type":"page","link":"https:\/\/csdc-cecd.ca\/en\/radar\/","title":{"rendered":"Radar+"},"content":{"rendered":"<p>[et_pb_section fb_built=&#8221;1&#8243; _builder_version=&#8221;4.27.4&#8243; _module_preset=&#8221;default&#8221; global_colors_info=&#8221;{}&#8221;][et_pb_row _builder_version=&#8221;4.27.4&#8243; _module_preset=&#8221;default&#8221; global_colors_info=&#8221;{}&#8221;][et_pb_column type=&#8221;4_4&#8243; _builder_version=&#8221;4.27.4&#8243; _module_preset=&#8221;default&#8221; global_colors_info=&#8221;{}&#8221;][et_pb_text _builder_version=&#8221;4.27.4&#8243; _module_preset=&#8221;default&#8221;]<\/p>\n<h2>Radar+<\/h2>\n<p>[\/et_pb_text][et_pb_text _builder_version=&#8221;4.27.4&#8243; _module_preset=&#8221;default&#8221; custom_padding=&#8221;0px|||||&#8221; hover_enabled=&#8221;0&#8243; sticky_enabled=&#8221;0&#8243;]<\/p>\n<p style=\"font-weight: 400;\">Le Centre d\u2019analyse des politiques publiques (CAPP) and the Groupe de recherche en communication politique (GRCP) organise :\u00a0 an interactive workshop un atelier interactif focused on <strong>Radar+<\/strong><\/p>\n<p style=\"font-weight: 400;\">When : June 10, 2025, 3:10 p.m.<br \/>Where : ENAP-Campus de Qu\u00e9bec (555, boul. Charest Est, Qu\u00e9bec (QC) (local 1111 Grand amphith\u00e9\u00e2tre)) <strong>in co-modal format (in person and online)<\/strong><\/p>\n<p style=\"font-weight: 400;\">Registration required: <a href=\"https:\/\/docs.google.com\/forms\/d\/e\/1FAIpQLScURy6_eNornqm0vVkch-5k7o4Hjglo0sLrulx42-81QupQxA\/viewform?usp=sharing&amp;ouid=114502628918289823384\">https:\/\/docs.google.com\/forms\/d\/e\/1FAIpQLScURy6_eNornqm0vVkch-5k7o4Hjglo0sLrulx42-81QupQxA\/viewform?usp=sharing&amp;ouid=114502628918289823384<\/a><\/p>\n<p style=\"font-weight: 400;\">Radar+ est un projet d\u00e9velopp\u00e9 en partenariat par ces deux groupes de recherche avec le soutien financier du C\u00c9CD. \u00c0 nos yeux, cet outil repr\u00e9sente un fort potentiel pour enrichir les recherches de la communaut\u00e9 qu\u00e9b\u00e9coise en science politique.<\/p>\n<p style=\"font-weight: 400;\">Radar+ est une base de donn\u00e9es unique qui r\u00e9colte et archive, de mani\u00e8re automatis\u00e9e et toutes les dix minutes, les unes de 13 m\u00e9dias canadiens et 4 m\u00e9dias am\u00e9ricains (jusqu\u2019\u00e0 maintenant, car nous poursuivons constamment le d\u00e9veloppement). Cet outil offre une perspective in\u00e9dite sur le concept de <strong>saillance m\u00e9diatique<\/strong>\u00a0\u00e0 l\u2019\u00e8re num\u00e9rique, au c\u0153ur m\u00eame de la th\u00e9orie de l\u2019agenda-setting.<\/p>\n<p style=\"font-weight: 400;\">Cet atelier a pour objectif de vous familiariser avec les fonctionnalit\u00e9s de cette base de donn\u00e9es afin que vous puissiez en tirer pleinement parti dans vos projets, qu\u2019ils soient qualitatifs ou quantitatifs.<\/p>\n<p style=\"font-weight: 400;\">J\u00e9r\u00e9mie Drouin anime cet atelier. Il est \u00e9tudiant \u00e0 la ma\u00eetrise en science politique \u00e0 l\u2019Universit\u00e9 Laval et il a aid\u00e9 au d\u00e9veloppement de cet outil. Avec son coll\u00e8gue Adrien Cloutier. Ils ont collabor\u00e9 avec des d\u00e9veloppeurs professionnels, guid\u00e9s par une r\u00e9flexion th\u00e9orique approfondie. Il commencera par pr\u00e9senter le cadre th\u00e9orique et conceptuel de <strong>Radar+<\/strong>, avant de passer \u00e0 une d\u00e9monstration pratique de ses fonctionnalit\u00e9s. Il pr\u00e9sentera aussi quelques analyses produites gr\u00e2ce \u00e0 cette base de donn\u00e9es. Vous aurez ainsi l\u2019occasion de d\u00e9couvrir cet outil mis \u00e0 la disposition de votre groupe de recherche, et de poser toutes vos questions.<\/p>\n<p style=\"font-weight: 400;\">De plus, nous esp\u00e9rons profiter de cette s\u00e9ance pour r\u00e9fl\u00e9chir collectivement \u00e0 de nouvelles perspectives de d\u00e9veloppement pour <strong>Radar+<\/strong>, selon vos id\u00e9es et vos besoins.<\/p>\n<p>[\/et_pb_text][\/et_pb_column][\/et_pb_row][\/et_pb_section]<\/p>\n","protected":false},"excerpt":{"rendered":"<p>Radar+Le Centre d\u2019analyse des politiques publiques (CAPP) and the Groupe de recherche en communication politique (GRCP) organise :\u00a0 an interactive workshop un atelier interactif focused on Radar+ When : June 10, 2025, 3:10 p.m.Where : ENAP-Campus de Qu\u00e9bec (555, boul. Charest Est, Qu\u00e9bec (QC) (local 1111 Grand amphith\u00e9\u00e2tre)) in co-modal format (in person and online) [&hellip;]<\/p>\n","protected":false},"author":1,"featured_media":0,"parent":0,"menu_order":0,"comment_status":"closed","ping_status":"closed","template":"","meta":{"_et_pb_use_builder":"on","_et_pb_old_content":"","_et_gb_content_width":"","footnotes":""},"class_list":["post-5066","page","type-page","status-publish","hentry"],"yoast_head":"<!-- This site is optimized with the Yoast SEO plugin v27.4 - https:\/\/yoast.com\/product\/yoast-seo-wordpress\/ -->\n<title>Radar+ - CECD - Centre pour l&#039;\u00e9tude de la citoyennet\u00e9 d\u00e9mocratique<\/title>\n<meta name=\"robots\" content=\"index, follow, max-snippet:-1, max-image-preview:large, max-video-preview:-1\" \/>\n<link rel=\"canonical\" href=\"https:\/\/csdc-cecd.ca\/en\/radar\/\" \/>\n<meta property=\"og:locale\" content=\"en_US\" \/>\n<meta property=\"og:type\" content=\"article\" \/>\n<meta property=\"og:title\" content=\"Radar+ - CECD - Centre pour l&#039;\u00e9tude de la citoyennet\u00e9 d\u00e9mocratique\" \/>\n<meta property=\"og:description\" content=\"Radar+Le Centre d\u2019analyse des politiques publiques (CAPP) and the Groupe de recherche en communication politique (GRCP) organise :\u00a0 an interactive workshop un atelier interactif focused on Radar+ When : June 10, 2025, 3:10 p.m.Where : ENAP-Campus de Qu\u00e9bec (555, boul. Charest Est, Qu\u00e9bec (QC) (local 1111 Grand amphith\u00e9\u00e2tre)) in co-modal format (in person and online) [&hellip;]\" \/>\n<meta property=\"og:url\" content=\"https:\/\/csdc-cecd.ca\/en\/radar\/\" \/>\n<meta property=\"og:site_name\" content=\"CECD - Centre pour l&#039;\u00e9tude de la citoyennet\u00e9 d\u00e9mocratique\" \/>\n<meta property=\"article:modified_time\" content=\"2025-06-04T13:19:42+00:00\" \/>\n<meta name=\"twitter:card\" content=\"summary_large_image\" \/>\n<script type=\"application\/ld+json\" class=\"yoast-schema-graph\">{\"@context\":\"https:\\\/\\\/schema.org\",\"@graph\":[{\"@type\":\"WebPage\",\"@id\":\"https:\\\/\\\/csdc-cecd.ca\\\/en\\\/radar\\\/\",\"url\":\"https:\\\/\\\/csdc-cecd.ca\\\/en\\\/radar\\\/\",\"name\":\"Radar+ - CECD - Centre pour l&#039;\u00e9tude de la citoyennet\u00e9 d\u00e9mocratique\",\"isPartOf\":{\"@id\":\"https:\\\/\\\/csdc-cecd.ca\\\/#website\"},\"datePublished\":\"2025-06-03T16:21:24+00:00\",\"dateModified\":\"2025-06-04T13:19:42+00:00\",\"breadcrumb\":{\"@id\":\"https:\\\/\\\/csdc-cecd.ca\\\/en\\\/radar\\\/#breadcrumb\"},\"inLanguage\":\"en-US\",\"potentialAction\":[{\"@type\":\"ReadAction\",\"target\":[\"https:\\\/\\\/csdc-cecd.ca\\\/en\\\/radar\\\/\"]}]},{\"@type\":\"BreadcrumbList\",\"@id\":\"https:\\\/\\\/csdc-cecd.ca\\\/en\\\/radar\\\/#breadcrumb\",\"itemListElement\":[{\"@type\":\"ListItem\",\"position\":1,\"name\":\"Accueil\",\"item\":\"https:\\\/\\\/csdc-cecd.ca\\\/en\\\/\"},{\"@type\":\"ListItem\",\"position\":2,\"name\":\"Radar+\"}]},{\"@type\":\"WebSite\",\"@id\":\"https:\\\/\\\/csdc-cecd.ca\\\/#website\",\"url\":\"https:\\\/\\\/csdc-cecd.ca\\\/\",\"name\":\"CECD - Centre pour l&#039;\u00e9tude de la citoyennet\u00e9 d\u00e9mocratique\",\"description\":\"\",\"potentialAction\":[{\"@type\":\"SearchAction\",\"target\":{\"@type\":\"EntryPoint\",\"urlTemplate\":\"https:\\\/\\\/csdc-cecd.ca\\\/?s={search_term_string}\"},\"query-input\":{\"@type\":\"PropertyValueSpecification\",\"valueRequired\":true,\"valueName\":\"search_term_string\"}}],\"inLanguage\":\"en-US\"}]}<\/script>\n<!-- \/ Yoast SEO plugin. -->","yoast_head_json":{"title":"Radar+ - CECD - Centre pour l&#039;\u00e9tude de la citoyennet\u00e9 d\u00e9mocratique","robots":{"index":"index","follow":"follow","max-snippet":"max-snippet:-1","max-image-preview":"max-image-preview:large","max-video-preview":"max-video-preview:-1"},"canonical":"https:\/\/csdc-cecd.ca\/en\/radar\/","og_locale":"en_US","og_type":"article","og_title":"Radar+ - CECD - Centre pour l&#039;\u00e9tude de la citoyennet\u00e9 d\u00e9mocratique","og_description":"Radar+Le Centre d\u2019analyse des politiques publiques (CAPP) and the Groupe de recherche en communication politique (GRCP) organise :\u00a0 an interactive workshop un atelier interactif focused on Radar+ When : June 10, 2025, 3:10 p.m.Where : ENAP-Campus de Qu\u00e9bec (555, boul. Charest Est, Qu\u00e9bec (QC) (local 1111 Grand amphith\u00e9\u00e2tre)) in co-modal format (in person and online) [&hellip;]","og_url":"https:\/\/csdc-cecd.ca\/en\/radar\/","og_site_name":"CECD - Centre pour l&#039;\u00e9tude de la citoyennet\u00e9 d\u00e9mocratique","article_modified_time":"2025-06-04T13:19:42+00:00","twitter_card":"summary_large_image","schema":{"@context":"https:\/\/schema.org","@graph":[{"@type":"WebPage","@id":"https:\/\/csdc-cecd.ca\/en\/radar\/","url":"https:\/\/csdc-cecd.ca\/en\/radar\/","name":"Radar+ - CECD - Centre pour l&#039;\u00e9tude de la citoyennet\u00e9 d\u00e9mocratique","isPartOf":{"@id":"https:\/\/csdc-cecd.ca\/#website"},"datePublished":"2025-06-03T16:21:24+00:00","dateModified":"2025-06-04T13:19:42+00:00","breadcrumb":{"@id":"https:\/\/csdc-cecd.ca\/en\/radar\/#breadcrumb"},"inLanguage":"en-US","potentialAction":[{"@type":"ReadAction","target":["https:\/\/csdc-cecd.ca\/en\/radar\/"]}]},{"@type":"BreadcrumbList","@id":"https:\/\/csdc-cecd.ca\/en\/radar\/#breadcrumb","itemListElement":[{"@type":"ListItem","position":1,"name":"Accueil","item":"https:\/\/csdc-cecd.ca\/en\/"},{"@type":"ListItem","position":2,"name":"Radar+"}]},{"@type":"WebSite","@id":"https:\/\/csdc-cecd.ca\/#website","url":"https:\/\/csdc-cecd.ca\/","name":"CECD - Centre pour l&#039;\u00e9tude de la citoyennet\u00e9 d\u00e9mocratique","description":"","potentialAction":[{"@type":"SearchAction","target":{"@type":"EntryPoint","urlTemplate":"https:\/\/csdc-cecd.ca\/?s={search_term_string}"},"query-input":{"@type":"PropertyValueSpecification","valueRequired":true,"valueName":"search_term_string"}}],"inLanguage":"en-US"}]}},"_links":{"self":[{"href":"https:\/\/csdc-cecd.ca\/en\/wp-json\/wp\/v2\/pages\/5066","targetHints":{"allow":["GET"]}}],"collection":[{"href":"https:\/\/csdc-cecd.ca\/en\/wp-json\/wp\/v2\/pages"}],"about":[{"href":"https:\/\/csdc-cecd.ca\/en\/wp-json\/wp\/v2\/types\/page"}],"author":[{"embeddable":true,"href":"https:\/\/csdc-cecd.ca\/en\/wp-json\/wp\/v2\/users\/1"}],"replies":[{"embeddable":true,"href":"https:\/\/csdc-cecd.ca\/en\/wp-json\/wp\/v2\/comments?post=5066"}],"version-history":[{"count":1,"href":"https:\/\/csdc-cecd.ca\/en\/wp-json\/wp\/v2\/pages\/5066\/revisions"}],"predecessor-version":[{"id":5068,"href":"https:\/\/csdc-cecd.ca\/en\/wp-json\/wp\/v2\/pages\/5066\/revisions\/5068"}],"wp:attachment":[{"href":"https:\/\/csdc-cecd.ca\/en\/wp-json\/wp\/v2\/media?parent=5066"}],"curies":[{"name":"wp","href":"https:\/\/api.w.org\/{rel}","templated":true}]}}

<p>[et_pb_section fb_built=&#8221;1&#8243; _builder_version=&#8221;4.27.4&#8243; _module_preset=&#8221;default&#8221; global_colors_info=&#8221;{}&#8221;][et_pb_row _builder_version=&#8221;4.27.4&#8243; _module_preset=&#8221;default&#8221; global_colors_info=&#8221;{}&#8221;][et_pb_column type=&#8221;4_4&#8243; _builder_version=&#8221;4.27.4&#8243; _module_preset=&#8221;default&#8221; global_colors_info=&#8221;{}&#8221;][et_pb_text _builder_version=&#8221;4.27.4&#8243; _module_preset=&#8221;default&#8221;]</p>
<h2>Radar+</h2>
<p>[/et_pb_text][et_pb_text _builder_version=&#8221;4.27.4&#8243; _module_preset=&#8221;default&#8221; custom_padding=&#8221;0px|||||&#8221; hover_enabled=&#8221;0&#8243; sticky_enabled=&#8221;0&#8243;]</p>
<p style="font-weight: 400;">Le Centre d’analyse des politiques publiques (CAPP) and the Groupe de recherche en communication politique (GRCP) organise :  an interactive workshop un atelier interactif focused on <strong>Radar+</strong></p>
<p style="font-weight: 400;">When : June 10, 2025, 3:10 p.m.<br />Where : ENAP-Campus de Québec (555, boul. Charest Est, Québec (QC) (local 1111 Grand amphithéâtre)) <strong>in co-modal format (in person and online)</strong></p>
<p style="font-weight: 400;">Registration required: <a href="https://docs.google.com/forms/d/e/1FAIpQLScURy6_eNornqm0vVkch-5k7o4Hjglo0sLrulx42-81QupQxA/viewform?usp=sharing&amp;ouid=114502628918289823384">https://docs.google.com/forms/d/e/1FAIpQLScURy6_eNornqm0vVkch-5k7o4Hjglo0sLrulx42-81QupQxA/viewform?usp=sharing&amp;ouid=114502628918289823384</a></p>
<p style="font-weight: 400;">Radar+ est un projet développé en partenariat par ces deux groupes de recherche avec le soutien financier du CÉCD. À nos yeux, cet outil représente un fort potentiel pour enrichir les recherches de la communauté québécoise en science politique.</p>
<p style="font-weight: 400;">Radar+ est une base de données unique qui récolte et archive, de manière automatisée et toutes les dix minutes, les unes de 13 médias canadiens et 4 médias américains (jusqu’à maintenant, car nous poursuivons constamment le développement). Cet outil offre une perspective inédite sur le concept de <strong>saillance médiatique</strong> à l’ère numérique, au cœur même de la théorie de l’agenda-setting.</p>
<p style="font-weight: 400;">Cet atelier a pour objectif de vous familiariser avec les fonctionnalités de cette base de données afin que vous puissiez en tirer pleinement parti dans vos projets, qu’ils soient qualitatifs ou quantitatifs.</p>
<p style="font-weight: 400;">Jérémie Drouin anime cet atelier. Il est étudiant à la maîtrise en science politique à l’Université Laval et il a aidé au développement de cet outil. Avec son collègue Adrien Cloutier. Ils ont collaboré avec des développeurs professionnels, guidés par une réflexion théorique approfondie. Il commencera par présenter le cadre théorique et conceptuel de <strong>Radar+</strong>, avant de passer à une démonstration pratique de ses fonctionnalités. Il présentera aussi quelques analyses produites grâce à cette base de données. Vous aurez ainsi l’occasion de découvrir cet outil mis à la disposition de votre groupe de recherche, et de poser toutes vos questions.</p>
<p style="font-weight: 400;">De plus, nous espérons profiter de cette séance pour réfléchir collectivement à de nouvelles perspectives de développement pour <strong>Radar+</strong>, selon vos idées et vos besoins.</p>
<p>[/et_pb_text][/et_pb_column][/et_pb_row][/et_pb_section]</p>

<p>Radar+Le Centre d’analyse des politiques publiques (CAPP) and the Groupe de recherche en communication politique (GRCP) organise :  an interactive workshop un atelier interactif focused on Radar+ When : June 10, 2025, 3:10 p.m.Where : ENAP-Campus de Québec (555, boul. Charest Est, Québec (QC) (local 1111 Grand amphithéâtre)) in co-modal format (in person and online) [&hellip;]</p>

<!-- This site is optimized with the Yoast SEO plugin v27.4 - https://yoast.com/product/yoast-seo-wordpress/ -->
<title>Radar+ - CECD - Centre pour l&#039;étude de la citoyenneté démocratique</title>
<meta name="robots" content="index, follow, max-snippet:-1, max-image-preview:large, max-video-preview:-1" />
<link rel="canonical" href="https://csdc-cecd.ca/en/radar/" />
<meta property="og:locale" content="en_US" />
<meta property="og:type" content="article" />
<meta property="og:title" content="Radar+ - CECD - Centre pour l&#039;étude de la citoyenneté démocratique" />
<meta property="og:description" content="Radar+Le Centre d’analyse des politiques publiques (CAPP) and the Groupe de recherche en communication politique (GRCP) organise :  an interactive workshop un atelier interactif focused on Radar+ When : June 10, 2025, 3:10 p.m.Where : ENAP-Campus de Québec (555, boul. Charest Est, Québec (QC) (local 1111 Grand amphithéâtre)) in co-modal format (in person and online) [&hellip;]" />
<meta property="og:url" content="https://csdc-cecd.ca/en/radar/" />
<meta property="og:site_name" content="CECD - Centre pour l&#039;étude de la citoyenneté démocratique" />
<meta property="article:modified_time" content="2025-06-04T13:19:42+00:00" />
<meta name="twitter:card" content="summary_large_image" />
<script type="application/ld+json" class="yoast-schema-graph">{"@context":"https:\/\/schema.org","@graph":[{"@type":"WebPage","@id":"https:\/\/csdc-cecd.ca\/en\/radar\/","url":"https:\/\/csdc-cecd.ca\/en\/radar\/","name":"Radar+ - CECD - Centre pour l&#039;étude de la citoyenneté démocratique","isPartOf":{"@id":"https:\/\/csdc-cecd.ca\/#website"},"datePublished":"2025-06-03T16:21:24+00:00","dateModified":"2025-06-04T13:19:42+00:00","breadcrumb":{"@id":"https:\/\/csdc-cecd.ca\/en\/radar\/#breadcrumb"},"inLanguage":"en-US","potentialAction":[{"@type":"ReadAction","target":["https:\/\/csdc-cecd.ca\/en\/radar\/"]}]},{"@type":"BreadcrumbList","@id":"https:\/\/csdc-cecd.ca\/en\/radar\/#breadcrumb","itemListElement":[{"@type":"ListItem","position":1,"name":"Accueil","item":"https:\/\/csdc-cecd.ca\/en\/"},{"@type":"ListItem","position":2,"name":"Radar+"}]},{"@type":"WebSite","@id":"https:\/\/csdc-cecd.ca\/#website","url":"https:\/\/csdc-cecd.ca\/","name":"CECD - Centre pour l&#039;étude de la citoyenneté démocratique","description":"","potentialAction":[{"@type":"SearchAction","target":{"@type":"EntryPoint","urlTemplate":"https:\/\/csdc-cecd.ca\/?s={search_term_string}"},"query-input":{"@type":"PropertyValueSpecification","valueRequired":true,"valueName":"search_term_string"}}],"inLanguage":"en-US"}]}</script>
<!-- / Yoast SEO plugin. -->

Radar+ - CECD - Centre pour l&#039;étude de la citoyenneté démocratique

Radar+Le Centre d’analyse des politiques publiques (CAPP) and the Groupe de recherche en communication politique (GRCP) organise :  an interactive workshop un atelier interactif focused on Radar+ When : June 10, 2025, 3:10 p.m.Where : ENAP-Campus de Québec (555, boul. Charest Est, Québec (QC) (local 1111 Grand amphithéâtre)) in co-modal format (in person and online) [&hellip;]

CECD - Centre pour l&#039;étude de la citoyenneté démocratique
