{"id":5277,"date":"2025-07-07T12:28:02","date_gmt":"2025-07-07T16:28:02","guid":{"rendered":"https:\/\/csdc-cecd.ca\/?page_id=5277"},"modified":"2025-07-07T12:40:15","modified_gmt":"2025-07-07T16:40:15","slug":"shelley-boulianne","status":"publish","type":"page","link":"https:\/\/csdc-cecd.ca\/en\/shelley-boulianne\/","title":{"rendered":"Shelley Boulianne"},"content":{"rendered":"<p>[et_pb_section fb_built=&#8221;1&#8243; _builder_version=&#8221;4.27.4&#8243; _module_preset=&#8221;default&#8221; global_colors_info=&#8221;{}&#8221;][et_pb_row _builder_version=&#8221;4.27.4&#8243; _module_preset=&#8221;default&#8221; global_colors_info=&#8221;{}&#8221;][et_pb_column type=&#8221;4_4&#8243; _builder_version=&#8221;4.27.4&#8243; _module_preset=&#8221;default&#8221; global_colors_info=&#8221;{}&#8221;][et_pb_text _builder_version=&#8221;4.27.4&#8243; _module_preset=&#8221;default&#8221; hover_enabled=&#8221;0&#8243; sticky_enabled=&#8221;0&#8243;]<\/p>\n<h2 class=\"page-title\">Speaker Series \u2013 Shelley Boulianne<\/h2>\n<p>[\/et_pb_text][\/et_pb_column][\/et_pb_row][et_pb_row _builder_version=&#8221;4.27.4&#8243; _module_preset=&#8221;default&#8221; global_colors_info=&#8221;{}&#8221;][et_pb_column type=&#8221;4_4&#8243; _builder_version=&#8221;4.27.4&#8243; _module_preset=&#8221;default&#8221; global_colors_info=&#8221;{}&#8221;][et_pb_image src=&#8221;https:\/\/csdc-cecd.ca\/wp-content\/uploads\/2025\/07\/Shelley-Boulianne-Speaker-Series-642&#215;336-1.png&#8221; title_text=&#8221;Shelley-Boulianne-Speaker-Series-642&#215;336&#8243; _builder_version=&#8221;4.27.4&#8243; _module_preset=&#8221;default&#8221; global_colors_info=&#8221;{}&#8221;][\/et_pb_image][\/et_pb_column][\/et_pb_row][et_pb_row _builder_version=&#8221;4.27.4&#8243; _module_preset=&#8221;default&#8221; global_colors_info=&#8221;{}&#8221;][et_pb_column type=&#8221;4_4&#8243; _builder_version=&#8221;4.27.4&#8243; _module_preset=&#8221;default&#8221; global_colors_info=&#8221;{}&#8221;][et_pb_text _builder_version=&#8221;4.27.4&#8243; _module_preset=&#8221;default&#8221; hover_enabled=&#8221;0&#8243; sticky_enabled=&#8221;0&#8243;]<\/p>\n<p><span>The Centre for the Study of Democratic Citizenship<\/span><span>\u00a0presents:<\/span><\/p>\n<p><span><strong>Pandemic activism in comparative perspective: Exploring the roles of digital media uses, misinformation, and populist attitudes.<br \/><\/strong>Shelley Boulianne (Weizenbaum Institute for the Networked Society, Berlin, Germany)<\/span><span><strong><\/strong><\/span><\/p>\n<p><span>When : October 19, 2023, 3 &#8211; 5 p.m.<br \/>Where: Universit\u00e9 McGill, Ballroom, Thomson House 3650 Rue McTavish, Montr\u00e9al, QC<br \/>H3A 1Y2<\/span><span><\/span><\/p>\n<p><span>Populist discourse involves an anti-elite perspective which can undermine citizens\u2019 trust in institutions. This discourse can be detrimental during crisis management, including the COVID-19 pandemic which required citizens to cooperate with public health measures. This paper examines the roles of populism, digital media, misinformation, and pandemic activism using two cross-national surveys. The first study was conducted in February 2021 in Canada, the UK, the US, and France. The second study was conducted in January and February 2023 in Germany, Canada, the UK, the US, and France. In both studies, I find that misinformation (exposure, sharing, and self-assessed ability to detect) is significantly and positively correlated with populist attitudes. In both studies, populist attitudes are weakly related to consuming online information directly from candidates and parties through their websites and social media accounts. In the second study, I extend the analysis further by examining the roles of misinformation, direct online information sources, and populist attitudes on citizens\u2019 engagement in boycotts, buycotts, demonstrations, strikes, petitions, and contacting officials about pandemic-related policies such as masking, vaccination, and other public health measures. I find that misinformation (exposure, sharing, self-assessed ability to detect) is positively correlated with pandemic activism. I find a weak relationship between holding populist attitudes and participating in pandemic-related activism. In addition, I find that consuming direct online sources of information from candidates and parties is related to higher levels of participation in pandemic activism. Finally, I examine the extent to which these relationships replicate for both left and right-wing citizens as well as citizens in different countries. I conclude by discussing the implications of misinformed participation in terms of managing the pandemic and democracy. Further, while all political movements and parties frame issues to fit their agenda, there is something distinctive about the populist framing that undermines efforts to manage the pandemic and threatens representative democracy.<\/span><\/p>\n<p><span>This series is sponsored by the\u00a0Centre for the Study of Democratic Citizenship, which is funded by the\u00a0<\/span><a href=\"https:\/\/frq.gouv.qc.ca\/en\/?_gl=1*o5ed60*_up*MQ..&amp;gclid=Cj0KCQjwz7C2BhDkARIsAA_SZKZZF5jB-6FsIs95vigEAG-xhoJ5O0HSQFDdNdEUSTzR3BuQU4vBJr8aAi69EALw_wcB\">Fonds de recherche du Qu\u00e9bec \u2013 Soci\u00e9t\u00e9 et culture (FRQSC)<\/a><span>.<\/span><\/p>\n<p>[\/et_pb_text][\/et_pb_column][\/et_pb_row][\/et_pb_section]<\/p>\n","protected":false},"excerpt":{"rendered":"<p>Speaker Series \u2013 Shelley BoulianneThe Centre for the Study of Democratic Citizenship\u00a0presents: Pandemic activism in comparative perspective: Exploring the roles of digital media uses, misinformation, and populist attitudes.Shelley Boulianne (Weizenbaum Institute for the Networked Society, Berlin, Germany) When : October 19, 2023, 3 &#8211; 5 p.m.Where: Universit\u00e9 McGill, Ballroom, Thomson House 3650 Rue McTavish, Montr\u00e9al, [&hellip;]<\/p>\n","protected":false},"author":1,"featured_media":0,"parent":0,"menu_order":0,"comment_status":"closed","ping_status":"closed","template":"","meta":{"_et_pb_use_builder":"on","_et_pb_old_content":"","_et_gb_content_width":"","footnotes":""},"class_list":["post-5277","page","type-page","status-publish","hentry"],"yoast_head":"<!-- This site is optimized with the Yoast SEO plugin v27.4 - https:\/\/yoast.com\/product\/yoast-seo-wordpress\/ -->\n<title>Shelley Boulianne - CECD - Centre pour l&#039;\u00e9tude de la citoyennet\u00e9 d\u00e9mocratique<\/title>\n<meta name=\"robots\" content=\"index, follow, max-snippet:-1, max-image-preview:large, max-video-preview:-1\" \/>\n<link rel=\"canonical\" href=\"https:\/\/csdc-cecd.ca\/shelley-boulianne\/\" \/>\n<meta property=\"og:locale\" content=\"en_US\" \/>\n<meta property=\"og:type\" content=\"article\" \/>\n<meta property=\"og:title\" content=\"Shelley Boulianne - CECD - Centre pour l&#039;\u00e9tude de la citoyennet\u00e9 d\u00e9mocratique\" \/>\n<meta property=\"og:description\" content=\"Speaker Series \u2013 Shelley BoulianneThe Centre for the Study of Democratic Citizenship\u00a0presents: Pandemic activism in comparative perspective: Exploring the roles of digital media uses, misinformation, and populist attitudes.Shelley Boulianne (Weizenbaum Institute for the Networked Society, Berlin, Germany) When : October 19, 2023, 3 - 5 p.m.Where: Universit\u00e9 McGill, Ballroom, Thomson House 3650 Rue McTavish, Montr\u00e9al, [&hellip;]\" \/>\n<meta property=\"og:url\" content=\"https:\/\/csdc-cecd.ca\/shelley-boulianne\/\" \/>\n<meta property=\"og:site_name\" content=\"CECD - Centre pour l&#039;\u00e9tude de la citoyennet\u00e9 d\u00e9mocratique\" \/>\n<meta property=\"article:modified_time\" content=\"2025-07-07T16:40:15+00:00\" \/>\n<meta name=\"twitter:card\" content=\"summary_large_image\" \/>\n<script type=\"application\/ld+json\" class=\"yoast-schema-graph\">{\"@context\":\"https:\\\/\\\/schema.org\",\"@graph\":[{\"@type\":\"WebPage\",\"@id\":\"https:\\\/\\\/csdc-cecd.ca\\\/shelley-boulianne\\\/\",\"url\":\"https:\\\/\\\/csdc-cecd.ca\\\/shelley-boulianne\\\/\",\"name\":\"Shelley Boulianne - CECD - Centre pour l&#039;\u00e9tude de la citoyennet\u00e9 d\u00e9mocratique\",\"isPartOf\":{\"@id\":\"https:\\\/\\\/csdc-cecd.ca\\\/#website\"},\"datePublished\":\"2025-07-07T16:28:02+00:00\",\"dateModified\":\"2025-07-07T16:40:15+00:00\",\"breadcrumb\":{\"@id\":\"https:\\\/\\\/csdc-cecd.ca\\\/shelley-boulianne\\\/#breadcrumb\"},\"inLanguage\":\"en-US\",\"potentialAction\":[{\"@type\":\"ReadAction\",\"target\":[\"https:\\\/\\\/csdc-cecd.ca\\\/shelley-boulianne\\\/\"]}]},{\"@type\":\"BreadcrumbList\",\"@id\":\"https:\\\/\\\/csdc-cecd.ca\\\/shelley-boulianne\\\/#breadcrumb\",\"itemListElement\":[{\"@type\":\"ListItem\",\"position\":1,\"name\":\"Accueil\",\"item\":\"https:\\\/\\\/csdc-cecd.ca\\\/en\\\/\"},{\"@type\":\"ListItem\",\"position\":2,\"name\":\"Shelley Boulianne\"}]},{\"@type\":\"WebSite\",\"@id\":\"https:\\\/\\\/csdc-cecd.ca\\\/#website\",\"url\":\"https:\\\/\\\/csdc-cecd.ca\\\/\",\"name\":\"CECD - Centre pour l&#039;\u00e9tude de la citoyennet\u00e9 d\u00e9mocratique\",\"description\":\"\",\"potentialAction\":[{\"@type\":\"SearchAction\",\"target\":{\"@type\":\"EntryPoint\",\"urlTemplate\":\"https:\\\/\\\/csdc-cecd.ca\\\/?s={search_term_string}\"},\"query-input\":{\"@type\":\"PropertyValueSpecification\",\"valueRequired\":true,\"valueName\":\"search_term_string\"}}],\"inLanguage\":\"en-US\"}]}<\/script>\n<!-- \/ Yoast SEO plugin. -->","yoast_head_json":{"title":"Shelley Boulianne - CECD - Centre pour l&#039;\u00e9tude de la citoyennet\u00e9 d\u00e9mocratique","robots":{"index":"index","follow":"follow","max-snippet":"max-snippet:-1","max-image-preview":"max-image-preview:large","max-video-preview":"max-video-preview:-1"},"canonical":"https:\/\/csdc-cecd.ca\/shelley-boulianne\/","og_locale":"en_US","og_type":"article","og_title":"Shelley Boulianne - CECD - Centre pour l&#039;\u00e9tude de la citoyennet\u00e9 d\u00e9mocratique","og_description":"Speaker Series \u2013 Shelley BoulianneThe Centre for the Study of Democratic Citizenship\u00a0presents: Pandemic activism in comparative perspective: Exploring the roles of digital media uses, misinformation, and populist attitudes.Shelley Boulianne (Weizenbaum Institute for the Networked Society, Berlin, Germany) When : October 19, 2023, 3 - 5 p.m.Where: Universit\u00e9 McGill, Ballroom, Thomson House 3650 Rue McTavish, Montr\u00e9al, [&hellip;]","og_url":"https:\/\/csdc-cecd.ca\/shelley-boulianne\/","og_site_name":"CECD - Centre pour l&#039;\u00e9tude de la citoyennet\u00e9 d\u00e9mocratique","article_modified_time":"2025-07-07T16:40:15+00:00","twitter_card":"summary_large_image","schema":{"@context":"https:\/\/schema.org","@graph":[{"@type":"WebPage","@id":"https:\/\/csdc-cecd.ca\/shelley-boulianne\/","url":"https:\/\/csdc-cecd.ca\/shelley-boulianne\/","name":"Shelley Boulianne - CECD - Centre pour l&#039;\u00e9tude de la citoyennet\u00e9 d\u00e9mocratique","isPartOf":{"@id":"https:\/\/csdc-cecd.ca\/#website"},"datePublished":"2025-07-07T16:28:02+00:00","dateModified":"2025-07-07T16:40:15+00:00","breadcrumb":{"@id":"https:\/\/csdc-cecd.ca\/shelley-boulianne\/#breadcrumb"},"inLanguage":"en-US","potentialAction":[{"@type":"ReadAction","target":["https:\/\/csdc-cecd.ca\/shelley-boulianne\/"]}]},{"@type":"BreadcrumbList","@id":"https:\/\/csdc-cecd.ca\/shelley-boulianne\/#breadcrumb","itemListElement":[{"@type":"ListItem","position":1,"name":"Accueil","item":"https:\/\/csdc-cecd.ca\/en\/"},{"@type":"ListItem","position":2,"name":"Shelley Boulianne"}]},{"@type":"WebSite","@id":"https:\/\/csdc-cecd.ca\/#website","url":"https:\/\/csdc-cecd.ca\/","name":"CECD - Centre pour l&#039;\u00e9tude de la citoyennet\u00e9 d\u00e9mocratique","description":"","potentialAction":[{"@type":"SearchAction","target":{"@type":"EntryPoint","urlTemplate":"https:\/\/csdc-cecd.ca\/?s={search_term_string}"},"query-input":{"@type":"PropertyValueSpecification","valueRequired":true,"valueName":"search_term_string"}}],"inLanguage":"en-US"}]}},"_links":{"self":[{"href":"https:\/\/csdc-cecd.ca\/en\/wp-json\/wp\/v2\/pages\/5277","targetHints":{"allow":["GET"]}}],"collection":[{"href":"https:\/\/csdc-cecd.ca\/en\/wp-json\/wp\/v2\/pages"}],"about":[{"href":"https:\/\/csdc-cecd.ca\/en\/wp-json\/wp\/v2\/types\/page"}],"author":[{"embeddable":true,"href":"https:\/\/csdc-cecd.ca\/en\/wp-json\/wp\/v2\/users\/1"}],"replies":[{"embeddable":true,"href":"https:\/\/csdc-cecd.ca\/en\/wp-json\/wp\/v2\/comments?post=5277"}],"version-history":[{"count":5,"href":"https:\/\/csdc-cecd.ca\/en\/wp-json\/wp\/v2\/pages\/5277\/revisions"}],"predecessor-version":[{"id":5286,"href":"https:\/\/csdc-cecd.ca\/en\/wp-json\/wp\/v2\/pages\/5277\/revisions\/5286"}],"wp:attachment":[{"href":"https:\/\/csdc-cecd.ca\/en\/wp-json\/wp\/v2\/media?parent=5277"}],"curies":[{"name":"wp","href":"https:\/\/api.w.org\/{rel}","templated":true}]}}

<p>[et_pb_section fb_built=&#8221;1&#8243; _builder_version=&#8221;4.27.4&#8243; _module_preset=&#8221;default&#8221; global_colors_info=&#8221;{}&#8221;][et_pb_row _builder_version=&#8221;4.27.4&#8243; _module_preset=&#8221;default&#8221; global_colors_info=&#8221;{}&#8221;][et_pb_column type=&#8221;4_4&#8243; _builder_version=&#8221;4.27.4&#8243; _module_preset=&#8221;default&#8221; global_colors_info=&#8221;{}&#8221;][et_pb_text _builder_version=&#8221;4.27.4&#8243; _module_preset=&#8221;default&#8221; hover_enabled=&#8221;0&#8243; sticky_enabled=&#8221;0&#8243;]</p>
<h2 class="page-title">Speaker Series – Shelley Boulianne</h2>
<p>[/et_pb_text][/et_pb_column][/et_pb_row][et_pb_row _builder_version=&#8221;4.27.4&#8243; _module_preset=&#8221;default&#8221; global_colors_info=&#8221;{}&#8221;][et_pb_column type=&#8221;4_4&#8243; _builder_version=&#8221;4.27.4&#8243; _module_preset=&#8221;default&#8221; global_colors_info=&#8221;{}&#8221;][et_pb_image src=&#8221;https://csdc-cecd.ca/wp-content/uploads/2025/07/Shelley-Boulianne-Speaker-Series-642&#215;336-1.png&#8221; title_text=&#8221;Shelley-Boulianne-Speaker-Series-642&#215;336&#8243; _builder_version=&#8221;4.27.4&#8243; _module_preset=&#8221;default&#8221; global_colors_info=&#8221;{}&#8221;][/et_pb_image][/et_pb_column][/et_pb_row][et_pb_row _builder_version=&#8221;4.27.4&#8243; _module_preset=&#8221;default&#8221; global_colors_info=&#8221;{}&#8221;][et_pb_column type=&#8221;4_4&#8243; _builder_version=&#8221;4.27.4&#8243; _module_preset=&#8221;default&#8221; global_colors_info=&#8221;{}&#8221;][et_pb_text _builder_version=&#8221;4.27.4&#8243; _module_preset=&#8221;default&#8221; hover_enabled=&#8221;0&#8243; sticky_enabled=&#8221;0&#8243;]</p>
<p><span>The Centre for the Study of Democratic Citizenship</span><span> presents:</span></p>
<p><span><strong>Pandemic activism in comparative perspective: Exploring the roles of digital media uses, misinformation, and populist attitudes.<br /></strong>Shelley Boulianne (Weizenbaum Institute for the Networked Society, Berlin, Germany)</span><span><strong></strong></span></p>
<p><span>When : October 19, 2023, 3 &#8211; 5 p.m.<br />Where: Université McGill, Ballroom, Thomson House 3650 Rue McTavish, Montréal, QC<br />H3A 1Y2</span><span></span></p>
<p><span>Populist discourse involves an anti-elite perspective which can undermine citizens’ trust in institutions. This discourse can be detrimental during crisis management, including the COVID-19 pandemic which required citizens to cooperate with public health measures. This paper examines the roles of populism, digital media, misinformation, and pandemic activism using two cross-national surveys. The first study was conducted in February 2021 in Canada, the UK, the US, and France. The second study was conducted in January and February 2023 in Germany, Canada, the UK, the US, and France. In both studies, I find that misinformation (exposure, sharing, and self-assessed ability to detect) is significantly and positively correlated with populist attitudes. In both studies, populist attitudes are weakly related to consuming online information directly from candidates and parties through their websites and social media accounts. In the second study, I extend the analysis further by examining the roles of misinformation, direct online information sources, and populist attitudes on citizens’ engagement in boycotts, buycotts, demonstrations, strikes, petitions, and contacting officials about pandemic-related policies such as masking, vaccination, and other public health measures. I find that misinformation (exposure, sharing, self-assessed ability to detect) is positively correlated with pandemic activism. I find a weak relationship between holding populist attitudes and participating in pandemic-related activism. In addition, I find that consuming direct online sources of information from candidates and parties is related to higher levels of participation in pandemic activism. Finally, I examine the extent to which these relationships replicate for both left and right-wing citizens as well as citizens in different countries. I conclude by discussing the implications of misinformed participation in terms of managing the pandemic and democracy. Further, while all political movements and parties frame issues to fit their agenda, there is something distinctive about the populist framing that undermines efforts to manage the pandemic and threatens representative democracy.</span></p>
<p><span>This series is sponsored by the Centre for the Study of Democratic Citizenship, which is funded by the </span><a href="https://frq.gouv.qc.ca/en/?_gl=1*o5ed60*_up*MQ..&amp;gclid=Cj0KCQjwz7C2BhDkARIsAA_SZKZZF5jB-6FsIs95vigEAG-xhoJ5O0HSQFDdNdEUSTzR3BuQU4vBJr8aAi69EALw_wcB">Fonds de recherche du Québec – Société et culture (FRQSC)</a><span>.</span></p>
<p>[/et_pb_text][/et_pb_column][/et_pb_row][/et_pb_section]</p>

<p>Speaker Series – Shelley BoulianneThe Centre for the Study of Democratic Citizenship presents: Pandemic activism in comparative perspective: Exploring the roles of digital media uses, misinformation, and populist attitudes.Shelley Boulianne (Weizenbaum Institute for the Networked Society, Berlin, Germany) When : October 19, 2023, 3 &#8211; 5 p.m.Where: Université McGill, Ballroom, Thomson House 3650 Rue McTavish, Montréal, [&hellip;]</p>

<!-- This site is optimized with the Yoast SEO plugin v27.4 - https://yoast.com/product/yoast-seo-wordpress/ -->
<title>Shelley Boulianne - CECD - Centre pour l&#039;étude de la citoyenneté démocratique</title>
<meta name="robots" content="index, follow, max-snippet:-1, max-image-preview:large, max-video-preview:-1" />
<link rel="canonical" href="https://csdc-cecd.ca/shelley-boulianne/" />
<meta property="og:locale" content="en_US" />
<meta property="og:type" content="article" />
<meta property="og:title" content="Shelley Boulianne - CECD - Centre pour l&#039;étude de la citoyenneté démocratique" />
<meta property="og:description" content="Speaker Series – Shelley BoulianneThe Centre for the Study of Democratic Citizenship presents: Pandemic activism in comparative perspective: Exploring the roles of digital media uses, misinformation, and populist attitudes.Shelley Boulianne (Weizenbaum Institute for the Networked Society, Berlin, Germany) When : October 19, 2023, 3 - 5 p.m.Where: Université McGill, Ballroom, Thomson House 3650 Rue McTavish, Montréal, [&hellip;]" />
<meta property="og:url" content="https://csdc-cecd.ca/shelley-boulianne/" />
<meta property="og:site_name" content="CECD - Centre pour l&#039;étude de la citoyenneté démocratique" />
<meta property="article:modified_time" content="2025-07-07T16:40:15+00:00" />
<meta name="twitter:card" content="summary_large_image" />
<script type="application/ld+json" class="yoast-schema-graph">{"@context":"https:\/\/schema.org","@graph":[{"@type":"WebPage","@id":"https:\/\/csdc-cecd.ca\/shelley-boulianne\/","url":"https:\/\/csdc-cecd.ca\/shelley-boulianne\/","name":"Shelley Boulianne - CECD - Centre pour l&#039;étude de la citoyenneté démocratique","isPartOf":{"@id":"https:\/\/csdc-cecd.ca\/#website"},"datePublished":"2025-07-07T16:28:02+00:00","dateModified":"2025-07-07T16:40:15+00:00","breadcrumb":{"@id":"https:\/\/csdc-cecd.ca\/shelley-boulianne\/#breadcrumb"},"inLanguage":"en-US","potentialAction":[{"@type":"ReadAction","target":["https:\/\/csdc-cecd.ca\/shelley-boulianne\/"]}]},{"@type":"BreadcrumbList","@id":"https:\/\/csdc-cecd.ca\/shelley-boulianne\/#breadcrumb","itemListElement":[{"@type":"ListItem","position":1,"name":"Accueil","item":"https:\/\/csdc-cecd.ca\/en\/"},{"@type":"ListItem","position":2,"name":"Shelley Boulianne"}]},{"@type":"WebSite","@id":"https:\/\/csdc-cecd.ca\/#website","url":"https:\/\/csdc-cecd.ca\/","name":"CECD - Centre pour l&#039;étude de la citoyenneté démocratique","description":"","potentialAction":[{"@type":"SearchAction","target":{"@type":"EntryPoint","urlTemplate":"https:\/\/csdc-cecd.ca\/?s={search_term_string}"},"query-input":{"@type":"PropertyValueSpecification","valueRequired":true,"valueName":"search_term_string"}}],"inLanguage":"en-US"}]}</script>
<!-- / Yoast SEO plugin. -->

Shelley Boulianne - CECD - Centre pour l&#039;étude de la citoyenneté démocratique

Speaker Series – Shelley BoulianneThe Centre for the Study of Democratic Citizenship presents: Pandemic activism in comparative perspective: Exploring the roles of digital media uses, misinformation, and populist attitudes.Shelley Boulianne (Weizenbaum Institute for the Networked Society, Berlin, Germany) When : October 19, 2023, 3 - 5 p.m.Where: Université McGill, Ballroom, Thomson House 3650 Rue McTavish, Montréal, [&hellip;]

CECD - Centre pour l&#039;étude de la citoyenneté démocratique
