{"id":5345,"date":"2025-07-08T08:56:41","date_gmt":"2025-07-08T12:56:41","guid":{"rendered":"https:\/\/csdc-cecd.ca\/?page_id=5345"},"modified":"2025-07-08T09:06:22","modified_gmt":"2025-07-08T13:06:22","slug":"mads-andreas-elkjaer","status":"publish","type":"page","link":"https:\/\/csdc-cecd.ca\/en\/mads-andreas-elkjaer\/","title":{"rendered":"Mads Andreas Elkjaer"},"content":{"rendered":"<p>[et_pb_section fb_built=&#8221;1&#8243; _builder_version=&#8221;4.27.4&#8243; _module_preset=&#8221;default&#8221; global_colors_info=&#8221;{}&#8221;][et_pb_row _builder_version=&#8221;4.27.4&#8243; _module_preset=&#8221;default&#8221; global_colors_info=&#8221;{}&#8221;][et_pb_column type=&#8221;4_4&#8243; _builder_version=&#8221;4.27.4&#8243; _module_preset=&#8221;default&#8221; global_colors_info=&#8221;{}&#8221;][et_pb_text _builder_version=&#8221;4.27.4&#8243; _module_preset=&#8221;default&#8221; global_colors_info=&#8221;{}&#8221;]<\/p>\n<h2 class=\"page-title\">Speaker Series \u2013 Mads Andreas Elkjaer<\/h2>\n<p>[\/et_pb_text][\/et_pb_column][\/et_pb_row][et_pb_row _builder_version=&#8221;4.27.4&#8243; _module_preset=&#8221;default&#8221; global_colors_info=&#8221;{}&#8221;][et_pb_column type=&#8221;4_4&#8243; _builder_version=&#8221;4.27.4&#8243; _module_preset=&#8221;default&#8221; global_colors_info=&#8221;{}&#8221;][et_pb_image src=&#8221;https:\/\/csdc-cecd.ca\/wp-content\/uploads\/2025\/07\/Mads-Andreas-Elkjaer-Speaker-Series.png&#8221; title_text=&#8221;Mads-Andreas-Elkjaer-Speaker-Series&#8221; _builder_version=&#8221;4.27.4&#8243; _module_preset=&#8221;default&#8221; global_colors_info=&#8221;{}&#8221;][\/et_pb_image][\/et_pb_column][\/et_pb_row][et_pb_row _builder_version=&#8221;4.27.4&#8243; _module_preset=&#8221;default&#8221; global_colors_info=&#8221;{}&#8221;][et_pb_column type=&#8221;4_4&#8243; _builder_version=&#8221;4.27.4&#8243; _module_preset=&#8221;default&#8221; global_colors_info=&#8221;{}&#8221;][et_pb_text _builder_version=&#8221;4.27.4&#8243; _module_preset=&#8221;default&#8221; hover_enabled=&#8221;0&#8243; global_colors_info=&#8221;{}&#8221; sticky_enabled=&#8221;0&#8243;]<\/p>\n<p><span>The Centre for the Study of Democratic Citizenship<\/span><span>\u00a0presents:<\/span><\/p>\n<p><span lang=\"en-US\">Middle-Class Democracy:\u00a0<\/span>Economic Inequality and Political Representation in Comparative Perspective<br \/><a href=\"https:\/\/madselkjaer.com\/\">Mads Andreas Elkjaer<\/a>\u00a0(U. of Copenhagen, Danmark)<\/p>\n<p><span>When: April 19, 2024, 3 &#8211; 5 p.m.<br \/>Where: Universit\u00e9 de Montr\u00e9al, Pavillon Lionel-Groulx, C-4145, 3150 rue Jean-Brillant, Montr\u00e9al (Qu\u00e9bec) H3T 1N8<b><br \/><\/b>\u00a0<\/span><\/p>\n<p><strong>Abstract :<br \/><\/strong>In recent years, concerns have been raised that democratic governments are no longer responding to majority demands for redistribution. One part of the literature uses public opinion evidence to argue that redistributive policies are strongly biased toward the preferences of the rich, another uses macro-level data to argue that governments do not respond to rising inequality in the ways predicted by standard theories of democracy. In this\u00a0<span lang=\"en-US\">book project<\/span>,\u00a0<span lang=\"en-US\">I combine survey and macro data on redistribution and taxation from a broad range of advanced democracies to\u00a0<\/span>reassess these conclusions<span lang=\"en-US\">. I argue that the power of the rich has not increased because of rising inequality and that the middle class remains a powerful political force in advanced democracies today. The United States appears to be an outlier, however.<\/span><\/p>\n<p><span>This series is sponsored by the\u00a0Centre for the Study of Democratic Citizenship, which is funded by the\u00a0<\/span><a href=\"https:\/\/frq.gouv.qc.ca\/en\/?_gl=1*o5ed60*_up*MQ..&amp;gclid=Cj0KCQjwz7C2BhDkARIsAA_SZKZZF5jB-6FsIs95vigEAG-xhoJ5O0HSQFDdNdEUSTzR3BuQU4vBJr8aAi69EALw_wcB\">Fonds de recherche du Qu\u00e9bec \u2013 Soci\u00e9t\u00e9 et culture (FRQSC)<\/a><span>.<\/span><\/p>\n<p>[\/et_pb_text][\/et_pb_column][\/et_pb_row][\/et_pb_section]<\/p>\n","protected":false},"excerpt":{"rendered":"<p>Speaker Series \u2013 Mads Andreas ElkjaerThe Centre for the Study of Democratic Citizenship\u00a0presents: Middle-Class Democracy:\u00a0Economic Inequality and Political Representation in Comparative PerspectiveMads Andreas Elkjaer\u00a0(U. of Copenhagen, Danmark) When: April 19, 2024, 3 &#8211; 5 p.m.Where: Universit\u00e9 de Montr\u00e9al, Pavillon Lionel-Groulx, C-4145, 3150 rue Jean-Brillant, Montr\u00e9al (Qu\u00e9bec) H3T 1N8\u00a0 Abstract :In recent years, concerns have been [&hellip;]<\/p>\n","protected":false},"author":1,"featured_media":0,"parent":0,"menu_order":0,"comment_status":"closed","ping_status":"closed","template":"","meta":{"_et_pb_use_builder":"on","_et_pb_old_content":"","_et_gb_content_width":"","footnotes":""},"class_list":["post-5345","page","type-page","status-publish","hentry"],"yoast_head":"<!-- This site is optimized with the Yoast SEO plugin v27.4 - https:\/\/yoast.com\/product\/yoast-seo-wordpress\/ -->\n<title>Mads Andreas Elkjaer - CECD - Centre pour l&#039;\u00e9tude de la citoyennet\u00e9 d\u00e9mocratique<\/title>\n<meta name=\"robots\" content=\"index, follow, max-snippet:-1, max-image-preview:large, max-video-preview:-1\" \/>\n<link rel=\"canonical\" href=\"https:\/\/csdc-cecd.ca\/mads-andreas-elkjaer\/\" \/>\n<meta property=\"og:locale\" content=\"en_US\" \/>\n<meta property=\"og:type\" content=\"article\" \/>\n<meta property=\"og:title\" content=\"Mads Andreas Elkjaer - CECD - Centre pour l&#039;\u00e9tude de la citoyennet\u00e9 d\u00e9mocratique\" \/>\n<meta property=\"og:description\" content=\"Speaker Series \u2013 Mads Andreas ElkjaerThe Centre for the Study of Democratic Citizenship\u00a0presents: Middle-Class Democracy:\u00a0Economic Inequality and Political Representation in Comparative PerspectiveMads Andreas Elkjaer\u00a0(U. of Copenhagen, Danmark) When: April 19, 2024, 3 - 5 p.m.Where: Universit\u00e9 de Montr\u00e9al, Pavillon Lionel-Groulx, C-4145, 3150 rue Jean-Brillant, Montr\u00e9al (Qu\u00e9bec) H3T 1N8\u00a0 Abstract :In recent years, concerns have been [&hellip;]\" \/>\n<meta property=\"og:url\" content=\"https:\/\/csdc-cecd.ca\/mads-andreas-elkjaer\/\" \/>\n<meta property=\"og:site_name\" content=\"CECD - Centre pour l&#039;\u00e9tude de la citoyennet\u00e9 d\u00e9mocratique\" \/>\n<meta property=\"article:modified_time\" content=\"2025-07-08T13:06:22+00:00\" \/>\n<meta name=\"twitter:card\" content=\"summary_large_image\" \/>\n<script type=\"application\/ld+json\" class=\"yoast-schema-graph\">{\"@context\":\"https:\\\/\\\/schema.org\",\"@graph\":[{\"@type\":\"WebPage\",\"@id\":\"https:\\\/\\\/csdc-cecd.ca\\\/mads-andreas-elkjaer\\\/\",\"url\":\"https:\\\/\\\/csdc-cecd.ca\\\/mads-andreas-elkjaer\\\/\",\"name\":\"Mads Andreas Elkjaer - CECD - Centre pour l&#039;\u00e9tude de la citoyennet\u00e9 d\u00e9mocratique\",\"isPartOf\":{\"@id\":\"https:\\\/\\\/csdc-cecd.ca\\\/#website\"},\"datePublished\":\"2025-07-08T12:56:41+00:00\",\"dateModified\":\"2025-07-08T13:06:22+00:00\",\"breadcrumb\":{\"@id\":\"https:\\\/\\\/csdc-cecd.ca\\\/mads-andreas-elkjaer\\\/#breadcrumb\"},\"inLanguage\":\"en-US\",\"potentialAction\":[{\"@type\":\"ReadAction\",\"target\":[\"https:\\\/\\\/csdc-cecd.ca\\\/mads-andreas-elkjaer\\\/\"]}]},{\"@type\":\"BreadcrumbList\",\"@id\":\"https:\\\/\\\/csdc-cecd.ca\\\/mads-andreas-elkjaer\\\/#breadcrumb\",\"itemListElement\":[{\"@type\":\"ListItem\",\"position\":1,\"name\":\"Accueil\",\"item\":\"https:\\\/\\\/csdc-cecd.ca\\\/en\\\/\"},{\"@type\":\"ListItem\",\"position\":2,\"name\":\"Mads Andreas Elkjaer\"}]},{\"@type\":\"WebSite\",\"@id\":\"https:\\\/\\\/csdc-cecd.ca\\\/#website\",\"url\":\"https:\\\/\\\/csdc-cecd.ca\\\/\",\"name\":\"CECD - Centre pour l&#039;\u00e9tude de la citoyennet\u00e9 d\u00e9mocratique\",\"description\":\"\",\"potentialAction\":[{\"@type\":\"SearchAction\",\"target\":{\"@type\":\"EntryPoint\",\"urlTemplate\":\"https:\\\/\\\/csdc-cecd.ca\\\/?s={search_term_string}\"},\"query-input\":{\"@type\":\"PropertyValueSpecification\",\"valueRequired\":true,\"valueName\":\"search_term_string\"}}],\"inLanguage\":\"en-US\"}]}<\/script>\n<!-- \/ Yoast SEO plugin. -->","yoast_head_json":{"title":"Mads Andreas Elkjaer - CECD - Centre pour l&#039;\u00e9tude de la citoyennet\u00e9 d\u00e9mocratique","robots":{"index":"index","follow":"follow","max-snippet":"max-snippet:-1","max-image-preview":"max-image-preview:large","max-video-preview":"max-video-preview:-1"},"canonical":"https:\/\/csdc-cecd.ca\/mads-andreas-elkjaer\/","og_locale":"en_US","og_type":"article","og_title":"Mads Andreas Elkjaer - CECD - Centre pour l&#039;\u00e9tude de la citoyennet\u00e9 d\u00e9mocratique","og_description":"Speaker Series \u2013 Mads Andreas ElkjaerThe Centre for the Study of Democratic Citizenship\u00a0presents: Middle-Class Democracy:\u00a0Economic Inequality and Political Representation in Comparative PerspectiveMads Andreas Elkjaer\u00a0(U. of Copenhagen, Danmark) When: April 19, 2024, 3 - 5 p.m.Where: Universit\u00e9 de Montr\u00e9al, Pavillon Lionel-Groulx, C-4145, 3150 rue Jean-Brillant, Montr\u00e9al (Qu\u00e9bec) H3T 1N8\u00a0 Abstract :In recent years, concerns have been [&hellip;]","og_url":"https:\/\/csdc-cecd.ca\/mads-andreas-elkjaer\/","og_site_name":"CECD - Centre pour l&#039;\u00e9tude de la citoyennet\u00e9 d\u00e9mocratique","article_modified_time":"2025-07-08T13:06:22+00:00","twitter_card":"summary_large_image","schema":{"@context":"https:\/\/schema.org","@graph":[{"@type":"WebPage","@id":"https:\/\/csdc-cecd.ca\/mads-andreas-elkjaer\/","url":"https:\/\/csdc-cecd.ca\/mads-andreas-elkjaer\/","name":"Mads Andreas Elkjaer - CECD - Centre pour l&#039;\u00e9tude de la citoyennet\u00e9 d\u00e9mocratique","isPartOf":{"@id":"https:\/\/csdc-cecd.ca\/#website"},"datePublished":"2025-07-08T12:56:41+00:00","dateModified":"2025-07-08T13:06:22+00:00","breadcrumb":{"@id":"https:\/\/csdc-cecd.ca\/mads-andreas-elkjaer\/#breadcrumb"},"inLanguage":"en-US","potentialAction":[{"@type":"ReadAction","target":["https:\/\/csdc-cecd.ca\/mads-andreas-elkjaer\/"]}]},{"@type":"BreadcrumbList","@id":"https:\/\/csdc-cecd.ca\/mads-andreas-elkjaer\/#breadcrumb","itemListElement":[{"@type":"ListItem","position":1,"name":"Accueil","item":"https:\/\/csdc-cecd.ca\/en\/"},{"@type":"ListItem","position":2,"name":"Mads Andreas Elkjaer"}]},{"@type":"WebSite","@id":"https:\/\/csdc-cecd.ca\/#website","url":"https:\/\/csdc-cecd.ca\/","name":"CECD - Centre pour l&#039;\u00e9tude de la citoyennet\u00e9 d\u00e9mocratique","description":"","potentialAction":[{"@type":"SearchAction","target":{"@type":"EntryPoint","urlTemplate":"https:\/\/csdc-cecd.ca\/?s={search_term_string}"},"query-input":{"@type":"PropertyValueSpecification","valueRequired":true,"valueName":"search_term_string"}}],"inLanguage":"en-US"}]}},"_links":{"self":[{"href":"https:\/\/csdc-cecd.ca\/en\/wp-json\/wp\/v2\/pages\/5345","targetHints":{"allow":["GET"]}}],"collection":[{"href":"https:\/\/csdc-cecd.ca\/en\/wp-json\/wp\/v2\/pages"}],"about":[{"href":"https:\/\/csdc-cecd.ca\/en\/wp-json\/wp\/v2\/types\/page"}],"author":[{"embeddable":true,"href":"https:\/\/csdc-cecd.ca\/en\/wp-json\/wp\/v2\/users\/1"}],"replies":[{"embeddable":true,"href":"https:\/\/csdc-cecd.ca\/en\/wp-json\/wp\/v2\/comments?post=5345"}],"version-history":[{"count":4,"href":"https:\/\/csdc-cecd.ca\/en\/wp-json\/wp\/v2\/pages\/5345\/revisions"}],"predecessor-version":[{"id":5353,"href":"https:\/\/csdc-cecd.ca\/en\/wp-json\/wp\/v2\/pages\/5345\/revisions\/5353"}],"wp:attachment":[{"href":"https:\/\/csdc-cecd.ca\/en\/wp-json\/wp\/v2\/media?parent=5345"}],"curies":[{"name":"wp","href":"https:\/\/api.w.org\/{rel}","templated":true}]}}

<p>[et_pb_section fb_built=&#8221;1&#8243; _builder_version=&#8221;4.27.4&#8243; _module_preset=&#8221;default&#8221; global_colors_info=&#8221;{}&#8221;][et_pb_row _builder_version=&#8221;4.27.4&#8243; _module_preset=&#8221;default&#8221; global_colors_info=&#8221;{}&#8221;][et_pb_column type=&#8221;4_4&#8243; _builder_version=&#8221;4.27.4&#8243; _module_preset=&#8221;default&#8221; global_colors_info=&#8221;{}&#8221;][et_pb_text _builder_version=&#8221;4.27.4&#8243; _module_preset=&#8221;default&#8221; global_colors_info=&#8221;{}&#8221;]</p>
<h2 class="page-title">Speaker Series – Mads Andreas Elkjaer</h2>
<p>[/et_pb_text][/et_pb_column][/et_pb_row][et_pb_row _builder_version=&#8221;4.27.4&#8243; _module_preset=&#8221;default&#8221; global_colors_info=&#8221;{}&#8221;][et_pb_column type=&#8221;4_4&#8243; _builder_version=&#8221;4.27.4&#8243; _module_preset=&#8221;default&#8221; global_colors_info=&#8221;{}&#8221;][et_pb_image src=&#8221;https://csdc-cecd.ca/wp-content/uploads/2025/07/Mads-Andreas-Elkjaer-Speaker-Series.png&#8221; title_text=&#8221;Mads-Andreas-Elkjaer-Speaker-Series&#8221; _builder_version=&#8221;4.27.4&#8243; _module_preset=&#8221;default&#8221; global_colors_info=&#8221;{}&#8221;][/et_pb_image][/et_pb_column][/et_pb_row][et_pb_row _builder_version=&#8221;4.27.4&#8243; _module_preset=&#8221;default&#8221; global_colors_info=&#8221;{}&#8221;][et_pb_column type=&#8221;4_4&#8243; _builder_version=&#8221;4.27.4&#8243; _module_preset=&#8221;default&#8221; global_colors_info=&#8221;{}&#8221;][et_pb_text _builder_version=&#8221;4.27.4&#8243; _module_preset=&#8221;default&#8221; hover_enabled=&#8221;0&#8243; global_colors_info=&#8221;{}&#8221; sticky_enabled=&#8221;0&#8243;]</p>
<p><span>The Centre for the Study of Democratic Citizenship</span><span> presents:</span></p>
<p><span lang="en-US">Middle-Class Democracy: </span>Economic Inequality and Political Representation in Comparative Perspective<br /><a href="https://madselkjaer.com/">Mads Andreas Elkjaer</a> (U. of Copenhagen, Danmark)</p>
<p><span>When: April 19, 2024, 3 &#8211; 5 p.m.<br />Where: Université de Montréal, Pavillon Lionel-Groulx, C-4145, 3150 rue Jean-Brillant, Montréal (Québec) H3T 1N8<b><br /></b> </span></p>
<p><strong>Abstract :<br /></strong>In recent years, concerns have been raised that democratic governments are no longer responding to majority demands for redistribution. One part of the literature uses public opinion evidence to argue that redistributive policies are strongly biased toward the preferences of the rich, another uses macro-level data to argue that governments do not respond to rising inequality in the ways predicted by standard theories of democracy. In this <span lang="en-US">book project</span>, <span lang="en-US">I combine survey and macro data on redistribution and taxation from a broad range of advanced democracies to </span>reassess these conclusions<span lang="en-US">. I argue that the power of the rich has not increased because of rising inequality and that the middle class remains a powerful political force in advanced democracies today. The United States appears to be an outlier, however.</span></p>
<p><span>This series is sponsored by the Centre for the Study of Democratic Citizenship, which is funded by the </span><a href="https://frq.gouv.qc.ca/en/?_gl=1*o5ed60*_up*MQ..&amp;gclid=Cj0KCQjwz7C2BhDkARIsAA_SZKZZF5jB-6FsIs95vigEAG-xhoJ5O0HSQFDdNdEUSTzR3BuQU4vBJr8aAi69EALw_wcB">Fonds de recherche du Québec – Société et culture (FRQSC)</a><span>.</span></p>
<p>[/et_pb_text][/et_pb_column][/et_pb_row][/et_pb_section]</p>

<p>Speaker Series – Mads Andreas ElkjaerThe Centre for the Study of Democratic Citizenship presents: Middle-Class Democracy: Economic Inequality and Political Representation in Comparative PerspectiveMads Andreas Elkjaer (U. of Copenhagen, Danmark) When: April 19, 2024, 3 &#8211; 5 p.m.Where: Université de Montréal, Pavillon Lionel-Groulx, C-4145, 3150 rue Jean-Brillant, Montréal (Québec) H3T 1N8  Abstract :In recent years, concerns have been [&hellip;]</p>

<!-- This site is optimized with the Yoast SEO plugin v27.4 - https://yoast.com/product/yoast-seo-wordpress/ -->
<title>Mads Andreas Elkjaer - CECD - Centre pour l&#039;étude de la citoyenneté démocratique</title>
<meta name="robots" content="index, follow, max-snippet:-1, max-image-preview:large, max-video-preview:-1" />
<link rel="canonical" href="https://csdc-cecd.ca/mads-andreas-elkjaer/" />
<meta property="og:locale" content="en_US" />
<meta property="og:type" content="article" />
<meta property="og:title" content="Mads Andreas Elkjaer - CECD - Centre pour l&#039;étude de la citoyenneté démocratique" />
<meta property="og:description" content="Speaker Series – Mads Andreas ElkjaerThe Centre for the Study of Democratic Citizenship presents: Middle-Class Democracy: Economic Inequality and Political Representation in Comparative PerspectiveMads Andreas Elkjaer (U. of Copenhagen, Danmark) When: April 19, 2024, 3 - 5 p.m.Where: Université de Montréal, Pavillon Lionel-Groulx, C-4145, 3150 rue Jean-Brillant, Montréal (Québec) H3T 1N8  Abstract :In recent years, concerns have been [&hellip;]" />
<meta property="og:url" content="https://csdc-cecd.ca/mads-andreas-elkjaer/" />
<meta property="og:site_name" content="CECD - Centre pour l&#039;étude de la citoyenneté démocratique" />
<meta property="article:modified_time" content="2025-07-08T13:06:22+00:00" />
<meta name="twitter:card" content="summary_large_image" />
<script type="application/ld+json" class="yoast-schema-graph">{"@context":"https:\/\/schema.org","@graph":[{"@type":"WebPage","@id":"https:\/\/csdc-cecd.ca\/mads-andreas-elkjaer\/","url":"https:\/\/csdc-cecd.ca\/mads-andreas-elkjaer\/","name":"Mads Andreas Elkjaer - CECD - Centre pour l&#039;étude de la citoyenneté démocratique","isPartOf":{"@id":"https:\/\/csdc-cecd.ca\/#website"},"datePublished":"2025-07-08T12:56:41+00:00","dateModified":"2025-07-08T13:06:22+00:00","breadcrumb":{"@id":"https:\/\/csdc-cecd.ca\/mads-andreas-elkjaer\/#breadcrumb"},"inLanguage":"en-US","potentialAction":[{"@type":"ReadAction","target":["https:\/\/csdc-cecd.ca\/mads-andreas-elkjaer\/"]}]},{"@type":"BreadcrumbList","@id":"https:\/\/csdc-cecd.ca\/mads-andreas-elkjaer\/#breadcrumb","itemListElement":[{"@type":"ListItem","position":1,"name":"Accueil","item":"https:\/\/csdc-cecd.ca\/en\/"},{"@type":"ListItem","position":2,"name":"Mads Andreas Elkjaer"}]},{"@type":"WebSite","@id":"https:\/\/csdc-cecd.ca\/#website","url":"https:\/\/csdc-cecd.ca\/","name":"CECD - Centre pour l&#039;étude de la citoyenneté démocratique","description":"","potentialAction":[{"@type":"SearchAction","target":{"@type":"EntryPoint","urlTemplate":"https:\/\/csdc-cecd.ca\/?s={search_term_string}"},"query-input":{"@type":"PropertyValueSpecification","valueRequired":true,"valueName":"search_term_string"}}],"inLanguage":"en-US"}]}</script>
<!-- / Yoast SEO plugin. -->

Mads Andreas Elkjaer - CECD - Centre pour l&#039;étude de la citoyenneté démocratique

Speaker Series – Mads Andreas ElkjaerThe Centre for the Study of Democratic Citizenship presents: Middle-Class Democracy: Economic Inequality and Political Representation in Comparative PerspectiveMads Andreas Elkjaer (U. of Copenhagen, Danmark) When: April 19, 2024, 3 - 5 p.m.Where: Université de Montréal, Pavillon Lionel-Groulx, C-4145, 3150 rue Jean-Brillant, Montréal (Québec) H3T 1N8  Abstract :In recent years, concerns have been [&hellip;]

CECD - Centre pour l&#039;étude de la citoyenneté démocratique
