{"id":6333,"date":"2025-10-22T11:47:04","date_gmt":"2025-10-22T15:47:04","guid":{"rendered":"https:\/\/csdc-cecd.ca\/comment-les-quebecoises-ont-ils-evalues\/"},"modified":"2025-10-22T13:26:26","modified_gmt":"2025-10-22T17:26:26","slug":"comment-les-quebecoises-ont-ils-evalues","status":"publish","type":"page","link":"https:\/\/csdc-cecd.ca\/en\/comment-les-quebecoises-ont-ils-evalues\/","title":{"rendered":"Comment les quebecoises ont-ils evalues"},"content":{"rendered":"<p>[et_pb_section fb_built=&#8221;1&#8243; _builder_version=&#8221;4.27.4&#8243; _module_preset=&#8221;default&#8221; global_colors_info=&#8221;{}&#8221;][et_pb_row _builder_version=&#8221;4.27.4&#8243; _module_preset=&#8221;default&#8221; global_colors_info=&#8221;{}&#8221;][et_pb_column type=&#8221;4_4&#8243; _builder_version=&#8221;4.27.4&#8243; _module_preset=&#8221;default&#8221; global_colors_info=&#8221;{}&#8221;][et_pb_image src=&#8221;https:\/\/csdc-cecd.ca\/wp-content\/uploads\/2025\/10\/Eric-Belanger-LES-RDV-DE-SCIENCE-POLITIQUE.jpg&#8221; title_text=&#8221;E\u0301ric Be\u0301langer &#8211; LES RDV DE SCIENCE POLITIQUE&#8221; _builder_version=&#8221;4.27.4&#8243; _module_preset=&#8221;default&#8221; global_colors_info=&#8221;{}&#8221;][\/et_pb_image][\/et_pb_column][\/et_pb_row][et_pb_row _builder_version=&#8221;4.27.4&#8243; _module_preset=&#8221;default&#8221; global_colors_info=&#8221;{}&#8221;][et_pb_column type=&#8221;4_4&#8243; _builder_version=&#8221;4.27.4&#8243; _module_preset=&#8221;default&#8221; global_colors_info=&#8221;{}&#8221;][et_pb_text _builder_version=&#8221;4.27.4&#8243; _module_preset=&#8221;default&#8221; hover_enabled=&#8221;0&#8243; global_colors_info=&#8221;{}&#8221; sticky_enabled=&#8221;0&#8243;]<\/p>\n<p><span>La Chaire de recherche sur la d\u00e9mocratie et les institutions parlementaires et le Centre pour l\u2019\u00e9tude de la citoyennet\u00e9 d\u00e9mocratique pr\u00e9sentent :<\/span><\/p>\n<p><span><strong>Comment les Qu\u00e9becois ont-ils \u00e9valu\u00e9s le leadership des chefs lors de l&#8217;\u00e9lection f\u00e9d\u00e9rale de 2025 ?<\/strong><br \/>Presentor: \u00c9ric B\u00e9langer, Political Science Department, McGill<\/span><span><\/span><\/p>\n<p><span>When:\u00a0 Thursday November 20, 2025, 12 \u2013 1:15 p.m.<br \/>Where : Universit\u00e9 Laval, Pavillon Charles-De Koninck, room 3470, Quebec City<\/span><\/p>\n<p><span>ZOOM : <\/span>https:\/\/ulaval.zoom.us\/j\/65807784518pwd=VCBNLa8UapR6vjeaavOOKC1G83rDV0.1#success<br \/>Meeting ID : 658 0778 4518<br \/>Passcode : 417729<\/p>\n<p><em>Ce projet s\u2019inscrit dans une recherche plus vaste sur l\u2019\u00e9volution des traits de leadership au Canada depuis les ann\u00e9es 1990. Il combine l\u2019analyse des perceptions du public (en actualisant les travaux de Bittner) et celle de la mani\u00e8re dont les leaders fa\u00e7onnent leur image. L\u2019ancrage th\u00e9orique repose sur la \u00abth\u00e9orie du triangle du leadership\u00bb de Ceccobelli et Di Gregorio (2022). \u00c0 partir de donn\u00e9es d\u2019opinion recueillies au Qu\u00e9bec durant la campagne \u00e9lectorale f\u00e9d\u00e9rale de 2025, l\u2019\u00e9tude \u00e9value trois traits de leadership : authenticit\u00e9, comp\u00e9tence et proximit\u00e9 aupr\u00e8s des gens. Les r\u00e9sultats montrent des variations selon les leaders, le temps, l\u2019\u00e2ge, le genre et l\u2019affiliation partisane. Les r\u00e9sultats sugg\u00e8rent aussi l\u2019importance de croiser ces perceptions du public avec l\u2019offre politique (la communication par les leaders) pour mieux comprendre les dynamiques \u00e9lectorales.<\/em><\/p>\n<p>[\/et_pb_text][\/et_pb_column][\/et_pb_row][et_pb_row _builder_version=&#8221;4.27.4&#8243; _module_preset=&#8221;default&#8221; global_colors_info=&#8221;{}&#8221;][et_pb_column type=&#8221;4_4&#8243; _builder_version=&#8221;4.27.4&#8243; _module_preset=&#8221;default&#8221; global_colors_info=&#8221;{}&#8221;][et_pb_text _builder_version=&#8221;4.27.4&#8243; _module_preset=&#8221;default&#8221; hover_enabled=&#8221;0&#8243; global_colors_info=&#8221;{}&#8221; sticky_enabled=&#8221;0&#8243;]<\/p>\n<p><span>The\u00a0<\/span><span>Centre for the Study of Democratic Citizenship\u00a0<\/span><span>is funded by the\u00a0<a href=\"https:\/\/frq.gouv.qc.ca\/\">Fonds de recherche du Qu\u00e9bec \u2013 Soci\u00e9t\u00e9 et culture (FRQSC)<\/a>.<\/span><\/p>\n<p>[\/et_pb_text][\/et_pb_column][\/et_pb_row][\/et_pb_section]<\/p>\n","protected":false},"excerpt":{"rendered":"<p>La Chaire de recherche sur la d\u00e9mocratie et les institutions parlementaires et le Centre pour l\u2019\u00e9tude de la citoyennet\u00e9 d\u00e9mocratique pr\u00e9sentent : Comment les Qu\u00e9becois ont-ils \u00e9valu\u00e9s le leadership des chefs lors de l&#8217;\u00e9lection f\u00e9d\u00e9rale de 2025 ?Presentor: \u00c9ric B\u00e9langer, Political Science Department, McGill When:\u00a0 Thursday November 20, 2025, 12 \u2013 1:15 p.m.Where : Universit\u00e9 [&hellip;]<\/p>\n","protected":false},"author":1,"featured_media":0,"parent":0,"menu_order":0,"comment_status":"closed","ping_status":"closed","template":"","meta":{"_et_pb_use_builder":"on","_et_pb_old_content":"","_et_gb_content_width":"","footnotes":""},"class_list":["post-6333","page","type-page","status-publish","hentry"],"yoast_head":"<!-- This site is optimized with the Yoast SEO plugin v27.4 - https:\/\/yoast.com\/product\/yoast-seo-wordpress\/ -->\n<title>Comment les quebecoises ont-ils evalues - CECD - Centre pour l&#039;\u00e9tude de la citoyennet\u00e9 d\u00e9mocratique<\/title>\n<meta name=\"robots\" content=\"index, follow, max-snippet:-1, max-image-preview:large, max-video-preview:-1\" \/>\n<link rel=\"canonical\" href=\"https:\/\/csdc-cecd.ca\/en\/comment-les-quebecoises-ont-ils-evalues\/\" \/>\n<meta property=\"og:locale\" content=\"en_US\" \/>\n<meta property=\"og:type\" content=\"article\" \/>\n<meta property=\"og:title\" content=\"Comment les quebecoises ont-ils evalues - CECD - Centre pour l&#039;\u00e9tude de la citoyennet\u00e9 d\u00e9mocratique\" \/>\n<meta property=\"og:description\" content=\"La Chaire de recherche sur la d\u00e9mocratie et les institutions parlementaires et le Centre pour l\u2019\u00e9tude de la citoyennet\u00e9 d\u00e9mocratique pr\u00e9sentent : Comment les Qu\u00e9becois ont-ils \u00e9valu\u00e9s le leadership des chefs lors de l&#039;\u00e9lection f\u00e9d\u00e9rale de 2025 ?Presentor: \u00c9ric B\u00e9langer, Political Science Department, McGill When:\u00a0 Thursday November 20, 2025, 12 \u2013 1:15 p.m.Where : Universit\u00e9 [&hellip;]\" \/>\n<meta property=\"og:url\" content=\"https:\/\/csdc-cecd.ca\/en\/comment-les-quebecoises-ont-ils-evalues\/\" \/>\n<meta property=\"og:site_name\" content=\"CECD - Centre pour l&#039;\u00e9tude de la citoyennet\u00e9 d\u00e9mocratique\" \/>\n<meta property=\"article:modified_time\" content=\"2025-10-22T17:26:26+00:00\" \/>\n<meta name=\"twitter:card\" content=\"summary_large_image\" \/>\n<meta name=\"twitter:label1\" content=\"Est. reading time\" \/>\n\t<meta name=\"twitter:data1\" content=\"2 minutes\" \/>\n<script type=\"application\/ld+json\" class=\"yoast-schema-graph\">{\"@context\":\"https:\\\/\\\/schema.org\",\"@graph\":[{\"@type\":\"WebPage\",\"@id\":\"https:\\\/\\\/csdc-cecd.ca\\\/en\\\/comment-les-quebecoises-ont-ils-evalues\\\/\",\"url\":\"https:\\\/\\\/csdc-cecd.ca\\\/en\\\/comment-les-quebecoises-ont-ils-evalues\\\/\",\"name\":\"Comment les quebecoises ont-ils evalues - CECD - Centre pour l&#039;\u00e9tude de la citoyennet\u00e9 d\u00e9mocratique\",\"isPartOf\":{\"@id\":\"https:\\\/\\\/csdc-cecd.ca\\\/#website\"},\"datePublished\":\"2025-10-22T15:47:04+00:00\",\"dateModified\":\"2025-10-22T17:26:26+00:00\",\"breadcrumb\":{\"@id\":\"https:\\\/\\\/csdc-cecd.ca\\\/en\\\/comment-les-quebecoises-ont-ils-evalues\\\/#breadcrumb\"},\"inLanguage\":\"en-US\",\"potentialAction\":[{\"@type\":\"ReadAction\",\"target\":[\"https:\\\/\\\/csdc-cecd.ca\\\/en\\\/comment-les-quebecoises-ont-ils-evalues\\\/\"]}]},{\"@type\":\"BreadcrumbList\",\"@id\":\"https:\\\/\\\/csdc-cecd.ca\\\/en\\\/comment-les-quebecoises-ont-ils-evalues\\\/#breadcrumb\",\"itemListElement\":[{\"@type\":\"ListItem\",\"position\":1,\"name\":\"Accueil\",\"item\":\"https:\\\/\\\/csdc-cecd.ca\\\/en\\\/\"},{\"@type\":\"ListItem\",\"position\":2,\"name\":\"Comment les quebecoises ont-ils evalues\"}]},{\"@type\":\"WebSite\",\"@id\":\"https:\\\/\\\/csdc-cecd.ca\\\/#website\",\"url\":\"https:\\\/\\\/csdc-cecd.ca\\\/\",\"name\":\"CECD - Centre pour l&#039;\u00e9tude de la citoyennet\u00e9 d\u00e9mocratique\",\"description\":\"\",\"potentialAction\":[{\"@type\":\"SearchAction\",\"target\":{\"@type\":\"EntryPoint\",\"urlTemplate\":\"https:\\\/\\\/csdc-cecd.ca\\\/?s={search_term_string}\"},\"query-input\":{\"@type\":\"PropertyValueSpecification\",\"valueRequired\":true,\"valueName\":\"search_term_string\"}}],\"inLanguage\":\"en-US\"}]}<\/script>\n<!-- \/ Yoast SEO plugin. -->","yoast_head_json":{"title":"Comment les quebecoises ont-ils evalues - CECD - Centre pour l&#039;\u00e9tude de la citoyennet\u00e9 d\u00e9mocratique","robots":{"index":"index","follow":"follow","max-snippet":"max-snippet:-1","max-image-preview":"max-image-preview:large","max-video-preview":"max-video-preview:-1"},"canonical":"https:\/\/csdc-cecd.ca\/en\/comment-les-quebecoises-ont-ils-evalues\/","og_locale":"en_US","og_type":"article","og_title":"Comment les quebecoises ont-ils evalues - CECD - Centre pour l&#039;\u00e9tude de la citoyennet\u00e9 d\u00e9mocratique","og_description":"La Chaire de recherche sur la d\u00e9mocratie et les institutions parlementaires et le Centre pour l\u2019\u00e9tude de la citoyennet\u00e9 d\u00e9mocratique pr\u00e9sentent : Comment les Qu\u00e9becois ont-ils \u00e9valu\u00e9s le leadership des chefs lors de l'\u00e9lection f\u00e9d\u00e9rale de 2025 ?Presentor: \u00c9ric B\u00e9langer, Political Science Department, McGill When:\u00a0 Thursday November 20, 2025, 12 \u2013 1:15 p.m.Where : Universit\u00e9 [&hellip;]","og_url":"https:\/\/csdc-cecd.ca\/en\/comment-les-quebecoises-ont-ils-evalues\/","og_site_name":"CECD - Centre pour l&#039;\u00e9tude de la citoyennet\u00e9 d\u00e9mocratique","article_modified_time":"2025-10-22T17:26:26+00:00","twitter_card":"summary_large_image","twitter_misc":{"Est. reading time":"2 minutes"},"schema":{"@context":"https:\/\/schema.org","@graph":[{"@type":"WebPage","@id":"https:\/\/csdc-cecd.ca\/en\/comment-les-quebecoises-ont-ils-evalues\/","url":"https:\/\/csdc-cecd.ca\/en\/comment-les-quebecoises-ont-ils-evalues\/","name":"Comment les quebecoises ont-ils evalues - CECD - Centre pour l&#039;\u00e9tude de la citoyennet\u00e9 d\u00e9mocratique","isPartOf":{"@id":"https:\/\/csdc-cecd.ca\/#website"},"datePublished":"2025-10-22T15:47:04+00:00","dateModified":"2025-10-22T17:26:26+00:00","breadcrumb":{"@id":"https:\/\/csdc-cecd.ca\/en\/comment-les-quebecoises-ont-ils-evalues\/#breadcrumb"},"inLanguage":"en-US","potentialAction":[{"@type":"ReadAction","target":["https:\/\/csdc-cecd.ca\/en\/comment-les-quebecoises-ont-ils-evalues\/"]}]},{"@type":"BreadcrumbList","@id":"https:\/\/csdc-cecd.ca\/en\/comment-les-quebecoises-ont-ils-evalues\/#breadcrumb","itemListElement":[{"@type":"ListItem","position":1,"name":"Accueil","item":"https:\/\/csdc-cecd.ca\/en\/"},{"@type":"ListItem","position":2,"name":"Comment les quebecoises ont-ils evalues"}]},{"@type":"WebSite","@id":"https:\/\/csdc-cecd.ca\/#website","url":"https:\/\/csdc-cecd.ca\/","name":"CECD - Centre pour l&#039;\u00e9tude de la citoyennet\u00e9 d\u00e9mocratique","description":"","potentialAction":[{"@type":"SearchAction","target":{"@type":"EntryPoint","urlTemplate":"https:\/\/csdc-cecd.ca\/?s={search_term_string}"},"query-input":{"@type":"PropertyValueSpecification","valueRequired":true,"valueName":"search_term_string"}}],"inLanguage":"en-US"}]}},"_links":{"self":[{"href":"https:\/\/csdc-cecd.ca\/en\/wp-json\/wp\/v2\/pages\/6333","targetHints":{"allow":["GET"]}}],"collection":[{"href":"https:\/\/csdc-cecd.ca\/en\/wp-json\/wp\/v2\/pages"}],"about":[{"href":"https:\/\/csdc-cecd.ca\/en\/wp-json\/wp\/v2\/types\/page"}],"author":[{"embeddable":true,"href":"https:\/\/csdc-cecd.ca\/en\/wp-json\/wp\/v2\/users\/1"}],"replies":[{"embeddable":true,"href":"https:\/\/csdc-cecd.ca\/en\/wp-json\/wp\/v2\/comments?post=6333"}],"version-history":[{"count":2,"href":"https:\/\/csdc-cecd.ca\/en\/wp-json\/wp\/v2\/pages\/6333\/revisions"}],"predecessor-version":[{"id":6335,"href":"https:\/\/csdc-cecd.ca\/en\/wp-json\/wp\/v2\/pages\/6333\/revisions\/6335"}],"wp:attachment":[{"href":"https:\/\/csdc-cecd.ca\/en\/wp-json\/wp\/v2\/media?parent=6333"}],"curies":[{"name":"wp","href":"https:\/\/api.w.org\/{rel}","templated":true}]}}

<p>[et_pb_section fb_built=&#8221;1&#8243; _builder_version=&#8221;4.27.4&#8243; _module_preset=&#8221;default&#8221; global_colors_info=&#8221;{}&#8221;][et_pb_row _builder_version=&#8221;4.27.4&#8243; _module_preset=&#8221;default&#8221; global_colors_info=&#8221;{}&#8221;][et_pb_column type=&#8221;4_4&#8243; _builder_version=&#8221;4.27.4&#8243; _module_preset=&#8221;default&#8221; global_colors_info=&#8221;{}&#8221;][et_pb_image src=&#8221;https://csdc-cecd.ca/wp-content/uploads/2025/10/Eric-Belanger-LES-RDV-DE-SCIENCE-POLITIQUE.jpg&#8221; title_text=&#8221;Éric Bélanger &#8211; LES RDV DE SCIENCE POLITIQUE&#8221; _builder_version=&#8221;4.27.4&#8243; _module_preset=&#8221;default&#8221; global_colors_info=&#8221;{}&#8221;][/et_pb_image][/et_pb_column][/et_pb_row][et_pb_row _builder_version=&#8221;4.27.4&#8243; _module_preset=&#8221;default&#8221; global_colors_info=&#8221;{}&#8221;][et_pb_column type=&#8221;4_4&#8243; _builder_version=&#8221;4.27.4&#8243; _module_preset=&#8221;default&#8221; global_colors_info=&#8221;{}&#8221;][et_pb_text _builder_version=&#8221;4.27.4&#8243; _module_preset=&#8221;default&#8221; hover_enabled=&#8221;0&#8243; global_colors_info=&#8221;{}&#8221; sticky_enabled=&#8221;0&#8243;]</p>
<p><span>La Chaire de recherche sur la démocratie et les institutions parlementaires et le Centre pour l’étude de la citoyenneté démocratique présentent :</span></p>
<p><span><strong>Comment les Québecois ont-ils évalués le leadership des chefs lors de l&#8217;élection fédérale de 2025 ?</strong><br />Presentor: Éric Bélanger, Political Science Department, McGill</span><span></span></p>
<p><span>When:  Thursday November 20, 2025, 12 – 1:15 p.m.<br />Where : Université Laval, Pavillon Charles-De Koninck, room 3470, Quebec City</span></p>
<p><span>ZOOM : </span>https://ulaval.zoom.us/j/65807784518pwd=VCBNLa8UapR6vjeaavOOKC1G83rDV0.1#success<br />Meeting ID : 658 0778 4518<br />Passcode : 417729</p>
<p><em>Ce projet s’inscrit dans une recherche plus vaste sur l’évolution des traits de leadership au Canada depuis les années 1990. Il combine l’analyse des perceptions du public (en actualisant les travaux de Bittner) et celle de la manière dont les leaders façonnent leur image. L’ancrage théorique repose sur la «théorie du triangle du leadership» de Ceccobelli et Di Gregorio (2022). À partir de données d’opinion recueillies au Québec durant la campagne électorale fédérale de 2025, l’étude évalue trois traits de leadership : authenticité, compétence et proximité auprès des gens. Les résultats montrent des variations selon les leaders, le temps, l’âge, le genre et l’affiliation partisane. Les résultats suggèrent aussi l’importance de croiser ces perceptions du public avec l’offre politique (la communication par les leaders) pour mieux comprendre les dynamiques électorales.</em></p>
<p>[/et_pb_text][/et_pb_column][/et_pb_row][et_pb_row _builder_version=&#8221;4.27.4&#8243; _module_preset=&#8221;default&#8221; global_colors_info=&#8221;{}&#8221;][et_pb_column type=&#8221;4_4&#8243; _builder_version=&#8221;4.27.4&#8243; _module_preset=&#8221;default&#8221; global_colors_info=&#8221;{}&#8221;][et_pb_text _builder_version=&#8221;4.27.4&#8243; _module_preset=&#8221;default&#8221; hover_enabled=&#8221;0&#8243; global_colors_info=&#8221;{}&#8221; sticky_enabled=&#8221;0&#8243;]</p>
<p><span>The </span><span>Centre for the Study of Democratic Citizenship </span><span>is funded by the <a href="https://frq.gouv.qc.ca/">Fonds de recherche du Québec – Société et culture (FRQSC)</a>.</span></p>
<p>[/et_pb_text][/et_pb_column][/et_pb_row][/et_pb_section]</p>

<p>La Chaire de recherche sur la démocratie et les institutions parlementaires et le Centre pour l’étude de la citoyenneté démocratique présentent : Comment les Québecois ont-ils évalués le leadership des chefs lors de l&#8217;élection fédérale de 2025 ?Presentor: Éric Bélanger, Political Science Department, McGill When:  Thursday November 20, 2025, 12 – 1:15 p.m.Where : Université [&hellip;]</p>

<!-- This site is optimized with the Yoast SEO plugin v27.4 - https://yoast.com/product/yoast-seo-wordpress/ -->
<title>Comment les quebecoises ont-ils evalues - CECD - Centre pour l&#039;étude de la citoyenneté démocratique</title>
<meta name="robots" content="index, follow, max-snippet:-1, max-image-preview:large, max-video-preview:-1" />
<link rel="canonical" href="https://csdc-cecd.ca/en/comment-les-quebecoises-ont-ils-evalues/" />
<meta property="og:locale" content="en_US" />
<meta property="og:type" content="article" />
<meta property="og:title" content="Comment les quebecoises ont-ils evalues - CECD - Centre pour l&#039;étude de la citoyenneté démocratique" />
<meta property="og:description" content="La Chaire de recherche sur la démocratie et les institutions parlementaires et le Centre pour l’étude de la citoyenneté démocratique présentent : Comment les Québecois ont-ils évalués le leadership des chefs lors de l&#039;élection fédérale de 2025 ?Presentor: Éric Bélanger, Political Science Department, McGill When:  Thursday November 20, 2025, 12 – 1:15 p.m.Where : Université [&hellip;]" />
<meta property="og:url" content="https://csdc-cecd.ca/en/comment-les-quebecoises-ont-ils-evalues/" />
<meta property="og:site_name" content="CECD - Centre pour l&#039;étude de la citoyenneté démocratique" />
<meta property="article:modified_time" content="2025-10-22T17:26:26+00:00" />
<meta name="twitter:card" content="summary_large_image" />
<meta name="twitter:label1" content="Est. reading time" />
	<meta name="twitter:data1" content="2 minutes" />
<script type="application/ld+json" class="yoast-schema-graph">{"@context":"https:\/\/schema.org","@graph":[{"@type":"WebPage","@id":"https:\/\/csdc-cecd.ca\/en\/comment-les-quebecoises-ont-ils-evalues\/","url":"https:\/\/csdc-cecd.ca\/en\/comment-les-quebecoises-ont-ils-evalues\/","name":"Comment les quebecoises ont-ils evalues - CECD - Centre pour l&#039;étude de la citoyenneté démocratique","isPartOf":{"@id":"https:\/\/csdc-cecd.ca\/#website"},"datePublished":"2025-10-22T15:47:04+00:00","dateModified":"2025-10-22T17:26:26+00:00","breadcrumb":{"@id":"https:\/\/csdc-cecd.ca\/en\/comment-les-quebecoises-ont-ils-evalues\/#breadcrumb"},"inLanguage":"en-US","potentialAction":[{"@type":"ReadAction","target":["https:\/\/csdc-cecd.ca\/en\/comment-les-quebecoises-ont-ils-evalues\/"]}]},{"@type":"BreadcrumbList","@id":"https:\/\/csdc-cecd.ca\/en\/comment-les-quebecoises-ont-ils-evalues\/#breadcrumb","itemListElement":[{"@type":"ListItem","position":1,"name":"Accueil","item":"https:\/\/csdc-cecd.ca\/en\/"},{"@type":"ListItem","position":2,"name":"Comment les quebecoises ont-ils evalues"}]},{"@type":"WebSite","@id":"https:\/\/csdc-cecd.ca\/#website","url":"https:\/\/csdc-cecd.ca\/","name":"CECD - Centre pour l&#039;étude de la citoyenneté démocratique","description":"","potentialAction":[{"@type":"SearchAction","target":{"@type":"EntryPoint","urlTemplate":"https:\/\/csdc-cecd.ca\/?s={search_term_string}"},"query-input":{"@type":"PropertyValueSpecification","valueRequired":true,"valueName":"search_term_string"}}],"inLanguage":"en-US"}]}</script>
<!-- / Yoast SEO plugin. -->

Comment les quebecoises ont-ils evalues - CECD - Centre pour l&#039;étude de la citoyenneté démocratique

La Chaire de recherche sur la démocratie et les institutions parlementaires et le Centre pour l’étude de la citoyenneté démocratique présentent : Comment les Québecois ont-ils évalués le leadership des chefs lors de l'élection fédérale de 2025 ?Presentor: Éric Bélanger, Political Science Department, McGill When:  Thursday November 20, 2025, 12 – 1:15 p.m.Where : Université [&hellip;]

CECD - Centre pour l&#039;étude de la citoyenneté démocratique
