{"id":6401,"date":"2025-11-03T08:45:12","date_gmt":"2025-11-03T13:45:12","guid":{"rendered":"https:\/\/csdc-cecd.ca\/comment-les-quebecois-ont-ils-evalues-le-leadership-des-chefs-lrs-de-lelection-federale-de-2025\/"},"modified":"2025-11-03T09:01:47","modified_gmt":"2025-11-03T14:01:47","slug":"comment-les-quebecois-ont-ils-evalues-le-leadership-des-chefs-lrs-de-lelection-federale-de-2025","status":"publish","type":"page","link":"https:\/\/csdc-cecd.ca\/en\/comment-les-quebecois-ont-ils-evalues-le-leadership-des-chefs-lrs-de-lelection-federale-de-2025\/","title":{"rendered":"Comment les qu\u00e9b\u00e9cois ont-ils \u00e9valu\u00e9s le leadership des chefs lrs de l\u2019\u00e9lection f\u00e9d\u00e9rale de 2025"},"content":{"rendered":"<p>[et_pb_section fb_built=&#8221;1&#8243; _builder_version=&#8221;4.27.4&#8243; _module_preset=&#8221;default&#8221; global_colors_info=&#8221;{}&#8221;][et_pb_row _builder_version=&#8221;4.27.4&#8243; _module_preset=&#8221;default&#8221; global_colors_info=&#8221;{}&#8221;][et_pb_column type=&#8221;4_4&#8243; _builder_version=&#8221;4.27.4&#8243; _module_preset=&#8221;default&#8221; global_colors_info=&#8221;{}&#8221;][et_pb_image src=&#8221;https:\/\/csdc-cecd.ca\/wp-content\/uploads\/2025\/11\/Eric-Belanger-LES-RDV-DE-SCIENCE-POLITIQUE.jpg&#8221; title_text=&#8221;E\u0301ric Be\u0301langer &#8211; LES RDV DE SCIENCE POLITIQUE&#8221; _builder_version=&#8221;4.27.4&#8243; _module_preset=&#8221;default&#8221; global_colors_info=&#8221;{}&#8221;][\/et_pb_image][\/et_pb_column][\/et_pb_row][et_pb_row _builder_version=&#8221;4.27.4&#8243; _module_preset=&#8221;default&#8221; hover_enabled=&#8221;0&#8243; global_colors_info=&#8221;{}&#8221; sticky_enabled=&#8221;0&#8243;][et_pb_column type=&#8221;4_4&#8243; _builder_version=&#8221;4.27.4&#8243; _module_preset=&#8221;default&#8221; global_colors_info=&#8221;{}&#8221;][et_pb_text _builder_version=&#8221;4.27.4&#8243; _module_preset=&#8221;default&#8221; hover_enabled=&#8221;0&#8243; sticky_enabled=&#8221;0&#8243;]<\/p>\n<p><span>La Chaire de recherche sur la d\u00e9mocratie et les institutions parlementaires with support of the Centre for the Study of democratic Citizenship present :<\/span><\/p>\n<p><strong>Comment les qu\u00e9b\u00e9cois ont-ils \u00e9valu\u00e9s le leadership des chefs lrs de l\u2019\u00e9lection f\u00e9d\u00e9rale de 2025<br \/><\/strong>Presenter : <a href=\"https:\/\/www.mcgill.ca\/politicalscience\/eric-belanger\">\u00c9ric B\u00e9langer<\/a>, D\u00e9partement de science politique, McGill<strong><br \/><\/strong><\/p>\n<p>When:\u00a0 Thursday, November 20, 2025 (12 \u2013 1:15)<br \/>Where: U. Laval, pavillon Charles-De Koninck , salle DKN 3470, 1030 Av. des Sciences Humaines, Qu\u00e9bec, QC G1V 0A6<\/p>\n<p>ZOOM : <a href=\"https:\/\/ulaval.zoom.us\/j\/65807784518?pwd=VCBNLa8UapR6vjeaavOOKC1G83rDV0.1#success\">https:\/\/ulaval.zoom.us\/j\/65807784518?pwd=VCBNLa8UapR6vjeaavOOKC1G83rDV0.1#success<\/a><\/p>\n<p>Ce projet s\u2019inscrit dans une recherche plus vaste sur l\u2019\u00e9volution des traits de leadership au Canada depuis les ann\u00e9es 1990. Il combine l\u2019analyse des perceptions du public (en actualisant les travaux de Bittner) et celle de la mani\u00e8re dont les leaders fa\u00e7onnent leur image. L\u2019ancrage th\u00e9orique repose sur la \u00abth\u00e9orie du triangle du leadership\u00bbde Ceccobelli et Di Gregorio (2022). \u00c0 partir de donn\u00e9es d\u2019opinion recueillies au Qu\u00e9bec durant la campagne \u00e9lectorale f\u00e9d\u00e9rale de 2025, l\u2019\u00e9tude \u00e9value trois traits de leadership : authenticit\u00e9, comp\u00e9tence et proximit\u00e9 aupr\u00e8s des gens. Les r\u00e9sultats montrent des variations selon les leaders, le temps, l\u2019\u00e2ge, le genre et l\u2019aYiliation partisane. Les r\u00e9sultats sugg\u00e8rent aussi l\u2019importance de croiser ces perceptions du public avec l\u2019oYre politique (la communication par les leaders) pour mieux comprendre les dynamiques \u00e9lectorales.<\/p>\n<p><span>The\u00a0<\/span><span>Centre for the Study of Democratic Citizenship\u00a0<\/span><span>is funded by the\u00a0<a href=\"https:\/\/frq.gouv.qc.ca\/\">Fonds de recherche du Qu\u00e9bec \u2013 Soci\u00e9t\u00e9 et culture (FRQSC)<\/a>.<\/span><\/p>\n<p>[\/et_pb_text][\/et_pb_column][\/et_pb_row][\/et_pb_section]<\/p>\n","protected":false},"excerpt":{"rendered":"<p>La Chaire de recherche sur la d\u00e9mocratie et les institutions parlementaires with support of the Centre for the Study of democratic Citizenship present : Comment les qu\u00e9b\u00e9cois ont-ils \u00e9valu\u00e9s le leadership des chefs lrs de l\u2019\u00e9lection f\u00e9d\u00e9rale de 2025Presenter : \u00c9ric B\u00e9langer, D\u00e9partement de science politique, McGill When:\u00a0 Thursday, November 20, 2025 (12 \u2013 1:15)Where: [&hellip;]<\/p>\n","protected":false},"author":1,"featured_media":0,"parent":0,"menu_order":0,"comment_status":"closed","ping_status":"closed","template":"","meta":{"_et_pb_use_builder":"on","_et_pb_old_content":"","_et_gb_content_width":"","footnotes":""},"class_list":["post-6401","page","type-page","status-publish","hentry"],"yoast_head":"<!-- This site is optimized with the Yoast SEO plugin v27.4 - https:\/\/yoast.com\/product\/yoast-seo-wordpress\/ -->\n<title>Comment les qu\u00e9b\u00e9cois ont-ils \u00e9valu\u00e9s le leadership des chefs lrs de l\u2019\u00e9lection f\u00e9d\u00e9rale de 2025 - CECD - Centre pour l&#039;\u00e9tude de la citoyennet\u00e9 d\u00e9mocratique<\/title>\n<meta name=\"robots\" content=\"index, follow, max-snippet:-1, max-image-preview:large, max-video-preview:-1\" \/>\n<link rel=\"canonical\" href=\"https:\/\/csdc-cecd.ca\/en\/comment-les-quebecois-ont-ils-evalues-le-leadership-des-chefs-lrs-de-lelection-federale-de-2025\/\" \/>\n<meta property=\"og:locale\" content=\"en_US\" \/>\n<meta property=\"og:type\" content=\"article\" \/>\n<meta property=\"og:title\" content=\"Comment les qu\u00e9b\u00e9cois ont-ils \u00e9valu\u00e9s le leadership des chefs lrs de l\u2019\u00e9lection f\u00e9d\u00e9rale de 2025 - CECD - Centre pour l&#039;\u00e9tude de la citoyennet\u00e9 d\u00e9mocratique\" \/>\n<meta property=\"og:description\" content=\"La Chaire de recherche sur la d\u00e9mocratie et les institutions parlementaires with support of the Centre for the Study of democratic Citizenship present : Comment les qu\u00e9b\u00e9cois ont-ils \u00e9valu\u00e9s le leadership des chefs lrs de l\u2019\u00e9lection f\u00e9d\u00e9rale de 2025Presenter : \u00c9ric B\u00e9langer, D\u00e9partement de science politique, McGill When:\u00a0 Thursday, November 20, 2025 (12 \u2013 1:15)Where: [&hellip;]\" \/>\n<meta property=\"og:url\" content=\"https:\/\/csdc-cecd.ca\/en\/comment-les-quebecois-ont-ils-evalues-le-leadership-des-chefs-lrs-de-lelection-federale-de-2025\/\" \/>\n<meta property=\"og:site_name\" content=\"CECD - Centre pour l&#039;\u00e9tude de la citoyennet\u00e9 d\u00e9mocratique\" \/>\n<meta property=\"article:modified_time\" content=\"2025-11-03T14:01:47+00:00\" \/>\n<meta name=\"twitter:card\" content=\"summary_large_image\" \/>\n<script type=\"application\/ld+json\" class=\"yoast-schema-graph\">{\"@context\":\"https:\\\/\\\/schema.org\",\"@graph\":[{\"@type\":\"WebPage\",\"@id\":\"https:\\\/\\\/csdc-cecd.ca\\\/en\\\/comment-les-quebecois-ont-ils-evalues-le-leadership-des-chefs-lrs-de-lelection-federale-de-2025\\\/\",\"url\":\"https:\\\/\\\/csdc-cecd.ca\\\/en\\\/comment-les-quebecois-ont-ils-evalues-le-leadership-des-chefs-lrs-de-lelection-federale-de-2025\\\/\",\"name\":\"Comment les qu\u00e9b\u00e9cois ont-ils \u00e9valu\u00e9s le leadership des chefs lrs de l\u2019\u00e9lection f\u00e9d\u00e9rale de 2025 - CECD - Centre pour l&#039;\u00e9tude de la citoyennet\u00e9 d\u00e9mocratique\",\"isPartOf\":{\"@id\":\"https:\\\/\\\/csdc-cecd.ca\\\/#website\"},\"datePublished\":\"2025-11-03T13:45:12+00:00\",\"dateModified\":\"2025-11-03T14:01:47+00:00\",\"breadcrumb\":{\"@id\":\"https:\\\/\\\/csdc-cecd.ca\\\/en\\\/comment-les-quebecois-ont-ils-evalues-le-leadership-des-chefs-lrs-de-lelection-federale-de-2025\\\/#breadcrumb\"},\"inLanguage\":\"en-US\",\"potentialAction\":[{\"@type\":\"ReadAction\",\"target\":[\"https:\\\/\\\/csdc-cecd.ca\\\/en\\\/comment-les-quebecois-ont-ils-evalues-le-leadership-des-chefs-lrs-de-lelection-federale-de-2025\\\/\"]}]},{\"@type\":\"BreadcrumbList\",\"@id\":\"https:\\\/\\\/csdc-cecd.ca\\\/en\\\/comment-les-quebecois-ont-ils-evalues-le-leadership-des-chefs-lrs-de-lelection-federale-de-2025\\\/#breadcrumb\",\"itemListElement\":[{\"@type\":\"ListItem\",\"position\":1,\"name\":\"Accueil\",\"item\":\"https:\\\/\\\/csdc-cecd.ca\\\/en\\\/\"},{\"@type\":\"ListItem\",\"position\":2,\"name\":\"Comment les qu\u00e9b\u00e9cois ont-ils \u00e9valu\u00e9s le leadership des chefs lrs de l\u2019\u00e9lection f\u00e9d\u00e9rale de 2025\"}]},{\"@type\":\"WebSite\",\"@id\":\"https:\\\/\\\/csdc-cecd.ca\\\/#website\",\"url\":\"https:\\\/\\\/csdc-cecd.ca\\\/\",\"name\":\"CECD - Centre pour l&#039;\u00e9tude de la citoyennet\u00e9 d\u00e9mocratique\",\"description\":\"\",\"potentialAction\":[{\"@type\":\"SearchAction\",\"target\":{\"@type\":\"EntryPoint\",\"urlTemplate\":\"https:\\\/\\\/csdc-cecd.ca\\\/?s={search_term_string}\"},\"query-input\":{\"@type\":\"PropertyValueSpecification\",\"valueRequired\":true,\"valueName\":\"search_term_string\"}}],\"inLanguage\":\"en-US\"}]}<\/script>\n<!-- \/ Yoast SEO plugin. -->","yoast_head_json":{"title":"Comment les qu\u00e9b\u00e9cois ont-ils \u00e9valu\u00e9s le leadership des chefs lrs de l\u2019\u00e9lection f\u00e9d\u00e9rale de 2025 - CECD - Centre pour l&#039;\u00e9tude de la citoyennet\u00e9 d\u00e9mocratique","robots":{"index":"index","follow":"follow","max-snippet":"max-snippet:-1","max-image-preview":"max-image-preview:large","max-video-preview":"max-video-preview:-1"},"canonical":"https:\/\/csdc-cecd.ca\/en\/comment-les-quebecois-ont-ils-evalues-le-leadership-des-chefs-lrs-de-lelection-federale-de-2025\/","og_locale":"en_US","og_type":"article","og_title":"Comment les qu\u00e9b\u00e9cois ont-ils \u00e9valu\u00e9s le leadership des chefs lrs de l\u2019\u00e9lection f\u00e9d\u00e9rale de 2025 - CECD - Centre pour l&#039;\u00e9tude de la citoyennet\u00e9 d\u00e9mocratique","og_description":"La Chaire de recherche sur la d\u00e9mocratie et les institutions parlementaires with support of the Centre for the Study of democratic Citizenship present : Comment les qu\u00e9b\u00e9cois ont-ils \u00e9valu\u00e9s le leadership des chefs lrs de l\u2019\u00e9lection f\u00e9d\u00e9rale de 2025Presenter : \u00c9ric B\u00e9langer, D\u00e9partement de science politique, McGill When:\u00a0 Thursday, November 20, 2025 (12 \u2013 1:15)Where: [&hellip;]","og_url":"https:\/\/csdc-cecd.ca\/en\/comment-les-quebecois-ont-ils-evalues-le-leadership-des-chefs-lrs-de-lelection-federale-de-2025\/","og_site_name":"CECD - Centre pour l&#039;\u00e9tude de la citoyennet\u00e9 d\u00e9mocratique","article_modified_time":"2025-11-03T14:01:47+00:00","twitter_card":"summary_large_image","schema":{"@context":"https:\/\/schema.org","@graph":[{"@type":"WebPage","@id":"https:\/\/csdc-cecd.ca\/en\/comment-les-quebecois-ont-ils-evalues-le-leadership-des-chefs-lrs-de-lelection-federale-de-2025\/","url":"https:\/\/csdc-cecd.ca\/en\/comment-les-quebecois-ont-ils-evalues-le-leadership-des-chefs-lrs-de-lelection-federale-de-2025\/","name":"Comment les qu\u00e9b\u00e9cois ont-ils \u00e9valu\u00e9s le leadership des chefs lrs de l\u2019\u00e9lection f\u00e9d\u00e9rale de 2025 - CECD - Centre pour l&#039;\u00e9tude de la citoyennet\u00e9 d\u00e9mocratique","isPartOf":{"@id":"https:\/\/csdc-cecd.ca\/#website"},"datePublished":"2025-11-03T13:45:12+00:00","dateModified":"2025-11-03T14:01:47+00:00","breadcrumb":{"@id":"https:\/\/csdc-cecd.ca\/en\/comment-les-quebecois-ont-ils-evalues-le-leadership-des-chefs-lrs-de-lelection-federale-de-2025\/#breadcrumb"},"inLanguage":"en-US","potentialAction":[{"@type":"ReadAction","target":["https:\/\/csdc-cecd.ca\/en\/comment-les-quebecois-ont-ils-evalues-le-leadership-des-chefs-lrs-de-lelection-federale-de-2025\/"]}]},{"@type":"BreadcrumbList","@id":"https:\/\/csdc-cecd.ca\/en\/comment-les-quebecois-ont-ils-evalues-le-leadership-des-chefs-lrs-de-lelection-federale-de-2025\/#breadcrumb","itemListElement":[{"@type":"ListItem","position":1,"name":"Accueil","item":"https:\/\/csdc-cecd.ca\/en\/"},{"@type":"ListItem","position":2,"name":"Comment les qu\u00e9b\u00e9cois ont-ils \u00e9valu\u00e9s le leadership des chefs lrs de l\u2019\u00e9lection f\u00e9d\u00e9rale de 2025"}]},{"@type":"WebSite","@id":"https:\/\/csdc-cecd.ca\/#website","url":"https:\/\/csdc-cecd.ca\/","name":"CECD - Centre pour l&#039;\u00e9tude de la citoyennet\u00e9 d\u00e9mocratique","description":"","potentialAction":[{"@type":"SearchAction","target":{"@type":"EntryPoint","urlTemplate":"https:\/\/csdc-cecd.ca\/?s={search_term_string}"},"query-input":{"@type":"PropertyValueSpecification","valueRequired":true,"valueName":"search_term_string"}}],"inLanguage":"en-US"}]}},"_links":{"self":[{"href":"https:\/\/csdc-cecd.ca\/en\/wp-json\/wp\/v2\/pages\/6401","targetHints":{"allow":["GET"]}}],"collection":[{"href":"https:\/\/csdc-cecd.ca\/en\/wp-json\/wp\/v2\/pages"}],"about":[{"href":"https:\/\/csdc-cecd.ca\/en\/wp-json\/wp\/v2\/types\/page"}],"author":[{"embeddable":true,"href":"https:\/\/csdc-cecd.ca\/en\/wp-json\/wp\/v2\/users\/1"}],"replies":[{"embeddable":true,"href":"https:\/\/csdc-cecd.ca\/en\/wp-json\/wp\/v2\/comments?post=6401"}],"version-history":[{"count":1,"href":"https:\/\/csdc-cecd.ca\/en\/wp-json\/wp\/v2\/pages\/6401\/revisions"}],"predecessor-version":[{"id":6402,"href":"https:\/\/csdc-cecd.ca\/en\/wp-json\/wp\/v2\/pages\/6401\/revisions\/6402"}],"wp:attachment":[{"href":"https:\/\/csdc-cecd.ca\/en\/wp-json\/wp\/v2\/media?parent=6401"}],"curies":[{"name":"wp","href":"https:\/\/api.w.org\/{rel}","templated":true}]}}

Comment les québécois ont-ils évalués le leadership des chefs lrs de l’élection fédérale de 2025

<p>[et_pb_section fb_built=&#8221;1&#8243; _builder_version=&#8221;4.27.4&#8243; _module_preset=&#8221;default&#8221; global_colors_info=&#8221;{}&#8221;][et_pb_row _builder_version=&#8221;4.27.4&#8243; _module_preset=&#8221;default&#8221; global_colors_info=&#8221;{}&#8221;][et_pb_column type=&#8221;4_4&#8243; _builder_version=&#8221;4.27.4&#8243; _module_preset=&#8221;default&#8221; global_colors_info=&#8221;{}&#8221;][et_pb_image src=&#8221;https://csdc-cecd.ca/wp-content/uploads/2025/11/Eric-Belanger-LES-RDV-DE-SCIENCE-POLITIQUE.jpg&#8221; title_text=&#8221;Éric Bélanger &#8211; LES RDV DE SCIENCE POLITIQUE&#8221; _builder_version=&#8221;4.27.4&#8243; _module_preset=&#8221;default&#8221; global_colors_info=&#8221;{}&#8221;][/et_pb_image][/et_pb_column][/et_pb_row][et_pb_row _builder_version=&#8221;4.27.4&#8243; _module_preset=&#8221;default&#8221; hover_enabled=&#8221;0&#8243; global_colors_info=&#8221;{}&#8221; sticky_enabled=&#8221;0&#8243;][et_pb_column type=&#8221;4_4&#8243; _builder_version=&#8221;4.27.4&#8243; _module_preset=&#8221;default&#8221; global_colors_info=&#8221;{}&#8221;][et_pb_text _builder_version=&#8221;4.27.4&#8243; _module_preset=&#8221;default&#8221; hover_enabled=&#8221;0&#8243; sticky_enabled=&#8221;0&#8243;]</p>
<p><span>La Chaire de recherche sur la démocratie et les institutions parlementaires with support of the Centre for the Study of democratic Citizenship present :</span></p>
<p><strong>Comment les québécois ont-ils évalués le leadership des chefs lrs de l’élection fédérale de 2025<br /></strong>Presenter : <a href="https://www.mcgill.ca/politicalscience/eric-belanger">Éric Bélanger</a>, Département de science politique, McGill<strong><br /></strong></p>
<p>When:  Thursday, November 20, 2025 (12 – 1:15)<br />Where: U. Laval, pavillon Charles-De Koninck , salle DKN 3470, 1030 Av. des Sciences Humaines, Québec, QC G1V 0A6</p>
<p>ZOOM : <a href="https://ulaval.zoom.us/j/65807784518?pwd=VCBNLa8UapR6vjeaavOOKC1G83rDV0.1#success">https://ulaval.zoom.us/j/65807784518?pwd=VCBNLa8UapR6vjeaavOOKC1G83rDV0.1#success</a></p>
<p>Ce projet s’inscrit dans une recherche plus vaste sur l’évolution des traits de leadership au Canada depuis les années 1990. Il combine l’analyse des perceptions du public (en actualisant les travaux de Bittner) et celle de la manière dont les leaders façonnent leur image. L’ancrage théorique repose sur la «théorie du triangle du leadership»de Ceccobelli et Di Gregorio (2022). À partir de données d’opinion recueillies au Québec durant la campagne électorale fédérale de 2025, l’étude évalue trois traits de leadership : authenticité, compétence et proximité auprès des gens. Les résultats montrent des variations selon les leaders, le temps, l’âge, le genre et l’aYiliation partisane. Les résultats suggèrent aussi l’importance de croiser ces perceptions du public avec l’oYre politique (la communication par les leaders) pour mieux comprendre les dynamiques électorales.</p>
<p><span>The </span><span>Centre for the Study of Democratic Citizenship </span><span>is funded by the <a href="https://frq.gouv.qc.ca/">Fonds de recherche du Québec – Société et culture (FRQSC)</a>.</span></p>
<p>[/et_pb_text][/et_pb_column][/et_pb_row][/et_pb_section]</p>

<p>La Chaire de recherche sur la démocratie et les institutions parlementaires with support of the Centre for the Study of democratic Citizenship present : Comment les québécois ont-ils évalués le leadership des chefs lrs de l’élection fédérale de 2025Presenter : Éric Bélanger, Département de science politique, McGill When:  Thursday, November 20, 2025 (12 – 1:15)Where: [&hellip;]</p>

<!-- This site is optimized with the Yoast SEO plugin v27.4 - https://yoast.com/product/yoast-seo-wordpress/ -->
<title>Comment les québécois ont-ils évalués le leadership des chefs lrs de l’élection fédérale de 2025 - CECD - Centre pour l&#039;étude de la citoyenneté démocratique</title>
<meta name="robots" content="index, follow, max-snippet:-1, max-image-preview:large, max-video-preview:-1" />
<link rel="canonical" href="https://csdc-cecd.ca/en/comment-les-quebecois-ont-ils-evalues-le-leadership-des-chefs-lrs-de-lelection-federale-de-2025/" />
<meta property="og:locale" content="en_US" />
<meta property="og:type" content="article" />
<meta property="og:title" content="Comment les québécois ont-ils évalués le leadership des chefs lrs de l’élection fédérale de 2025 - CECD - Centre pour l&#039;étude de la citoyenneté démocratique" />
<meta property="og:description" content="La Chaire de recherche sur la démocratie et les institutions parlementaires with support of the Centre for the Study of democratic Citizenship present : Comment les québécois ont-ils évalués le leadership des chefs lrs de l’élection fédérale de 2025Presenter : Éric Bélanger, Département de science politique, McGill When:  Thursday, November 20, 2025 (12 – 1:15)Where: [&hellip;]" />
<meta property="og:url" content="https://csdc-cecd.ca/en/comment-les-quebecois-ont-ils-evalues-le-leadership-des-chefs-lrs-de-lelection-federale-de-2025/" />
<meta property="og:site_name" content="CECD - Centre pour l&#039;étude de la citoyenneté démocratique" />
<meta property="article:modified_time" content="2025-11-03T14:01:47+00:00" />
<meta name="twitter:card" content="summary_large_image" />
<script type="application/ld+json" class="yoast-schema-graph">{"@context":"https:\/\/schema.org","@graph":[{"@type":"WebPage","@id":"https:\/\/csdc-cecd.ca\/en\/comment-les-quebecois-ont-ils-evalues-le-leadership-des-chefs-lrs-de-lelection-federale-de-2025\/","url":"https:\/\/csdc-cecd.ca\/en\/comment-les-quebecois-ont-ils-evalues-le-leadership-des-chefs-lrs-de-lelection-federale-de-2025\/","name":"Comment les québécois ont-ils évalués le leadership des chefs lrs de l’élection fédérale de 2025 - CECD - Centre pour l&#039;étude de la citoyenneté démocratique","isPartOf":{"@id":"https:\/\/csdc-cecd.ca\/#website"},"datePublished":"2025-11-03T13:45:12+00:00","dateModified":"2025-11-03T14:01:47+00:00","breadcrumb":{"@id":"https:\/\/csdc-cecd.ca\/en\/comment-les-quebecois-ont-ils-evalues-le-leadership-des-chefs-lrs-de-lelection-federale-de-2025\/#breadcrumb"},"inLanguage":"en-US","potentialAction":[{"@type":"ReadAction","target":["https:\/\/csdc-cecd.ca\/en\/comment-les-quebecois-ont-ils-evalues-le-leadership-des-chefs-lrs-de-lelection-federale-de-2025\/"]}]},{"@type":"BreadcrumbList","@id":"https:\/\/csdc-cecd.ca\/en\/comment-les-quebecois-ont-ils-evalues-le-leadership-des-chefs-lrs-de-lelection-federale-de-2025\/#breadcrumb","itemListElement":[{"@type":"ListItem","position":1,"name":"Accueil","item":"https:\/\/csdc-cecd.ca\/en\/"},{"@type":"ListItem","position":2,"name":"Comment les québécois ont-ils évalués le leadership des chefs lrs de l’élection fédérale de 2025"}]},{"@type":"WebSite","@id":"https:\/\/csdc-cecd.ca\/#website","url":"https:\/\/csdc-cecd.ca\/","name":"CECD - Centre pour l&#039;étude de la citoyenneté démocratique","description":"","potentialAction":[{"@type":"SearchAction","target":{"@type":"EntryPoint","urlTemplate":"https:\/\/csdc-cecd.ca\/?s={search_term_string}"},"query-input":{"@type":"PropertyValueSpecification","valueRequired":true,"valueName":"search_term_string"}}],"inLanguage":"en-US"}]}</script>
<!-- / Yoast SEO plugin. -->

Comment les québécois ont-ils évalués le leadership des chefs lrs de l’élection fédérale de 2025 - CECD - Centre pour l&#039;étude de la citoyenneté démocratique

La Chaire de recherche sur la démocratie et les institutions parlementaires with support of the Centre for the Study of democratic Citizenship present : Comment les québécois ont-ils évalués le leadership des chefs lrs de l’élection fédérale de 2025Presenter : Éric Bélanger, Département de science politique, McGill When:  Thursday, November 20, 2025 (12 – 1:15)Where: [&hellip;]

CECD - Centre pour l&#039;étude de la citoyenneté démocratique
