{"id":6562,"date":"2025-12-04T10:42:30","date_gmt":"2025-12-04T15:42:30","guid":{"rendered":"https:\/\/csdc-cecd.ca\/immigration-francophone\/"},"modified":"2026-04-13T16:05:14","modified_gmt":"2026-04-13T20:05:14","slug":"immigration-francophone","status":"publish","type":"page","link":"https:\/\/csdc-cecd.ca\/en\/immigration-francophone\/","title":{"rendered":"Immigration francophone"},"content":{"rendered":"<p>[et_pb_section fb_built=&#8221;1&#8243; _builder_version=&#8221;4.27.4&#8243; _module_preset=&#8221;default&#8221; global_colors_info=&#8221;{}&#8221;][et_pb_row _builder_version=&#8221;4.27.5&#8243; _module_preset=&#8221;default&#8221; global_colors_info=&#8221;{}&#8221;][et_pb_column type=&#8221;4_4&#8243; _builder_version=&#8221;4.27.5&#8243; _module_preset=&#8221;default&#8221; global_colors_info=&#8221;{}&#8221;][et_pb_image src=&#8221;https:\/\/csdc-cecd.ca\/wp-content\/uploads\/2026\/04\/Affiches-workshop-2025-2026-2048-x-666-px-1.png&#8221; title_text=&#8221;Affiches workshop 2025-2026 (2048 x 666 px) (1)&#8221; _builder_version=&#8221;4.27.6&#8243; _module_preset=&#8221;default&#8221; hover_enabled=&#8221;0&#8243; global_colors_info=&#8221;{}&#8221; sticky_enabled=&#8221;0&#8243;][\/et_pb_image][\/et_pb_column][\/et_pb_row][et_pb_row _builder_version=&#8221;4.27.4&#8243; _module_preset=&#8221;default&#8221; global_colors_info=&#8221;{}&#8221;][et_pb_column type=&#8221;4_4&#8243; _builder_version=&#8221;4.27.4&#8243; _module_preset=&#8221;default&#8221; global_colors_info=&#8221;{}&#8221;][et_pb_text _builder_version=&#8221;4.27.5&#8243; _module_preset=&#8221;default&#8221;]<\/p>\n<p>L&#8217;Institut de recherche sur les migrations et la soci\u00e9t\u00e9 de l&#8217;Universit\u00e9 Concordia avec le soutien du Centre pour l&#8217;\u00c9tude de la citoyennet\u00e9 d\u00e9mocratique, <span>la Chaire sur la d\u00e9mocratie, le vivre-ensemble et les valeurs communes au Qu\u00e9bec et Bridging divides organisent :\u00a0<\/span><\/p>\n<p><b>Immigration francophone : Promouvoir le recrutement, la s\u00e9lection, l\u2019int\u00e9gration et la r\u00e9tention \u00e0 travers le Canada<\/b><span>\u00a0<\/span><\/p>\n<p><span>Quand : le 20 mai 2026<br \/>Ou : Universit\u00e9 Concordia, Montr\u00e9al, Qu\u00e9bec<\/span><\/p>\n<p><span><\/span><span><\/span>Cette journ\u00e9e d\u2019\u00e9tude accueillera des recherches empiriques (qualitatives ou quantitatives) portant sur des questions li\u00e9es au recrutement, \u00e0 l\u2019\u00e9tablissement et \u00e0 la r\u00e9tention des personnes immigrantes francophones et d\u2019expression fran\u00e7aise au sein de communaut\u00e9s \u00e0 travers le Canada. L\u2019objectif est de r\u00e9unir diverses parties prenantes partageant un int\u00e9r\u00eat commun pour l\u2019am\u00e9lioration des politiques, des programmes, des services, ainsi que des exp\u00e9riences v\u00e9cues par les personnes immigrantes dans leurs communaut\u00e9s d\u2019accueil.<\/p>\n<div class=\"elementToProof\">\n<p>Les personnes int\u00e9ress\u00e9es sont invit\u00e9es \u00e0 d\u00e9poser une contribution comprenant <u>un r\u00e9sum\u00e9 scientifique ou de politique publique d\u2019environ 300 mots<\/u>, accompagn\u00e9 d\u2019<u>un titre provisoire<\/u>, en utilisant le lien pr\u00e9vu \u00e0 cet effet (dans le document ci-joint). Les propositions peuvent \u00eatre soumises en fran\u00e7ais ou en anglais.<\/p>\n<p>Pour plus d\u2019informations, veuillez consulter le document<strong><a href=\"https:\/\/csdc-cecd.ca\/wp-content\/uploads\/2026\/01\/Atelier-Immigration-Francophone.pdf\"> ici<\/a><\/strong><\/p>\n<p><strong>Date limite : Vendredi 30 janvier 2026<\/strong><\/p>\n<\/div>\n<div class=\"elementToProof\"><\/div>\n<p>[\/et_pb_text][\/et_pb_column][\/et_pb_row][et_pb_row _builder_version=&#8221;4.27.4&#8243; _module_preset=&#8221;default&#8221; global_colors_info=&#8221;{}&#8221;][et_pb_column type=&#8221;4_4&#8243; _builder_version=&#8221;4.27.4&#8243; _module_preset=&#8221;default&#8221; global_colors_info=&#8221;{}&#8221;][et_pb_text _builder_version=&#8221;4.27.4&#8243; _module_preset=&#8221;default&#8221; global_colors_info=&#8221;{}&#8221;]<\/p>\n<p><span>Le Centre pour l\u2019\u00e9tude de la Citoyennet\u00e9 d\u00e9mocratique est financ\u00e9 par le\u00a0<\/span><a href=\"https:\/\/frq.gouv.qc.ca\/societe-et-culture\/?_gl=1*2hx8i9*_up*MQ..&amp;gclid=CjwKCAjw8rW2BhAgEiwAoRO5rLFcVqh4eqvH4BFjcAOLimLDAGOrP52xh6QE6R1B-28SNQZdkOjFHRoCRPcQAvD_BwE\">Fonds de recherche du Qu\u00e9bec \u2013 Soci\u00e9t\u00e9 et culture (FRQSC)<\/a><span>.<\/span><\/p>\n<p>[\/et_pb_text][\/et_pb_column][\/et_pb_row][\/et_pb_section]<\/p>\n","protected":false},"excerpt":{"rendered":"<p>L&#8217;Institut de recherche sur les migrations et la soci\u00e9t\u00e9 de l&#8217;Universit\u00e9 Concordia avec le soutien du Centre pour l&#8217;\u00c9tude de la citoyennet\u00e9 d\u00e9mocratique, la Chaire sur la d\u00e9mocratie, le vivre-ensemble et les valeurs communes au Qu\u00e9bec et Bridging divides organisent :\u00a0 Immigration francophone : Promouvoir le recrutement, la s\u00e9lection, l\u2019int\u00e9gration et la r\u00e9tention \u00e0 travers [&hellip;]<\/p>\n","protected":false},"author":1,"featured_media":0,"parent":0,"menu_order":0,"comment_status":"closed","ping_status":"closed","template":"","meta":{"_et_pb_use_builder":"on","_et_pb_old_content":"","_et_gb_content_width":"","footnotes":""},"class_list":["post-6562","page","type-page","status-publish","hentry"],"yoast_head":"<!-- This site is optimized with the Yoast SEO plugin v27.4 - https:\/\/yoast.com\/product\/yoast-seo-wordpress\/ -->\n<title>Immigration francophone - CECD - Centre pour l&#039;\u00e9tude de la citoyennet\u00e9 d\u00e9mocratique<\/title>\n<meta name=\"robots\" content=\"index, follow, max-snippet:-1, max-image-preview:large, max-video-preview:-1\" \/>\n<link rel=\"canonical\" href=\"https:\/\/csdc-cecd.ca\/en\/immigration-francophone\/\" \/>\n<meta property=\"og:locale\" content=\"en_US\" \/>\n<meta property=\"og:type\" content=\"article\" \/>\n<meta property=\"og:title\" content=\"Immigration francophone - CECD - Centre pour l&#039;\u00e9tude de la citoyennet\u00e9 d\u00e9mocratique\" \/>\n<meta property=\"og:description\" content=\"L&#039;Institut de recherche sur les migrations et la soci\u00e9t\u00e9 de l&#039;Universit\u00e9 Concordia avec le soutien du Centre pour l&#039;\u00c9tude de la citoyennet\u00e9 d\u00e9mocratique, la Chaire sur la d\u00e9mocratie, le vivre-ensemble et les valeurs communes au Qu\u00e9bec et Bridging divides organisent :\u00a0 Immigration francophone : Promouvoir le recrutement, la s\u00e9lection, l\u2019int\u00e9gration et la r\u00e9tention \u00e0 travers [&hellip;]\" \/>\n<meta property=\"og:url\" content=\"https:\/\/csdc-cecd.ca\/en\/immigration-francophone\/\" \/>\n<meta property=\"og:site_name\" content=\"CECD - Centre pour l&#039;\u00e9tude de la citoyennet\u00e9 d\u00e9mocratique\" \/>\n<meta property=\"article:modified_time\" content=\"2026-04-13T20:05:14+00:00\" \/>\n<meta name=\"twitter:card\" content=\"summary_large_image\" \/>\n<script type=\"application\/ld+json\" class=\"yoast-schema-graph\">{\"@context\":\"https:\\\/\\\/schema.org\",\"@graph\":[{\"@type\":\"WebPage\",\"@id\":\"https:\\\/\\\/csdc-cecd.ca\\\/en\\\/immigration-francophone\\\/\",\"url\":\"https:\\\/\\\/csdc-cecd.ca\\\/en\\\/immigration-francophone\\\/\",\"name\":\"Immigration francophone - CECD - Centre pour l&#039;\u00e9tude de la citoyennet\u00e9 d\u00e9mocratique\",\"isPartOf\":{\"@id\":\"https:\\\/\\\/csdc-cecd.ca\\\/#website\"},\"datePublished\":\"2025-12-04T15:42:30+00:00\",\"dateModified\":\"2026-04-13T20:05:14+00:00\",\"breadcrumb\":{\"@id\":\"https:\\\/\\\/csdc-cecd.ca\\\/en\\\/immigration-francophone\\\/#breadcrumb\"},\"inLanguage\":\"en-US\",\"potentialAction\":[{\"@type\":\"ReadAction\",\"target\":[\"https:\\\/\\\/csdc-cecd.ca\\\/en\\\/immigration-francophone\\\/\"]}]},{\"@type\":\"BreadcrumbList\",\"@id\":\"https:\\\/\\\/csdc-cecd.ca\\\/en\\\/immigration-francophone\\\/#breadcrumb\",\"itemListElement\":[{\"@type\":\"ListItem\",\"position\":1,\"name\":\"Accueil\",\"item\":\"https:\\\/\\\/csdc-cecd.ca\\\/en\\\/\"},{\"@type\":\"ListItem\",\"position\":2,\"name\":\"Immigration francophone\"}]},{\"@type\":\"WebSite\",\"@id\":\"https:\\\/\\\/csdc-cecd.ca\\\/#website\",\"url\":\"https:\\\/\\\/csdc-cecd.ca\\\/\",\"name\":\"CECD - Centre pour l&#039;\u00e9tude de la citoyennet\u00e9 d\u00e9mocratique\",\"description\":\"\",\"potentialAction\":[{\"@type\":\"SearchAction\",\"target\":{\"@type\":\"EntryPoint\",\"urlTemplate\":\"https:\\\/\\\/csdc-cecd.ca\\\/?s={search_term_string}\"},\"query-input\":{\"@type\":\"PropertyValueSpecification\",\"valueRequired\":true,\"valueName\":\"search_term_string\"}}],\"inLanguage\":\"en-US\"}]}<\/script>\n<!-- \/ Yoast SEO plugin. -->","yoast_head_json":{"title":"Immigration francophone - CECD - Centre pour l&#039;\u00e9tude de la citoyennet\u00e9 d\u00e9mocratique","robots":{"index":"index","follow":"follow","max-snippet":"max-snippet:-1","max-image-preview":"max-image-preview:large","max-video-preview":"max-video-preview:-1"},"canonical":"https:\/\/csdc-cecd.ca\/en\/immigration-francophone\/","og_locale":"en_US","og_type":"article","og_title":"Immigration francophone - CECD - Centre pour l&#039;\u00e9tude de la citoyennet\u00e9 d\u00e9mocratique","og_description":"L'Institut de recherche sur les migrations et la soci\u00e9t\u00e9 de l'Universit\u00e9 Concordia avec le soutien du Centre pour l'\u00c9tude de la citoyennet\u00e9 d\u00e9mocratique, la Chaire sur la d\u00e9mocratie, le vivre-ensemble et les valeurs communes au Qu\u00e9bec et Bridging divides organisent :\u00a0 Immigration francophone : Promouvoir le recrutement, la s\u00e9lection, l\u2019int\u00e9gration et la r\u00e9tention \u00e0 travers [&hellip;]","og_url":"https:\/\/csdc-cecd.ca\/en\/immigration-francophone\/","og_site_name":"CECD - Centre pour l&#039;\u00e9tude de la citoyennet\u00e9 d\u00e9mocratique","article_modified_time":"2026-04-13T20:05:14+00:00","twitter_card":"summary_large_image","schema":{"@context":"https:\/\/schema.org","@graph":[{"@type":"WebPage","@id":"https:\/\/csdc-cecd.ca\/en\/immigration-francophone\/","url":"https:\/\/csdc-cecd.ca\/en\/immigration-francophone\/","name":"Immigration francophone - CECD - Centre pour l&#039;\u00e9tude de la citoyennet\u00e9 d\u00e9mocratique","isPartOf":{"@id":"https:\/\/csdc-cecd.ca\/#website"},"datePublished":"2025-12-04T15:42:30+00:00","dateModified":"2026-04-13T20:05:14+00:00","breadcrumb":{"@id":"https:\/\/csdc-cecd.ca\/en\/immigration-francophone\/#breadcrumb"},"inLanguage":"en-US","potentialAction":[{"@type":"ReadAction","target":["https:\/\/csdc-cecd.ca\/en\/immigration-francophone\/"]}]},{"@type":"BreadcrumbList","@id":"https:\/\/csdc-cecd.ca\/en\/immigration-francophone\/#breadcrumb","itemListElement":[{"@type":"ListItem","position":1,"name":"Accueil","item":"https:\/\/csdc-cecd.ca\/en\/"},{"@type":"ListItem","position":2,"name":"Immigration francophone"}]},{"@type":"WebSite","@id":"https:\/\/csdc-cecd.ca\/#website","url":"https:\/\/csdc-cecd.ca\/","name":"CECD - Centre pour l&#039;\u00e9tude de la citoyennet\u00e9 d\u00e9mocratique","description":"","potentialAction":[{"@type":"SearchAction","target":{"@type":"EntryPoint","urlTemplate":"https:\/\/csdc-cecd.ca\/?s={search_term_string}"},"query-input":{"@type":"PropertyValueSpecification","valueRequired":true,"valueName":"search_term_string"}}],"inLanguage":"en-US"}]}},"_links":{"self":[{"href":"https:\/\/csdc-cecd.ca\/en\/wp-json\/wp\/v2\/pages\/6562","targetHints":{"allow":["GET"]}}],"collection":[{"href":"https:\/\/csdc-cecd.ca\/en\/wp-json\/wp\/v2\/pages"}],"about":[{"href":"https:\/\/csdc-cecd.ca\/en\/wp-json\/wp\/v2\/types\/page"}],"author":[{"embeddable":true,"href":"https:\/\/csdc-cecd.ca\/en\/wp-json\/wp\/v2\/users\/1"}],"replies":[{"embeddable":true,"href":"https:\/\/csdc-cecd.ca\/en\/wp-json\/wp\/v2\/comments?post=6562"}],"version-history":[{"count":5,"href":"https:\/\/csdc-cecd.ca\/en\/wp-json\/wp\/v2\/pages\/6562\/revisions"}],"predecessor-version":[{"id":7681,"href":"https:\/\/csdc-cecd.ca\/en\/wp-json\/wp\/v2\/pages\/6562\/revisions\/7681"}],"wp:attachment":[{"href":"https:\/\/csdc-cecd.ca\/en\/wp-json\/wp\/v2\/media?parent=6562"}],"curies":[{"name":"wp","href":"https:\/\/api.w.org\/{rel}","templated":true}]}}

<p>[et_pb_section fb_built=&#8221;1&#8243; _builder_version=&#8221;4.27.4&#8243; _module_preset=&#8221;default&#8221; global_colors_info=&#8221;{}&#8221;][et_pb_row _builder_version=&#8221;4.27.5&#8243; _module_preset=&#8221;default&#8221; global_colors_info=&#8221;{}&#8221;][et_pb_column type=&#8221;4_4&#8243; _builder_version=&#8221;4.27.5&#8243; _module_preset=&#8221;default&#8221; global_colors_info=&#8221;{}&#8221;][et_pb_image src=&#8221;https://csdc-cecd.ca/wp-content/uploads/2026/04/Affiches-workshop-2025-2026-2048-x-666-px-1.png&#8221; title_text=&#8221;Affiches workshop 2025-2026 (2048 x 666 px) (1)&#8221; _builder_version=&#8221;4.27.6&#8243; _module_preset=&#8221;default&#8221; hover_enabled=&#8221;0&#8243; global_colors_info=&#8221;{}&#8221; sticky_enabled=&#8221;0&#8243;][/et_pb_image][/et_pb_column][/et_pb_row][et_pb_row _builder_version=&#8221;4.27.4&#8243; _module_preset=&#8221;default&#8221; global_colors_info=&#8221;{}&#8221;][et_pb_column type=&#8221;4_4&#8243; _builder_version=&#8221;4.27.4&#8243; _module_preset=&#8221;default&#8221; global_colors_info=&#8221;{}&#8221;][et_pb_text _builder_version=&#8221;4.27.5&#8243; _module_preset=&#8221;default&#8221;]</p>
<p>L&#8217;Institut de recherche sur les migrations et la société de l&#8217;Université Concordia avec le soutien du Centre pour l&#8217;Étude de la citoyenneté démocratique, <span>la Chaire sur la démocratie, le vivre-ensemble et les valeurs communes au Québec et Bridging divides organisent : </span></p>
<p><b>Immigration francophone : Promouvoir le recrutement, la sélection, l’intégration et la rétention à travers le Canada</b><span> </span></p>
<p><span>Quand : le 20 mai 2026<br />Ou : Université Concordia, Montréal, Québec</span></p>
<p><span></span><span></span>Cette journée d’étude accueillera des recherches empiriques (qualitatives ou quantitatives) portant sur des questions liées au recrutement, à l’établissement et à la rétention des personnes immigrantes francophones et d’expression française au sein de communautés à travers le Canada. L’objectif est de réunir diverses parties prenantes partageant un intérêt commun pour l’amélioration des politiques, des programmes, des services, ainsi que des expériences vécues par les personnes immigrantes dans leurs communautés d’accueil.</p>
<div class="elementToProof">
<p>Les personnes intéressées sont invitées à déposer une contribution comprenant <u>un résumé scientifique ou de politique publique d’environ 300 mots</u>, accompagné d’<u>un titre provisoire</u>, en utilisant le lien prévu à cet effet (dans le document ci-joint). Les propositions peuvent être soumises en français ou en anglais.</p>
<p>Pour plus d’informations, veuillez consulter le document<strong><a href="https://csdc-cecd.ca/wp-content/uploads/2026/01/Atelier-Immigration-Francophone.pdf"> ici</a></strong></p>
<p><strong>Date limite : Vendredi 30 janvier 2026</strong></p>
</div>
<div class="elementToProof"></div>
<p>[/et_pb_text][/et_pb_column][/et_pb_row][et_pb_row _builder_version=&#8221;4.27.4&#8243; _module_preset=&#8221;default&#8221; global_colors_info=&#8221;{}&#8221;][et_pb_column type=&#8221;4_4&#8243; _builder_version=&#8221;4.27.4&#8243; _module_preset=&#8221;default&#8221; global_colors_info=&#8221;{}&#8221;][et_pb_text _builder_version=&#8221;4.27.4&#8243; _module_preset=&#8221;default&#8221; global_colors_info=&#8221;{}&#8221;]</p>
<p><span>Le Centre pour l’étude de la Citoyenneté démocratique est financé par le </span><a href="https://frq.gouv.qc.ca/societe-et-culture/?_gl=1*2hx8i9*_up*MQ..&amp;gclid=CjwKCAjw8rW2BhAgEiwAoRO5rLFcVqh4eqvH4BFjcAOLimLDAGOrP52xh6QE6R1B-28SNQZdkOjFHRoCRPcQAvD_BwE">Fonds de recherche du Québec – Société et culture (FRQSC)</a><span>.</span></p>
<p>[/et_pb_text][/et_pb_column][/et_pb_row][/et_pb_section]</p>

<p>L&#8217;Institut de recherche sur les migrations et la société de l&#8217;Université Concordia avec le soutien du Centre pour l&#8217;Étude de la citoyenneté démocratique, la Chaire sur la démocratie, le vivre-ensemble et les valeurs communes au Québec et Bridging divides organisent :  Immigration francophone : Promouvoir le recrutement, la sélection, l’intégration et la rétention à travers [&hellip;]</p>

<!-- This site is optimized with the Yoast SEO plugin v27.4 - https://yoast.com/product/yoast-seo-wordpress/ -->
<title>Immigration francophone - CECD - Centre pour l&#039;étude de la citoyenneté démocratique</title>
<meta name="robots" content="index, follow, max-snippet:-1, max-image-preview:large, max-video-preview:-1" />
<link rel="canonical" href="https://csdc-cecd.ca/en/immigration-francophone/" />
<meta property="og:locale" content="en_US" />
<meta property="og:type" content="article" />
<meta property="og:title" content="Immigration francophone - CECD - Centre pour l&#039;étude de la citoyenneté démocratique" />
<meta property="og:description" content="L&#039;Institut de recherche sur les migrations et la société de l&#039;Université Concordia avec le soutien du Centre pour l&#039;Étude de la citoyenneté démocratique, la Chaire sur la démocratie, le vivre-ensemble et les valeurs communes au Québec et Bridging divides organisent :  Immigration francophone : Promouvoir le recrutement, la sélection, l’intégration et la rétention à travers [&hellip;]" />
<meta property="og:url" content="https://csdc-cecd.ca/en/immigration-francophone/" />
<meta property="og:site_name" content="CECD - Centre pour l&#039;étude de la citoyenneté démocratique" />
<meta property="article:modified_time" content="2026-04-13T20:05:14+00:00" />
<meta name="twitter:card" content="summary_large_image" />
<script type="application/ld+json" class="yoast-schema-graph">{"@context":"https:\/\/schema.org","@graph":[{"@type":"WebPage","@id":"https:\/\/csdc-cecd.ca\/en\/immigration-francophone\/","url":"https:\/\/csdc-cecd.ca\/en\/immigration-francophone\/","name":"Immigration francophone - CECD - Centre pour l&#039;étude de la citoyenneté démocratique","isPartOf":{"@id":"https:\/\/csdc-cecd.ca\/#website"},"datePublished":"2025-12-04T15:42:30+00:00","dateModified":"2026-04-13T20:05:14+00:00","breadcrumb":{"@id":"https:\/\/csdc-cecd.ca\/en\/immigration-francophone\/#breadcrumb"},"inLanguage":"en-US","potentialAction":[{"@type":"ReadAction","target":["https:\/\/csdc-cecd.ca\/en\/immigration-francophone\/"]}]},{"@type":"BreadcrumbList","@id":"https:\/\/csdc-cecd.ca\/en\/immigration-francophone\/#breadcrumb","itemListElement":[{"@type":"ListItem","position":1,"name":"Accueil","item":"https:\/\/csdc-cecd.ca\/en\/"},{"@type":"ListItem","position":2,"name":"Immigration francophone"}]},{"@type":"WebSite","@id":"https:\/\/csdc-cecd.ca\/#website","url":"https:\/\/csdc-cecd.ca\/","name":"CECD - Centre pour l&#039;étude de la citoyenneté démocratique","description":"","potentialAction":[{"@type":"SearchAction","target":{"@type":"EntryPoint","urlTemplate":"https:\/\/csdc-cecd.ca\/?s={search_term_string}"},"query-input":{"@type":"PropertyValueSpecification","valueRequired":true,"valueName":"search_term_string"}}],"inLanguage":"en-US"}]}</script>
<!-- / Yoast SEO plugin. -->

Immigration francophone - CECD - Centre pour l&#039;étude de la citoyenneté démocratique

L'Institut de recherche sur les migrations et la société de l'Université Concordia avec le soutien du Centre pour l'Étude de la citoyenneté démocratique, la Chaire sur la démocratie, le vivre-ensemble et les valeurs communes au Québec et Bridging divides organisent :  Immigration francophone : Promouvoir le recrutement, la sélection, l’intégration et la rétention à travers [&hellip;]

CECD - Centre pour l&#039;étude de la citoyenneté démocratique
